000
CXUS54 KHUN 010810
CF6MSL
PRELIMINARY LOCAL CLIMATOLOGICAL DATA (WS FORM: F-6)
STATION: MUSCLE SHOALS
MONTH: OCTOBER
YEAR: 2023
LATITUDE: 34 45 N
LONGITUDE: 87 37 W
TEMPERATURE IN F: :PCPN: SNOW: WIND :SUNSHINE: SKY :PK WND
================================================================================
1 2 3 4 5 6A 6B 7 8 9 10 11 12 13 14 15 16 17 18
12Z AVG MX 2MIN
DY MAX MIN AVG DEP HDD CDD WTR SNW DPTH SPD SPD DIR MIN PSBL S-S WX SPD DR
================================================================================
1 92 60 76 6 0 11 0.00 0.0 0 1.8 10 50 M M 2 1 16 190
2 89 59 74 5 0 9 0.00 0.0 0 2.3 13 90 M M 3 1 17 80
3 88 59 74 5 0 9 0.00 0.0 0 M 13 90 M M 0 19 140
4 86 58 72 4 0 7 0.00 0.0 0 6.0 16 160 M M 0 23 160
5 83 68 76 8 0 11 0.04 0.0 0 5.4 15 180 M M 6 1 22 170
6 82 62 72 4 0 7 0.10 0.0 0 4.9 15 320 M M 8 1 24 310
7 69 44 57 -10 8 0 0.00 0.0 0 6.9 15 50 M M M 25 360
8 71 39 55 -12 10 0 0.00 0.0 0 M 22 270 M M M 16 260
9 82 44 63 -3 2 0 0.00 0.0 0 7.7 20 260 M M 4 8 28 260
10 83 51 67 1 0 2 0.00 0.0 0 3.7 15 290 M M 0 21 320
11 74 57 66 0 0 1 0.02 0.0 0 2.7 13 160 M M 4 18 160
12 78 60 69 4 0 4 0.00 0.0 0 7.2 17 110 M M 8 27 150
13 73 60 67 2 0 2 T 0.0 0 5.3 12 150 M M 9 8 19 200
14 71 59 65 1 0 0 0.00 0.0 0 10.6 21 290 M M 6 32 290
15 59 49 54 -10 11 0 0.07 0.0 0 7.7 16 340 M M 8 18 30 350
16 64 44 54 -10 11 0 0.00 0.0 0 7.9 16 310 M M 7 28 320
17 68 44 56 -7 9 0 0.00 0.0 0 2.4 12 70 M M 5 15 40
18 75 41 58 -5 7 0 0.00 0.0 0 4.8 14 220 M M 0 24 230
19 75 50 63 1 2 0 0.11 0.0 0 7.6 16 220 M M 4 1 22 210
20 81 49 65 3 0 0 0.00 0.0 0 6.9 23 290 M M 1 1 33 290
21 86 42 64 2 1 0 0.00 0.0 0 5.5 25 270 M M 0 1 34 250
22 79 48 64 3 1 0 0.00 0.0 0 3.5 13 60 M M 0 18 60
23 81 46 64 3 1 0 0.00 0.0 0 4.4 9 110 M M M 15 60
24 82 57 70 10 0 5 0.00 0.0 0 6.1 15 130 M M 0 22 160
25 82 52 67 7 0 2 0.00 0.0 0 6.2 17 160 M M 1 26 190
26 86 59 73 13 0 8 0.00 0.0 0 7.7 16 190 M M 4 26 160
27 85 61 73 14 0 8 0.00 0.0 0 4.6 15 240 M M 3 22 230
28 86 58 72 13 0 7 0.00 0.0 0 5.8 14 160 M M 3 18 140
29 85 61 73 15 0 8 0.00 0.0 0 5.0 16 250 M M 5 21 240
30 74 42 58 0 7 0 0.04 0.0 0 9.2 17 350 M M 9 18 24 330
31 56 36 46 -12 19 0 0.00 0.0 0 8.6 16 320 M M 0 25 350
================================================================================
SM 2425 1619 89 101 0.38 0.0 168.4 M 100
================================================================================
AV 78.2 52.2 5.8 FASTST M M 4 MAX(MPH)
MISC ----> 25 270 34 250
================================================================================
NOTES:
# LAST OF SEVERAL OCCURRENCES
COLUMN 17 PEAK WIND IN M.P.H.
PRELIMINARY LOCAL CLIMATOLOGICAL DATA (WS FORM: F-6) , PAGE 2
STATION: MUSCLE SHOALS
MONTH: OCTOBER
YEAR: 2023
LATITUDE: 34 45 N
LONGITUDE: 87 37 W
[TEMPERATURE DATA] [PRECIPITATION DATA] SYMBOLS USED IN COLUMN 16
AVERAGE MONTHLY: 65.2 TOTAL FOR MONTH: 0.38 1 = FOG OR MIST
DPTR FM NORMAL: 1.6 DPTR FM NORMAL: -3.09 2 = FOG REDUCING VISIBILITY
HIGHEST: 92 ON 1 GRTST 24HR 0.14 ON 5- 6 TO 1/4 MILE OR LESS
LOWEST: 36 ON 31 3 = THUNDER
SNOW, ICE PELLETS, HAIL 4 = ICE PELLETS
TOTAL MONTH: 0.0 INCH 5 = HAIL
GRTST 24HR 0.0 6 = FREEZING RAIN OR DRIZZLE
GRTST DEPTH: 0 7 = DUSTSTORM OR SANDSTORM:
VSBY 1/2 MILE OR LESS
8 = SMOKE OR HAZE
[NO. OF DAYS WITH] [WEATHER - DAYS WITH] 9 = BLOWING SNOW
X = TORNADO
MAX 32 OR BELOW: 0 0.01 INCH OR MORE: 6
MAX 90 OR ABOVE: 1 0.10 INCH OR MORE: 2
MIN 32 OR BELOW: 0 0.50 INCH OR MORE: 0
MIN 0 OR BELOW: 0 1.00 INCH OR MORE: 0
[HDD (BASE 65) ]
TOTAL THIS MO. 89 CLEAR (SCALE 0-3) 14
DPTR FM NORMAL -38 PTCLDY (SCALE 4-7) 12
TOTAL FM JUL 1 89 CLOUDY (SCALE 8-10) 5
DPTR FM NORMAL -45
[CDD (BASE 65) ]
TOTAL THIS MO. 101
DPTR FM NORMAL 17 [PRESSURE DATA]
TOTAL FM JAN 1 2124 HIGHEST SLP M ON M
DPTR FM NORMAL 40 LOWEST SLP 29.72 ON 20
[REMARKS]
#FINAL-10-23#