000
CXUS53 KMKX 010910
CF6MSN
PRELIMINARY LOCAL CLIMATOLOGICAL DATA (WS FORM: F-6)
STATION: MADISON WI
MONTH: JANUARY
YEAR: 2022
LATITUDE: 43 7 N
LONGITUDE: 89 20 W
TEMPERATURE IN F: :PCPN: SNOW: WIND :SUNSHINE: SKY :PK WND
================================================================================
1 2 3 4 5 6A 6B 7 8 9 10 11 12 13 14 15 16 17 18
12Z AVG MX 2MIN
DY MAX MIN AVG DEP HDD CDD WTR SNW DPTH SPD SPD DIR MIN PSBL S-S WX SPD DR
================================================================================
1 26 14 20 -1 45 0 0.04 0.8 3 14.2 21 360 M M 10 18 26 10
2 17 2 10 -11 55 0 0.00 0.0 4 5.5 17 10 M M 4 22 360
3 20 0 10 -11 55 0 0.00 0.0 3 7.4 15 190 M M 2 23 200
4 31 16 24 3 41 0 0.00 0.0 3 11.9 22 160 M M 7 30 180
5 31 11 21 1 44 0 0.02 0.9 3 9.9 20 270 M M 10 1689 33 260
6 11 -2 5 -15 60 0 0.01 0.2 4 8.1 14 320 M M 6 8 22 300
7 13 -8 3 -17 62 0 0.00 0.0 4 6.5 16 170 M M 5 19 170
8 26 9 18 -2 47 0 T T 4 12.5 23 180 M M 8 16 30 200
9 28 7 18 -2 47 0 0.00 0.0 3 9.9 17 290 M M 4 1 31 300
10 9 -4 3 -17 62 0 0.00 0.0 3 5.9 15 330 M M 2 23 330
11 36 -5 16 -4 49 0 0.00 0.0 3 9.8 23 190 M M 5 36 190
12 42 27 35 16 30 0 0.00 0.0 3 3.4 10 280 M M 5 20 280
13 40 24 32 13 33 0 T T 3 3.4 16 40 M M 9 18 20 50
14 32 13 23 4 42 0 0.01 0.5 3 15.3 22 40 M M 10 19 29 30
15 18 3 11 -8 54 0 T T 3 9.9 22 30 M M 6 30 10
16 22 -1 11 -8 54 0 T 0.1 3 4.5 13 200 M M 6 1 19 210
17 29 21 25 6 40 0 T T 3 5.9 17 350 M M 8 27 340
18 36 24 30 11 35 0 0.00 0.0 3 10.4 21 200 M M 8 33 190
19 34 4 19 0 46 0 0.00 0.0 3 11.3 20 340 M M 2 32 330
20 9 -5 2 -17 63 0 0.00 0.0 3 4.8 13 330 M M 0 18 340
21 17 -9 4 -15 61 0 0.00 0.0 3 8.0 18 190 M M 2 28 220
22 27 14 21 2 44 0 0.16 3.4 3 8.1 18 300 M M 8 168 31 280
23 14 2 8 -11 57 0 0.08 1.3 7 6.7 17 20 M M 6 1 22 20
24 17 4 11 -8 54 0 0.16 1.9 8 6.9 17 340 M M 7 1 23 340
25 6 -10 -2 -21 67 0 0.00 0.0 7 4.9 12 300 M M 0 17 290
26 13 -18 -2 -21 67 0 0.00 0.0 7 8.0 16 190 M M 3 25 190
27 35 9 22 3 43 0 T T 7 8.9 18 360 M M 7 26 250
28 17 1 9 -10 56 0 T T 6 5.2 12 310 M M 4 16 340
29 22 5 14 -5 51 0 T T 6 7.1 18 170 M M 8 22 170
30 27 7 17 -2 48 0 0.00 0.0 6 4.8 13 10 M M 9 17 10
31 31 3 17 -2 48 0 0.00 0.0 6 10.9 25 170 M M 5 18 33 170
================================================================================
SM 736 158 1560 0 0.48 9.1 250.0 M 176
================================================================================
AV 23.7 5.1 8.1 FASTST M M 6 MAX(MPH)
MISC ----> 25 170 36 190
================================================================================
NOTES:
# LAST OF SEVERAL OCCURRENCES
COLUMN 17 PEAK WIND IN M.P.H.
PRELIMINARY LOCAL CLIMATOLOGICAL DATA (WS FORM: F-6) , PAGE 2
STATION: MADISON WI
MONTH: JANUARY
YEAR: 2022
LATITUDE: 43 7 N
LONGITUDE: 89 20 W
[TEMPERATURE DATA] [PRECIPITATION DATA] SYMBOLS USED IN COLUMN 16
AVERAGE MONTHLY: 14.4 TOTAL FOR MONTH: 0.48 1 = FOG OR MIST
DPTR FM NORMAL: -5.0 DPTR FM NORMAL: -0.99 2 = FOG REDUCING VISIBILITY
HIGHEST: 42 ON 12 GRTST 24HR 0.16 ON 22-22 TO 1/4 MILE OR LESS
LOWEST: -18 ON 26 3 = THUNDER
SNOW, ICE PELLETS, HAIL 4 = ICE PELLETS
TOTAL MONTH: 9.3 INCHES 5 = HAIL
GRTST 24HR 3.4 ON 22-22 6 = FREEZING RAIN OR DRIZZLE
GRTST DEPTH: 8 ON 24 7 = DUSTSTORM OR SANDSTORM:
VSBY 1/2 MILE OR LESS
8 = SMOKE OR HAZE
[NO. OF DAYS WITH] [WEATHER - DAYS WITH] 9 = BLOWING SNOW
X = TORNADO
MAX 32 OR BELOW: 25 0.01 INCH OR MORE: 7
MAX 90 OR ABOVE: 0 0.10 INCH OR MORE: 2
MIN 32 OR BELOW: 31 0.50 INCH OR MORE: 0
MIN 0 OR BELOW: 10 1.00 INCH OR MORE: 0
[HDD (BASE 65) ]
TOTAL THIS MO. 1560 CLEAR (SCALE 0-3) 7
DPTR FM NORMAL 147 PTCLDY (SCALE 4-7) 18
TOTAL FM JUL 1 3825 CLOUDY (SCALE 8-10) 6
DPTR FM NORMAL -327
[CDD (BASE 65) ]
TOTAL THIS MO. 0
DPTR FM NORMAL 0 [PRESSURE DATA]
TOTAL FM JAN 1 0 HIGHEST SLP 30.69 ON 20
DPTR FM NORMAL 0 LOWEST SLP 29.43 ON 5
[REMARKS]
#FINAL-01-22#