000
CXUS53 KMKX 042229
CF6MSN
PRELIMINARY LOCAL CLIMATOLOGICAL DATA (WS FORM: F-6)
STATION: MADISON WI
MONTH: APRIL
YEAR: 2021
LATITUDE: 43 7 N
LONGITUDE: 89 20 W
TEMPERATURE IN F: :PCPN: SNOW: WIND :SUNSHINE: SKY :PK WND
================================================================================
1 2 3 4 5 6A 6B 7 8 9 10 11 12 13 14 15 16 17 18
12Z AVG MX 2MIN
DY MAX MIN AVG DEP HDD CDD WTR SNW DPTH SPD SPD DIR MIN PSBL S-S WX SPD DR
================================================================================
1 40 19 30 -11 35 0 0.00 0.0 0 5.9 20 10 M M 1 25 10
2 50 25 38 -3 27 0 0.00 0.0 0 10.9 24 170 M M 3 34 170
3 72 40 56 15 9 0 0.00 0.0 0 6.0 16 190 M M 2 23 190
4 75 34 55 13 10 0 0.00 0.0 0 8.0 22 170 M M 3 30 190
5 76 58 67 25 0 2 0.00 0.0 0 9.1 22 190 M M 5 30 180
6 79 58 69 26 0 4 T 0.0 0 7.4 15 200 M M 5 3 22 200
7 78 55 67 24 0 2 0.12 0.0 0 8.6 20 170 M M 6 13 26 180
8 63 46 55 12 10 0 0.38 0.0 0 10.1 21 170 M M 9 1 26 170
9 58 48 53 9 12 0 0.07 0.0 0 8.6 16 190 M M 9 1 23 170
10 54 48 51 7 14 0 0.57 0.0 0 10.9 21 360 M M 10 1 28 20
11 56 49 53 8 12 0 0.29 0.0 0 8.2 20 360 M M 10 1 28 10
12 57 37 47 2 18 0 0.00 0.0 0 5.3 15 230 M M 6 28 230
13 48 36 42 -3 23 0 T 0.0 0 7.5 16 310 M M 8 25 310
14 40 33 37 -9 28 0 T 0.0 0 7.5 14 310 M M 9 24 330
15 48 34 41 -5 24 0 0.00 0.0 0 8.1 20 340 M M 8 27 330
16 61 30 46 0 19 0 0.00 0.0 0 6.0 15 10 M M 3 22 360
17 59 30 45 -2 20 0 0.00 0.0 0 4.2 13 330 M M 5 1 20 10
18 61 35 48 1 17 0 0.00 0.0 0 4.3 13 310 M M 6 19 260
19 51 33 42 -6 23 0 T 0.0 0 9.5 20 330 M M 9 31 340
20 42 28 35 -13 30 0 T T 0 3.3 12 340 M M 7 18 340
21 46 25 36 -12 29 0 0.01 0.1 0 5.0 18 360 M M 7 1 25 310
22 62 22 42 -7 23 0 0.00 0.0 0 5.5 16 300 M M 1 26 290
23 59 45 52 3 13 0 0.00 0.0 0 6.5 17 190 M M 6 27 200
24 61 41 51 1 14 0 T 0.0 0 6.5 17 350 M M 8 27 330
25 50 30 40 -10 25 0 T 0.0 0 10.0 22 110 M M 6 27 120
26 76 36 56 6 9 0 T 0.0 0 11.0 29 160 M M 8 39 170
27 80 46 63 12 2 0 0.00 0.0 0 7.9 17 20 M M 6 23 360
28 62 45 54 3 11 0 0.00 0.0 0 7.9 17 30 M M 8 23 20
29 72 44 58 6 7 0 T 0.0 0 5.8 26 340 M M 6 1 40 320
30 61 46 54 2 11 0 0.00 0.0 0 7.5 21 360 M M 3 33 340
================================================================================
SM 1797 1156 475 8 1.44 0.1 223.0 M 183
================================================================================
AV 59.9 38.5 7.4 FASTST M M 6 MAX(MPH)
MISC ----> 29 160 40 320
================================================================================
NOTES:
# LAST OF SEVERAL OCCURRENCES
COLUMN 17 PEAK WIND IN M.P.H.
PRELIMINARY LOCAL CLIMATOLOGICAL DATA (WS FORM: F-6) , PAGE 2
STATION: MADISON WI
MONTH: APRIL
YEAR: 2021
LATITUDE: 43 7 N
LONGITUDE: 89 20 W
[TEMPERATURE DATA] [PRECIPITATION DATA] SYMBOLS USED IN COLUMN 16
AVERAGE MONTHLY: 49.2 TOTAL FOR MONTH: 1.44 1 = FOG OR MIST
DPTR FM NORMAL: 2.9 DPTR FM NORMAL: -2.34 2 = FOG REDUCING VISIBILITY
HIGHEST: 80 ON 27 GRTST 24HR 0.86 ON 10-11 TO 1/4 MILE OR LESS
LOWEST: 19 ON 1 3 = THUNDER
SNOW, ICE PELLETS, HAIL 4 = ICE PELLETS
TOTAL MONTH: 0.1 INCH 5 = HAIL
GRTST 24HR 0.1 ON 21-21 6 = FREEZING RAIN OR DRIZZLE
GRTST DEPTH: 0 7 = DUSTSTORM OR SANDSTORM:
VSBY 1/2 MILE OR LESS
8 = SMOKE OR HAZE
[NO. OF DAYS WITH] [WEATHER - DAYS WITH] 9 = BLOWING SNOW
X = TORNADO
MAX 32 OR BELOW: 0 0.01 INCH OR MORE: 6
MAX 90 OR ABOVE: 0 0.10 INCH OR MORE: 4
MIN 32 OR BELOW: 8 0.50 INCH OR MORE: 1
MIN 0 OR BELOW: 0 1.00 INCH OR MORE: 0
[HDD (BASE 65) ]
TOTAL THIS MO. 475 CLEAR (SCALE 0-3) 5
DPTR FM NORMAL -87 PTCLDY (SCALE 4-7) 19
TOTAL FM JUL 1 6727 CLOUDY (SCALE 8-10) 6
DPTR FM NORMAL -111
[CDD (BASE 65) ]
TOTAL THIS MO. 8
DPTR FM NORMAL 6 [PRESSURE DATA]
TOTAL FM JAN 1 8 HIGHEST SLP 30.60 ON 1
DPTR FM NORMAL 5 LOWEST SLP 29.28 ON 11
[REMARKS]
#FINAL-04-21#