000
CXUS53 KMKX 011559
CLMMSN
CLIMATE REPORT
NATIONAL WEATHER SERVICE MILWAUKEE/SULLIVAN WI
1059 AM CDT THU JUN 01 2023
...................................
...THE MADISON WI CLIMATE SUMMARY FOR THE MONTH OF MAY 2023...
CLIMATE NORMAL PERIOD 1991 TO 2020
CLIMATE RECORD PERIOD 1871 TO 2023
WEATHER OBSERVED NORMAL DEPART LAST YEAR`S
VALUE DATE(S) VALUE FROM VALUE DATE(S)
NORMAL
................................................................
TEMPERATURE (F)
RECORD
HIGH 101 05/31/1934
LOW 19 05/01/1978
HIGHEST 91 05/31 84 7 94 05/12
LOWEST 34 05/03 33 1 32 05/04
AVG. MAXIMUM 73.1 69.0 4.1 72.2
AVG. MINIMUM 46.5 47.1 -0.6 52.0
MEAN 59.8 58.1 1.7 62.1
DAYS MAX >= 90 1 0.4 0.6 5
DAYS MAX <= 32 0 0.0 0.0 0
DAYS MIN <= 32 0 1.5 -1.5 1
DAYS MIN <= 0 0 0.0 0.0 0
PRECIPITATION (INCHES)
RECORD
MAXIMUM 10.84 2004
MINIMUM 0.38 1925
TOTALS 0.87 4.10 -3.23 2.54
DAILY AVG. 0.03 0.13 -0.10 0.08
DAYS >= .01 7 12.7 -5.7 9
DAYS >= .10 3 7.4 -4.4 5
DAYS >= .50 1 2.6 -1.6 1
DAYS >= 1.00 0 1.0 -1.0 1
GREATEST
24 HR. TOTAL 0.53 05/08 TO 05/08 1.46
SNOWFALL (INCHES)
RECORDS
TOTAL 5.0 1935
TOTALS 0.0 0.1 -0.1 0.0
SINCE 7/1 71.8 51.8 20.0 31.3
SNOWDEPTH AVG. 0 0
DAYS >= 1.0 0 0.0 0.0 0
GREATEST
SNOW DEPTH 0 0
24 HR TOTAL 0 0.0
DEGREE DAYS
HEATING TOTAL 173 252 -79 197
SINCE 7/1 6510 7090 -580 6820
COOLING TOTAL 22 36 -14 118
SINCE 1/1 41 39 2 119
................................................................
WIND (MPH)
AVERAGE WIND SPEED 6.5
HIGHEST WIND SPEED/DIRECTION 30/150 DATE 05/31
HIGHEST GUST SPEED/DIRECTION 48/330 DATE 05/01
SKY COVER
AVERAGE SKY COVER 0.52
NUMBER OF DAYS FAIR 9
NUMBER OF DAYS PC 14
NUMBER OF DAYS CLOUDY 8
AVERAGE RH (PERCENT) 59
WEATHER CONDITIONS. NUMBER OF DAYS WITH
THUNDERSTORM 0 MIXED PRECIP 0
HEAVY RAIN 0 RAIN 1
LIGHT RAIN 8 FREEZING RAIN 0
LT FREEZING RAIN 0 HAIL 0
HEAVY SNOW 0 SNOW 0
LIGHT SNOW 0 SLEET 0
FOG 7 FOG W/VIS <= 1/4 MILE 0
HAZE 1
- INDICATES NEGATIVE NUMBERS.
R INDICATES RECORD WAS SET OR TIED.
MM INDICATES DATA IS MISSING.
T INDICATES TRACE AMOUNT.
$$