000
CXUS53 KMKX 011601
CLMMSN
CLIMATE REPORT
NATIONAL WEATHER SERVICE MILWAUKEE/SULLIVAN WI
1101 AM CDT SAT APR 01 2023
...................................
...THE MADISON WI CLIMATE SUMMARY FOR THE MONTH OF MARCH 2023...
CLIMATE NORMAL PERIOD 1991 TO 2020
CLIMATE RECORD PERIOD 1871 TO 2023
WEATHER OBSERVED NORMAL DEPART LAST YEAR`S
VALUE DATE(S) VALUE FROM VALUE DATE(S)
NORMAL
................................................................
TEMPERATURE (F)
RECORD
HIGH 83 03/21/2012
LOW -29 03/01/1962
HIGHEST 64 03/31 63 1 75 03/21
LOWEST 9 03/14 3 6 4 03/12
03/18
AVG. MAXIMUM 42.2 43.6 -1.4 43.3
AVG. MINIMUM 25.0 25.1 -0.1 25.4
MEAN 33.6 34.4 -0.8 34.4
DAYS MAX >= 90 0 0.0 0.0 0
DAYS MAX <= 32 2 5.1 -3.1 7
DAYS MIN <= 32 26 23.3 2.7 25
DAYS MIN <= 0 0 0.9 -0.9 0
PRECIPITATION (INCHES)
RECORD
MAXIMUM 6.19 2009
MINIMUM 0.14 1910
TOTALS 3.63 2.26 1.37 4.67
DAILY AVG. 0.12 0.07 0.05 0.15
DAYS >= .01 12 10.6 1.4 11
DAYS >= .10 10 5.4 4.6 9
DAYS >= .50 2 1.2 0.8 4
DAYS >= 1.00 1 0.3 0.7 1
GREATEST
24 HR. TOTAL 1.18 03/31 TO 03/31 1.20
SNOWFALL (INCHES)
RECORDS
TOTAL 28.4 1923
TOTALS 25.3 7.0 18.3 7.0
SINCE 7/1 70.4 49.1 21.3 MM
SNOWDEPTH AVG. 1 0
DAYS >= 1.0 6 2.1 3.9 2
GREATEST
SNOW DEPTH 7 03/25 2 03/07
03/08
24 HR TOTAL 12.1 03/25 TO 03/25 4.2
DEGREE DAYS
HEATING TOTAL 967 951 16 944
SINCE 7/1 5812 6279 -467 MM
COOLING TOTAL 0 1 -1 0
SINCE 1/1 0 1 -1 MM
................................................................
WIND (MPH)
AVERAGE WIND SPEED 7.8
HIGHEST WIND SPEED/DIRECTION 25/080 DATE 03/09
HIGHEST GUST SPEED/DIRECTION 40/240 DATE 03/31
SKY COVER
POSSIBLE SUNSHINE (PERCENT) MM
AVERAGE SKY COVER 0.67
NUMBER OF DAYS FAIR 4
NUMBER OF DAYS PC 14
NUMBER OF DAYS CLOUDY 13
AVERAGE RH (PERCENT) 68
WEATHER CONDITIONS. NUMBER OF DAYS WITH
THUNDERSTORM 2 MIXED PRECIP 0
HEAVY RAIN 2 RAIN 3
LIGHT RAIN 10 FREEZING RAIN 0
LT FREEZING RAIN 0 HAIL 0
HEAVY SNOW 1 SNOW 3
LIGHT SNOW 15 SLEET 0
FOG 16 FOG W/VIS <= 1/4 MILE 1
HAZE 2
- INDICATES NEGATIVE NUMBERS.
R INDICATES RECORD WAS SET OR TIED.
MM INDICATES DATA IS MISSING.
T INDICATES TRACE AMOUNT.
$$