000
CXUS55 KMSO 022051
CF6MSO
PRELIMINARY LOCAL CLIMATOLOGICAL DATA (WS FORM: F-6)
STATION: MISSOULA MT
MONTH: AUGUST
YEAR: 2020
LATITUDE: 46 55 N
LONGITUDE: 114 5 W
TEMPERATURE IN F: :PCPN: SNOW: WIND :SUNSHINE: SKY :PK WND
================================================================================
1 2 3 4 5 6A 6B 7 8 9 10 11 12 13 14 15 16 17 18
12Z AVG MX 2MIN
DY MAX MIN AVG DEP HDD CDD WTR SNW DPTH SPD SPD DIR MIN PSBL S-S WX SPD DR
================================================================================
1 96 63 80 10 0 15 0.00 0.0 0 3.6 15 130 M M 0 19 140
2 98 62 80 10 0 15 0.00 0.0 0 4.6 14 320 M M 0 17 330
3 89 59 74 4 0 9 0.00 0.0 0 8.2 21 280 M M 0 32 280
4 90 50 70 0 0 5 0.00 0.0 0 3.4 13 290 M M 0 16 10
5 95 49 72 2 0 7 0.00 0.0 0 3.1 14 320 M M 0 18 310
6 90 56 73 3 0 8 T 0.0 0 9.4 30 320 M M 2 38 40 320
7 75 52 64 -6 1 0 0.00 0.0 0 9.8 21 270 M M 3 25 250
8 83 44 64 -6 1 0 0.00 0.0 0 5.3 25 290 M M 1 30 300
9 82 49 66 -3 0 1 0.00 0.0 0 6.6 21 290 M M 1 26 290
10 87 46 67 -2 0 2 0.00 0.0 0 4.5 18 280 M M 0 22 290
11 91 49 70 1 0 5 0.00 0.0 0 5.7 26 230 M M 0 35 230
12 75 55 65 -4 0 0 T 0.0 0 9.5 22 330 M M 5 28 310
13 76 41 59 -10 6 0 0.00 0.0 0 5.8 22 280 M M 1 8 26 280
14 84 41 63 -5 2 0 0.00 0.0 0 3.8 18 300 M M 0 21 320
15 91 46 69 1 0 4 0.00 0.0 0 2.2 8 180 M M 0 12 250
16 96 47 72 4 0 7 0.00 0.0 0 2.2 8 160 M M 0 11 160
17 100 60 80 12 0 15 0.00 0.0 0 4.8 17 290 M M 0 21 290
18 91 65 78 11 0 13 0.01 0.0 0 4.3 17 260 M M 1 25 250
19 91 61 76 9 0 11 0.26 0.0 0 4.8 25 110 M M 3 13 30 110
20 82 57 70 3 0 5 T 0.0 0 4.9 24 310 M M 4 3 31 300
21 94 49 72 6 0 7 0.00 0.0 0 2.6 13 150 M M 0 17 140
22 85 56 71 5 0 6 0.00 0.0 0 7.1 18 340 M M 0 8 23 310
23 93 48 71 5 0 6 0.00 0.0 0 2.0 10 10 M M 0 14 280
24 83 53 68 2 0 3 0.00 0.0 0 2.7 22 270 M M 1 8 26 270
25 75 50 63 -2 2 0 0.00 0.0 0 5.8 23 170 M M 2 18 27 160
26 87 49 68 3 0 3 0.00 0.0 0 3.2 8 120 M M 1 18 12 320
27 87 52 70 5 0 5 0.00 0.0 0 4.6 17 310 M M 1 23 300
28 86 46 66 2 0 1 0.00 0.0 0 2.3 8 270 M M 0 11 310
29 88 43 66 2 0 1 0.00 0.0 0 6.6 30 280 M M 0 39 280
30 76 54 65 1 0 0 0.00 0.0 0 8.2 22 290 M M 2 30 290
31 58 46 52 -11 13 0 0.11 0.0 0 2.7 13 300 M M 8 1 15 310
================================================================================
SM 2674 1598 25 154 0.38 0.0 154.3 M 36
================================================================================
AV 86.3 51.5 5.0 FASTST M M 1 MAX(MPH)
MISC ----> # 30 320 40 320
================================================================================
NOTES:
# LAST OF SEVERAL OCCURRENCES
COLUMN 17 PEAK WIND IN M.P.H.
PRELIMINARY LOCAL CLIMATOLOGICAL DATA (WS FORM: F-6) , PAGE 2
STATION: MISSOULA MT
MONTH: AUGUST
YEAR: 2020
LATITUDE: 46 55 N
LONGITUDE: 114 5 W
[TEMPERATURE DATA] [PRECIPITATION DATA] SYMBOLS USED IN COLUMN 16
AVERAGE MONTHLY: 68.9 TOTAL FOR MONTH: 0.38 1 = FOG OR MIST
DPTR FM NORMAL: 1.4 DPTR FM NORMAL: -0.81 2 = FOG REDUCING VISIBILITY
HIGHEST: 100 ON 17 GRTST 24HR 0.26 ON 19-19 TO 1/4 MILE OR LESS
LOWEST: 41 ON 14,13 3 = THUNDER
SNOW, ICE PELLETS, HAIL 4 = ICE PELLETS
TOTAL MONTH: 0.0 INCH 5 = HAIL
GRTST 24HR 0.0 6 = FREEZING RAIN OR DRIZZLE
GRTST DEPTH: 0 7 = DUSTSTORM OR SANDSTORM:
VSBY 1/2 MILE OR LESS
8 = SMOKE OR HAZE
[NO. OF DAYS WITH] [WEATHER - DAYS WITH] 9 = BLOWING SNOW
X = TORNADO
MAX 32 OR BELOW: 0 0.01 INCH OR MORE: 3
MAX 90 OR ABOVE: 13 0.10 INCH OR MORE: 2
MIN 32 OR BELOW: 0 0.50 INCH OR MORE: 0
MIN 0 OR BELOW: 0 1.00 INCH OR MORE: 0
[HDD (BASE 65) ]
TOTAL THIS MO. 25 CLEAR (SCALE 0-3) 28
DPTR FM NORMAL -21 PTCLDY (SCALE 4-7) 2
TOTAL FM JUL 1 58 CLOUDY (SCALE 8-10) 1
DPTR FM NORMAL -27
[CDD (BASE 65) ]
TOTAL THIS MO. 154
DPTR FM NORMAL 31 [PRESSURE DATA]
TOTAL FM JAN 1 299 HIGHEST SLP 30.24 ON 14
DPTR FM NORMAL -18 LOWEST SLP 29.63 ON 6
[REMARKS]
#FINAL-08-20#