000
CXUS53 KILX 011000
CF6MTO
PRELIMINARY LOCAL CLIMATOLOGICAL DATA (WS FORM: F-6)
STATION: MATTOON IL AIRPORT
MONTH: FEBRUARY
YEAR: 2022
LATITUDE: 39 28 N
LONGITUDE: 88 17 W
TEMPERATURE IN F: :PCPN: SNOW: WIND :SUNSHINE: SKY :PK WND
================================================================================
1 2 3 4 5 6A 6B 7 8 9 10 11 12 13 14 15 16 17 18
12Z AVG MX 2MIN
DY MAX MIN AVG DEP HDD CDD WTR SNW DPTH SPD SPD DIR MIN PSBL S-S WX SPD DR
================================================================================
1 53 35 44 16 21 0 0.26 M M 10.4 16 160 M M 6 1 24 180
2 38 19 29 1 36 0 M M M 18.7 28 10 M M 10 16 39 360
3 21 18 20 -9 45 0 M M M 22.5 31 20 M M 9 1 40 30
4 22 10 16 -13 49 0 0.00 M M 11.0 28 310 M M 5 37 310
5 19 0 10 -19 55 0 0.00 M M 9.9 17 170 M M 0 23 190
6 36 17 27 -2 38 0 0.00 M M 10.3 16 170 M M 0 1 24 190
7 30 13 22 -8 43 0 0.00 M M 8.0 18 310 M M 2 23 320
8 44 16 30 0 35 0 0.00 M M 11.4 16 180 M M 1 26 170
9 42 33 38 8 27 0 T M M 7.6 14 250 M M 5 23 250
10 36 29 33 3 32 0 0.00 M M 8.6 17 300 M M 4 21 300
11 41 26 34 3 31 0 0.25 M M 11.3 29 310 M M 8 1 35 270
12 27 15 21 -10 44 0 T M M 14.3 25 320 M M 10 31 310
13 24 10 17 -14 48 0 T M M 5.8 22 350 M M 5 1 27 360
14 32 12 22 -10 43 0 0.00 M M 5.6 15 150 M M 2 20 150
15 49 21 35 3 30 0 0.00 M M 10.2 16 180 M M 0 28 190
16 56 46 51 19 14 0 0.23 M M 14.2 22 190 M M 5 1 34 180
17 54 18 36 3 29 0 1.55 M M 21.4 38 20 M M 10 168 51 20
18 34 12 23 -10 42 0 0.00 M M 12.1 24 320 M M 0 29 200
19 35 18 27 -6 38 0 0.00 M M 11.3 31 310 M M 1 40 310
20 55 23 39 5 26 0 0.00 M M 14.2 21 190 M M 0 33 180
21 61 41 51 17 14 0 0.26 M M 14.1 24 170 M M 3 13 45 180
22 60 24 42 8 23 0 0.27 M M 15.7 32 280 M M 10 138 46 290
23 24 19 22 -13 43 0 T M M 14.3 22 320 M M 10 16 31 310
24 31 23 27 -8 38 0 0.31 M M 9.6 18 80 M M 10 168 25 80
25 30 21 26 -9 39 0 T M M 13.4 25 300 M M 10 1 33 300
26 32 17 25 -11 40 0 0.00 M M 2.6 9 190 M M 0 13 160
27 45 23 34 -2 31 0 0.00 M M 5.7 12 270 M M 0 18 250
28 54 28 41 5 24 0 0.00 M M 8.6 20 190 M M 0 27 190
================================================================================
SM 1085 587 978 0 3.13 M 322.8 M 126
================================================================================
AV 38.8 21.0 11.5 FASTST M M 5 MAX(MPH)
MISC ----> 38 20 51 20
================================================================================
NOTES:
# LAST OF SEVERAL OCCURRENCES
COLUMN 17 PEAK WIND IN M.P.H.
PRELIMINARY LOCAL CLIMATOLOGICAL DATA (WS FORM: F-6) , PAGE 2
STATION: MATTOON IL AIRPORT
MONTH: FEBRUARY
YEAR: 2022
LATITUDE: 39 28 N
LONGITUDE: 88 17 W
[TEMPERATURE DATA] [PRECIPITATION DATA] SYMBOLS USED IN COLUMN 16
AVERAGE MONTHLY: 29.9 TOTAL FOR MONTH: 3.13 1 = FOG OR MIST
DPTR FM NORMAL: -2.1 DPTR FM NORMAL: 1.32 2 = FOG REDUCING VISIBILITY
HIGHEST: 61 ON 21 GRTST 24HR 1.78 ON 16-17 TO 1/4 MILE OR LESS
LOWEST: 0 ON 5 3 = THUNDER
SNOW, ICE PELLETS, HAIL 4 = ICE PELLETS
TOTAL MONTH: M 5 = HAIL
GRTST 24HR M ON M 6 = FREEZING RAIN OR DRIZZLE
GRTST DEPTH: M ON M 7 = DUSTSTORM OR SANDSTORM:
VSBY 1/2 MILE OR LESS
8 = SMOKE OR HAZE
[NO. OF DAYS WITH] [WEATHER - DAYS WITH] 9 = BLOWING SNOW
X = TORNADO
MAX 32 OR BELOW: 11 0.01 INCH OR MORE: 7
MAX 90 OR ABOVE: 0 0.10 INCH OR MORE: 7
MIN 32 OR BELOW: 24 0.50 INCH OR MORE: 1
MIN 0 OR BELOW: 1 1.00 INCH OR MORE: 1
[HDD (BASE 65) ]
TOTAL THIS MO. 978 CLEAR (SCALE 0-3) 13
DPTR FM NORMAL 54 PTCLDY (SCALE 4-7) 7
TOTAL FM JUL 1 3811 CLOUDY (SCALE 8-10) 8
DPTR FM NORMAL -298
[CDD (BASE 65) ]
TOTAL THIS MO. 0
DPTR FM NORMAL 0 [PRESSURE DATA]
TOTAL FM JAN 1 0 HIGHEST SLP 30.60 ON 26
DPTR FM NORMAL 0 LOWEST SLP 29.63 ON 22
[REMARKS]
#FINAL-02-22#