000
CXUS53 KGRB 051605
CF6MTW
PRELIMINARY LOCAL CLIMATOLOGICAL DATA (WS FORM: F-6)
STATION: MANITOWOC AWOS
MONTH: MAY
YEAR: 2022
LATITUDE: 44 7 N
LONGITUDE: 87 40 W
TEMPERATURE IN F: :PCPN: SNOW: WIND :SUNSHINE: SKY :PK WND
================================================================================
1 2 3 4 5 6A 6B 7 8 9 10 11 12 13 14 15 16 17 18
12Z AVG MX 2MIN
DY MAX MIN AVG DEP HDD CDD WTR SNW DPTH SPD SPD DIR MIN PSBL S-S WX SPD DR
================================================================================
1 52 42 47 M 18 0 T M M 12.5 17 170 M M 10 18 25 230
2 51 44 48 M 17 0 M M M 7.7 15 300 M M 10 M M
3 44 37 41 M 24 0 0.22 M M 7.5 15 20 M M 8 1 30 30
4 53 34 44 M 21 0 0.05 M M 6.7 13 340 M M 0 18 40
5 56 34 45 M 20 0 M M M 3.1 7 120 M M 0 M M
6 59 42 51 M 14 0 M M M 8.3 15 40 M M 0 23 40
7 60 39 50 M 15 0 M M M 5.4 9 30 M M 0 M M
8 55 35 45 M 20 0 0.01 M M 8.6 16 180 M M 0 M M
9 63 45 54 M 11 0 M M M 18.6 25 160 M M 3 38 150
10 70 54 62 M 3 0 0.04 M M 11.5 18 170 M M 3 3 31 160
11 80 54 67 M 0 2 M M M 6.4 18 60 M M 6 128 23 60
12 74 51 63 M 2 0 0.16 M M 14.0 25 170 M M 4 138 37 220
13 75 50 63 M 2 0 M M M 10.8 28 180 M M 0 35 160
14 78 57 68 M 0 3 T M M 6.8 10 150 M M 1 M M
15 69 59 64 M 1 0 M M M 8.3 16 160 M M 2 M M
16 72 45 59 M 6 0 M M M 12.2 24 290 M M 4 35 310
17 55 40 48 M 17 0 M M M 4.6 13 150 M M 0 M M
18 57 44 51 M 14 0 0.03 M M 7.1 13 150 M M 4 M M
19 72 50 61 M 4 0 0.09 M M 9.7 15 170 M M 2 13 32 290
20 67 52 60 M 5 0 0.29 M M 8.6 14 290 M M 8 1 30 290
21 61 46 54 M 11 0 T M M 6.8 13 130 M M 2 M M
22 51 42 47 M 18 0 M M M 4.9 12 140 M M 9 M M
23 55 41 48 M 17 0 M M M 3.9 13 110 M M 4 M M
24 59 37 48 M 17 0 T M M 4.9 9 120 M M 2 M M
25 60 49 55 M 10 0 1.12 M M 7.0 16 160 M M 10 128 22 160
26 72 50 61 M 4 0 0.19 M M 6.9 15 250 M M 10 128 M M
27 60 48 54 M 11 0 M M M 6.5 16 360 M M 7 20 360
28 60 44 52 M 13 0 0.01 M M 7.0 12 170 M M 3 18 M M
29 65 51 58 M 7 0 T M M 14.2 21 160 M M 0 32 160
30 70 53 62 M 3 0 M M M 12.5 26 180 M M 0 38 180
31 84 53 69 M 0 4 0.01 M M 11.4 24 210 M M 1 35 220
================================================================================
SM 1959 1422 325 9 2.22 M 264.5 M 113
================================================================================
AV 63.2 45.9 8.5 FASTST M M 4 MAX(MPH)
MISC ----> 28 180 # 38 150
================================================================================
NOTES:
# LAST OF SEVERAL OCCURRENCES
COLUMN 17 PEAK WIND IN M.P.H.
PRELIMINARY LOCAL CLIMATOLOGICAL DATA (WS FORM: F-6) , PAGE 2
STATION: MANITOWOC AWOS
MONTH: MAY
YEAR: 2022
LATITUDE: 44 7 N
LONGITUDE: 87 40 W
[TEMPERATURE DATA] [PRECIPITATION DATA] SYMBOLS USED IN COLUMN 16
AVERAGE MONTHLY: 54.5 TOTAL FOR MONTH: 2.22 1 = FOG OR MIST
DPTR FM NORMAL: 0.0 DPTR FM NORMAL: M 2 = FOG REDUCING VISIBILITY
HIGHEST: 84 ON 31 GRTST 24HR 1.14 ON 25-26 TO 1/4 MILE OR LESS
LOWEST: 34 ON 5, 4 3 = THUNDER
SNOW, ICE PELLETS, HAIL 4 = ICE PELLETS
TOTAL MONTH: M 5 = HAIL
GRTST 24HR M ON M 6 = FREEZING RAIN OR DRIZZLE
GRTST DEPTH: M ON M 7 = DUSTSTORM OR SANDSTORM:
VSBY 1/2 MILE OR LESS
8 = SMOKE OR HAZE
[NO. OF DAYS WITH] [WEATHER - DAYS WITH] 9 = BLOWING SNOW
X = TORNADO
MAX 32 OR BELOW: 0 0.01 INCH OR MORE: 12
MAX 90 OR ABOVE: 0 0.10 INCH OR MORE: 5
MIN 32 OR BELOW: 0 0.50 INCH OR MORE: 1
MIN 0 OR BELOW: 0 1.00 INCH OR MORE: 1
[HDD (BASE 65) ]
TOTAL THIS MO. 325 CLEAR (SCALE 0-3) 15
DPTR FM NORMAL M PTCLDY (SCALE 4-7) 11
TOTAL FM JUL 1 7166 CLOUDY (SCALE 8-10) 5
DPTR FM NORMAL 5371
[CDD (BASE 65) ]
TOTAL THIS MO. 9
DPTR FM NORMAL M [PRESSURE DATA]
TOTAL FM JAN 1 9 HIGHEST SLP 30.42 ON 23
DPTR FM NORMAL 9 LOWEST SLP 29.33 ON 20
[REMARKS]
#FINAL-05-22#