000
CXUS56 KOTX 010910
CF6MWH
PRELIMINARY LOCAL CLIMATOLOGICAL DATA (WS FORM: F-6)
STATION: MOSES LAKE WA AIRPORT
MONTH: JUNE
YEAR: 2021
LATITUDE: 47 12 N
LONGITUDE: 119 19 W
TEMPERATURE IN F: :PCPN: SNOW: WIND :SUNSHINE: SKY :PK WND
================================================================================
1 2 3 4 5 6A 6B 7 8 9 10 11 12 13 14 15 16 17 18
12Z AVG MX 2MIN
DY MAX MIN AVG DEP HDD CDD WTR SNW DPTH SPD SPD DIR MIN PSBL S-S WX SPD DR
================================================================================
1 96 59 78 15 0 13 0.00 M M 4.8 10 180 M M 0 14 240
2 101 60 81 18 0 16 0.00 M M 6.9 14 330 M M 0 19 170
3 99 73 86 22 0 21 0.00 M M 8.5 16 290 M M 0 22 250
4 90 62 76 12 0 11 0.00 M M 10.7 24 240 M M 0 33 240
5 76 52 64 0 1 0 0.00 M M 16.1 35 250 M M 0 42 250
6 66 47 57 -7 8 0 0.00 M M 9.1 18 170 M M 2 24 170
7 69 52 61 -3 4 0 0.00 M M 6.4 16 200 M M 1 24 200
8 76 49 63 -1 2 0 0.00 M M 6.0 14 280 M M 1 19 230
9 75 49 62 -3 3 0 0.00 M M 8.0 17 170 M M 0 22 180
10 76 56 66 1 0 1 0.00 M M 11.2 23 240 M M 0 28 240
11 69 53 61 -4 4 0 0.03 M M 5.6 17 200 M M 7 22 200
12 79 55 67 2 0 2 0.04 M M 6.2 16 180 M M 4 28 210
13 91 63 77 11 0 12 0.00 M M 8.4 29 310 M M 2 36 310
14 84 60 72 6 0 7 0.10 M M 9.0 24 290 M M 5 3 32 290
15 74 53 64 -2 1 0 0.02 M M 10.5 24 250 M M 2 31 250
16 77 49 63 -3 2 0 0.00 M M 4.5 13 170 M M 0 16 160
17 87 45 66 0 0 1 0.00 M M 5.2 14 170 M M 0 18 200
18 91 50 71 4 0 6 0.00 M M 6.1 14 220 M M 0 18 220
19 91 62 77 10 0 12 0.00 M M 11.3 25 280 M M 0 32 290
20 91 64 78 11 0 13 0.00 M M 13.7 26 360 M M 0 31 350
21 94 58 76 9 0 11 0.00 M M 6.7 14 20 M M 0 17 40
22 98 63 81 13 0 16 0.00 M M 7.0 20 160 M M 0 24 170
23 96 71 84 16 0 19 0.00 M M 9.9 17 240 M M 0 27 190
24 98 62 80 12 0 15 0.00 M M 10.6 22 20 M M 2 34 30
25 99 75 87 19 0 22 0.00 M M 11.6 28 360 M M 2 34 340
26 105 68 87 18 0 22 0.00 M M 5.7 14 250 M M 0 19 300
27 109 69 89 20 0 24 0.00 M M 8.4 15 140 M M 0 20 120
28 112 74 93 24 0 28 0.00 M M 10.9 23 90 M M 0 35 60
29 114 74 94 24 0 29 0.00 M M 7.5 13 240 M M 0 17 100
30 107 78 93 23 0 28 0.00 M M 8.9 23 190 M M 0 32 200
================================================================================
SM 2690 1805 25 329 0.19 M 255.4 M 28
================================================================================
AV 89.7 60.2 8.5 FASTST M M 1 MAX(MPH)
MISC ----> 35 250 42 250
================================================================================
NOTES:
# LAST OF SEVERAL OCCURRENCES
COLUMN 17 PEAK WIND IN M.P.H.
PRELIMINARY LOCAL CLIMATOLOGICAL DATA (WS FORM: F-6) , PAGE 2
STATION: MOSES LAKE WA AIRPORT
MONTH: JUNE
YEAR: 2021
LATITUDE: 47 12 N
LONGITUDE: 119 19 W
[TEMPERATURE DATA] [PRECIPITATION DATA] SYMBOLS USED IN COLUMN 16
AVERAGE MONTHLY: 74.9 TOTAL FOR MONTH: 0.19 1 = FOG OR MIST
DPTR FM NORMAL: 8.7 DPTR FM NORMAL: -0.54 2 = FOG REDUCING VISIBILITY
HIGHEST: 114 ON 29 GRTST 24HR 0.12 ON 14-15 TO 1/4 MILE OR LESS
LOWEST: 45 ON 17 3 = THUNDER
SNOW, ICE PELLETS, HAIL 4 = ICE PELLETS
TOTAL MONTH: M 5 = HAIL
GRTST 24HR M ON M 6 = FREEZING RAIN OR DRIZZLE
GRTST DEPTH: M ON M 7 = DUSTSTORM OR SANDSTORM:
VSBY 1/2 MILE OR LESS
8 = SMOKE OR HAZE
[NO. OF DAYS WITH] [WEATHER - DAYS WITH] 9 = BLOWING SNOW
X = TORNADO
MAX 32 OR BELOW: 0 0.01 INCH OR MORE: 4
MAX 90 OR ABOVE: 18 0.10 INCH OR MORE: 1
MIN 32 OR BELOW: 0 0.50 INCH OR MORE: 0
MIN 0 OR BELOW: 0 1.00 INCH OR MORE: 0
[HDD (BASE 65) ]
TOTAL THIS MO. 25 CLEAR (SCALE 0-3) 27
DPTR FM NORMAL -33 PTCLDY (SCALE 4-7) 3
TOTAL FM JUL 1 4866 CLOUDY (SCALE 8-10) 0
DPTR FM NORMAL -925
[CDD (BASE 65) ]
TOTAL THIS MO. 329
DPTR FM NORMAL 234 [PRESSURE DATA]
TOTAL FM JAN 1 364 HIGHEST SLP M ON M
DPTR FM NORMAL 241 LOWEST SLP 29.57 ON 30
[REMARKS]
#FINAL-06-21#