830
CXUS54 KFWD 010730
CF6MWL
PRELIMINARY LOCAL CLIMATOLOGICAL DATA (WS FORM: F-6)
STATION: MINERAL WELLS
MONTH: SEPTEMBER
YEAR: 2020
LATITUDE: 32 46 N
LONGITUDE: 98 4 W
TEMPERATURE IN F: :PCPN: SNOW: WIND :SUNSHINE: SKY :PK WND
================================================================================
1 2 3 4 5 6A 6B 7 8 9 10 11 12 13 14 15 16 17 18
12Z AVG MX 2MIN
DY MAX MIN AVG DEP HDD CDD WTR SNW DPTH SPD SPD DIR MIN PSBL S-S WX SPD DR
================================================================================
1 95 72 84 4 0 19 2.36 0.0 0 12.0 24 260 M M 5 13 34 260
2 81 69 75 -5 0 10 2.54 0.0 0 6.4 28 270 M M 7 13 35 280
3 88 72 80 0 0 15 0.00 0.0 0 6.7 17 120 M M 5 24 120
4 88 70 79 0 0 14 0.00 0.0 0 6.0 15 120 M M 5 1 21 130
5 92 70 81 2 0 16 0.06 0.0 0 5.5 35 130 M M 4 13 47 140
6 92 67 80 1 0 15 0.00 0.0 0 5.9 15 180 M M 1 1 20 190
7 95 70 83 5 0 18 0.00 0.0 0 9.5 18 180 M M 0 26 220
8 89 73 81 3 0 16 0.00 0.0 0 12.2 23 150 M M 2 8 30 140
9 75 53 64 -14 1 0 2.95 0.0 0 11.9 20 330 M M 10 123 25 340
10 66 52 59 -19 6 0 T 0.0 0 10.9 18 320 M M 10 1 24 320
11 75 59 67 -10 0 2 0.00 0.0 0 4.3 13 330 M M 7 15 320
12 86 62 74 -3 0 9 0.00 0.0 0 2.3 8 360 M M 1 1 12 30
13 87 66 77 1 0 12 0.00 0.0 0 5.0 15 20 M M 2 1 22 360
14 86 65 76 0 0 11 0.00 0.0 0 6.0 13 30 M M 2 17 30
15 86 68 77 1 0 12 0.00 0.0 0 6.1 13 360 M M 6 1 18 360
16 87 68 78 3 0 13 0.14 0.0 0 3.3 17 30 M M 3 1 22 10
17 88 69 79 4 0 14 0.00 0.0 0 6.0 14 340 M M 3 23 350
18 85 63 74 -1 0 9 0.00 0.0 0 6.0 14 40 M M 1 21 40
19 80 59 70 -4 0 5 0.00 0.0 0 5.3 12 50 M M 0 18 17 50
20 81 55 68 -6 0 3 0.00 0.0 0 4.3 14 60 M M 0 1 19 50
21 82 63 73 -1 0 8 T 0.0 0 8.6 17 70 M M 7 1 24 60
22 74 65 70 -3 0 5 0.01 0.0 0 6.5 13 30 M M 10 1 15 50
23 72 65 69 -4 0 4 T 0.0 0 6.0 13 10 M M 10 1 17 350
24 81 63 72 -1 0 7 0.00 0.0 0 6.6 12 140 M M 5 16 150
25 87 61 74 2 0 9 0.00 0.0 0 9.2 15 130 M M 4 12 19 160
26 89 63 76 4 0 11 0.00 0.0 0 10.7 20 160 M M 0 1 27 170
27 93 63 78 6 0 13 0.00 0.0 0 14.2 23 350 M M 4 44 10
28 77 51 64 -7 1 0 0.00 0.0 0 12.2 30 10 M M 5 42 340
29 82 42 62 -9 3 0 0.00 0.0 0 6.1 17 330 M M 0 27 280
30 91 47 69 -2 0 4 0.00 0.0 0 4.1 12 200 M M 0 15 190
================================================================================
SM 2530 1885 11 274 8.06 0.0 219.8 M 119
================================================================================
AV 84.3 62.8 7.3 FASTST M M 4 MAX(MPH)
MISC ----> # 35 130 # 47 140
================================================================================
NOTES:
# LAST OF SEVERAL OCCURRENCES
COLUMN 17 PEAK WIND IN M.P.H.
PRELIMINARY LOCAL CLIMATOLOGICAL DATA (WS FORM: F-6) , PAGE 2
STATION: MINERAL WELLS
MONTH: SEPTEMBER
YEAR: 2020
LATITUDE: 32 46 N
LONGITUDE: 98 4 W
[TEMPERATURE DATA] [PRECIPITATION DATA] SYMBOLS USED IN COLUMN 16
AVERAGE MONTHLY: 73.6 TOTAL FOR MONTH: 8.06 1 = FOG OR MIST
DPTR FM NORMAL: -1.9 DPTR FM NORMAL: 5.24 2 = FOG REDUCING VISIBILITY
HIGHEST: 95 ON 7, 1 GRTST 24HR 2.95 ON 9- 9 TO 1/4 MILE OR LESS
LOWEST: 42 ON 29 3 = THUNDER
SNOW, ICE PELLETS, HAIL 4 = ICE PELLETS
TOTAL MONTH: 0.0 INCH 5 = HAIL
GRTST 24HR 0.0 6 = FREEZING RAIN OR DRIZZLE
GRTST DEPTH: 0 7 = DUSTSTORM OR SANDSTORM:
VSBY 1/2 MILE OR LESS
8 = SMOKE OR HAZE
[NO. OF DAYS WITH] [WEATHER - DAYS WITH] 9 = BLOWING SNOW
X = TORNADO
MAX 32 OR BELOW: 0 0.01 INCH OR MORE: 6
MAX 90 OR ABOVE: 6 0.10 INCH OR MORE: 4
MIN 32 OR BELOW: 0 0.50 INCH OR MORE: 3
MIN 0 OR BELOW: 0 1.00 INCH OR MORE: 3
[HDD (BASE 65) ]
TOTAL THIS MO. 11 CLEAR (SCALE 0-3) 12
DPTR FM NORMAL 1 PTCLDY (SCALE 4-7) 14
TOTAL FM JUL 1 11 CLOUDY (SCALE 8-10) 4
DPTR FM NORMAL 1
[CDD (BASE 65) ]
TOTAL THIS MO. 274
DPTR FM NORMAL -52 [PRESSURE DATA]
TOTAL FM JAN 1 2438 HIGHEST SLP M ON M
DPTR FM NORMAL 211 LOWEST SLP 29.69 ON 1
[REMARKS]
#FINAL-09-20#