000
CXUS56 KSTO 051815
CF6MYV
PRELIMINARY LOCAL CLIMATOLOGICAL DATA (WS FORM: F-6)
STATION: MARYSVILLE AIRPORT CA
MONTH: SEPTEMBER
YEAR: 2020
LATITUDE: 39 5 N
LONGITUDE: 121 34 W
TEMPERATURE IN F: :PCPN: SNOW: WIND :SUNSHINE: SKY :PK WND
================================================================================
1 2 3 4 5 6A 6B 7 8 9 10 11 12 13 14 15 16 17 18
12Z AVG MX 2MIN
DY MAX MIN AVG DEP HDD CDD WTR SNW DPTH SPD SPD DIR MIN PSBL S-S WX SPD DR
================================================================================
1 96 60 78 4 0 13 0.00 0.0 0 6.3 15 170 M M 3 8 18 170
2 88 61 75 1 0 10 0.00 0.0 0 5.8 13 180 M M 0 8 16 180
3 93 60 77 3 0 12 0.00 0.0 0 4.0 10 160 M M 0 13 160
4 95 60 78 4 0 13 0.00 0.0 0 1.9 8 150 M M 0 8 10 140
5 103 63 83 9 0 18 0.00 0.0 0 3.2 14 150 M M 0 8 16 170
6 110 71 91 18 0 26 0.00 0.0 0 3.7 9 70 M M 2 8 11 70
7 102 70 86 13 0 21 0.00 0.0 0 3.5 8 80 M M 4 8 11 80
8 94 70 82 9 0 17 0.00 0.0 0 15.9 29 320 M M 9 8 36 330
9 85 59 72 -1 0 7 0.00 0.0 0 5.4 10 330 M M 7 18 14 340
10 82 55 69 -4 0 4 0.00 0.0 0 2.3 8 320 M M 10 8 10 320
11 86 55 71 -1 0 6 0.00 0.0 0 0.7 7 270 M M 10 8 8 300
12 90 54 72 0 0 7 0.00 0.0 0 1.9 8 90 M M 10 18 11 240
13 89 57 73 1 0 8 0.00 0.0 0 3.4 9 160 M M 10 8 12 160
14 89 52 71 -1 0 6 0.00 0.0 0 4.0 10 160 M M 10 8 13 170
15 91 54 73 1 0 8 0.00 0.0 0 2.3 7 110 M M 9 8 10 270
16 91 53 72 1 0 7 0.00 0.0 0 2.5 8 150 M M 0 18 12 150
17 91 53 72 1 0 7 0.00 0.0 0 5.8 15 150 M M 0 18 20 180
18 85 62 74 3 0 9 0.00 0.0 0 9.9 15 150 M M 0 20 150
19 87 55 71 0 0 6 0.00 0.0 0 4.1 14 320 M M 0 8 18 310
20 90 54 72 2 0 7 0.00 0.0 0 2.3 7 80 M M 0 8 9 120
21 90 55 73 3 0 8 0.00 0.0 0 4.7 14 160 M M 0 8 17 160
22 89 61 75 5 0 10 0.00 0.0 0 7.8 14 160 M M 0 8 19 160
23 91 52 72 2 0 7 0.00 0.0 0 5.8 13 160 M M 0 16 170
24 89 56 73 3 0 8 0.00 0.0 0 6.5 13 140 M M 0 17 150
25 86 54 70 1 0 5 0.00 0.0 0 3.4 15 140 M M 0 18 130
26 93 56 75 6 0 10 0.00 0.0 0 7.3 21 340 M M 0 26 320
27 98 69 84 15 0 19 0.00 0.0 0 16.9 23 340 M M 0 36 330
28 101 66 84 15 0 19 0.00 0.0 0 9.3 21 330 M M 0 26 330
29 96 57 77 9 0 12 0.00 0.0 0 1.8 7 240 M M 0 8 10 70
30 102 60 81 13 0 16 0.00 0.0 0 4.7 14 320 M M 3 18 16 330
================================================================================
SM 2772 1764 0 326 0.00 0.0 157.1 M 87
================================================================================
AV 92.4 58.8 5.2 FASTST M M 3 MAX(MPH)
MISC ----> # 29 320 # 36 330
================================================================================
NOTES:
# LAST OF SEVERAL OCCURRENCES
COLUMN 17 PEAK WIND IN M.P.H.
PRELIMINARY LOCAL CLIMATOLOGICAL DATA (WS FORM: F-6) , PAGE 2
STATION: MARYSVILLE AIRPORT CA
MONTH: SEPTEMBER
YEAR: 2020
LATITUDE: 39 5 N
LONGITUDE: 121 34 W
[TEMPERATURE DATA] [PRECIPITATION DATA] SYMBOLS USED IN COLUMN 16
AVERAGE MONTHLY: 75.6 TOTAL FOR MONTH: 0.00 1 = FOG OR MIST
DPTR FM NORMAL: 4.2 DPTR FM NORMAL: -0.48 2 = FOG REDUCING VISIBILITY
HIGHEST: 110 ON 6 GRTST 24HR 0.00 ON 30-30 TO 1/4 MILE OR LESS
LOWEST: 52 ON 23,14 3 = THUNDER
SNOW, ICE PELLETS, HAIL 4 = ICE PELLETS
TOTAL MONTH: 0.0 INCH 5 = HAIL
GRTST 24HR 0.0 6 = FREEZING RAIN OR DRIZZLE
GRTST DEPTH: 0 7 = DUSTSTORM OR SANDSTORM:
VSBY 1/2 MILE OR LESS
8 = SMOKE OR HAZE
[NO. OF DAYS WITH] [WEATHER - DAYS WITH] 9 = BLOWING SNOW
X = TORNADO
MAX 32 OR BELOW: 0 0.01 INCH OR MORE: 0
MAX 90 OR ABOVE: 19 0.10 INCH OR MORE: 0
MIN 32 OR BELOW: 0 0.50 INCH OR MORE: 0
MIN 0 OR BELOW: 0 1.00 INCH OR MORE: 0
[HDD (BASE 65) ]
TOTAL THIS MO. 0 CLEAR (SCALE 0-3) 20
DPTR FM NORMAL -9 PTCLDY (SCALE 4-7) 3
TOTAL FM JUL 1 0 CLOUDY (SCALE 8-10) 7
DPTR FM NORMAL -9
[CDD (BASE 65) ]
TOTAL THIS MO. 326
DPTR FM NORMAL 127 [PRESSURE DATA]
TOTAL FM JAN 1 1802 HIGHEST SLP M ON M
DPTR FM NORMAL 497 LOWEST SLP 29.56 ON 8
[REMARKS]
#FINAL-09-20#