000
CXHW50 PHFO 011250
CF6NGF
PRELIMINARY LOCAL CLIMATOLOGICAL DATA (WS FORM: F-6)
STATION: KANEOHE BAY MCAS HI
MONTH: FEBRUARY
YEAR: 2023
LATITUDE: 21 25 N
LONGITUDE: 157 46 W
TEMPERATURE IN F: :PCPN: SNOW: WIND :SUNSHINE: SKY :PK WND
================================================================================
1 2 3 4 5 6A 6B 7 8 9 10 11 12 13 14 15 16 17 18
12Z AVG MX 2MIN
DY MAX MIN AVG DEP HDD CDD WTR SNW DPTH SPD SPD DIR MIN PSBL S-S WX SPD DR
================================================================================
1 80 72 76 3 0 11 0.00 M M 3.9 9 10 M M 2 M M
2 80 71 76 3 0 11 0.00 M M 4.0 9 30 M M 5 M M
3 79 71 75 2 0 10 0.10 M M 7.3 16 50 M M 8 3 20 50
4 M M M M M M 0.48 M M 11.6 18 60 M M 8 3 37 90
5 77 75 76 3 0 11 0.08 M M 12.2 17 70 M M 7 35 80
6 80 73 77 4 0 12 T M M 10.8 18 70 M M 7 30 60
7 81 75 78 5 0 13 T M M 12.2 17 70 M M 5 31 60
8 79 74 77 4 0 12 0.01 M M 15.1 18 80 M M 7 38 80
9 81 72 77 4 0 12 0.03 M M 17.7 23 90 M M 8 44 80
10 80 73 77 4 0 12 T M M 17.4 24 70 M M 7 46 80
11 78 73 76 3 0 11 0.12 M M 14.7 18 70 M M 7 40 M
12 74 74 74 1 0 9 0.09 M M 14.5 18 80 M M 5 44 70
13 81 74 78 5 0 13 T M M 14.4 20 50 M M 4 30 60
14 80 73 77 4 0 12 0.13 M M 16.8 22 20 M M 4 31 60
15 77 73 75 2 0 10 1.21 M M 9.9 20 30 M M 5 3 30 20
16 78 73 76 3 0 11 0.24 M M 6.2 14 60 M M 6 22 90
17 75 74 75 2 0 10 1.24 M M 3.3 17 60 M M 9 1 36 M
18 77 77 77 4 0 12 0.11 M M 4.8 13 130 M M 5 21 110
19 M M M M M M 0.06 M M 6.8 14 80 M M 8 8 26 80
20 M M M M M M 0.69 M M 11.3 18 80 M M 10 138 37 110
21 79 75 77 4 0 12 T M M 15.7 21 80 M M 10 40 80
22 82 73 78 5 0 13 0.03 M M 13.3 20 80 M M 10 8 39 80
23 79 75 77 4 0 12 T M M 14.8 22 90 M M 9 38 80
24 79 74 77 4 0 12 T M M 17.3 23 80 M M 8 41 70
25 80 80 80 7 0 15 0.00 M M 15.8 20 60 M M 5 35 90
26 M M M M M M 0.04 M M 15.1 20 60 M M 5 40 80
27 77 73 75 2 0 10 0.03 M M 16.8 21 80 M M 6 41 60
28 78 73 76 3 0 11 0.04 M M 16.2 23 60 M M 7 39 70
================================================================================
SM 1891 1770 0 277 4.73 M 340.0 M 187
================================================================================
AV 78.8 73.8 12.1 FASTST M M 7 MAX(MPH)
MISC ----> 24 70 46 80
================================================================================
NOTES:
# LAST OF SEVERAL OCCURRENCES
COLUMN 17 PEAK WIND IN M.P.H.
PRELIMINARY LOCAL CLIMATOLOGICAL DATA (WS FORM: F-6) , PAGE 2
STATION: KANEOHE BAY MCAS HI
MONTH: FEBRUARY
YEAR: 2023
LATITUDE: 21 25 N
LONGITUDE: 157 46 W
[TEMPERATURE DATA] [PRECIPITATION DATA] SYMBOLS USED IN COLUMN 16
AVERAGE MONTHLY: 76.3 TOTAL FOR MONTH: 4.73 1 = FOG OR MIST
DPTR FM NORMAL: 3.1 DPTR FM NORMAL: 1.57 2 = FOG REDUCING VISIBILITY
HIGHEST: 82 ON 22 GRTST 24HR 1.24 ON 17-17 TO 1/4 MILE OR LESS
LOWEST: 71 ON 3, 2 3 = THUNDER
SNOW, ICE PELLETS, HAIL 4 = ICE PELLETS
TOTAL MONTH: M 5 = HAIL
GRTST 24HR M ON M 6 = FREEZING RAIN OR DRIZZLE
GRTST DEPTH: M ON M 7 = DUSTSTORM OR SANDSTORM:
VSBY 1/2 MILE OR LESS
8 = SMOKE OR HAZE
[NO. OF DAYS WITH] [WEATHER - DAYS WITH] 9 = BLOWING SNOW
X = TORNADO
MAX 32 OR BELOW: 0 0.01 INCH OR MORE: 18
MAX 90 OR ABOVE: 0 0.10 INCH OR MORE: 9
MIN 32 OR BELOW: 0 0.50 INCH OR MORE: 3
MIN 0 OR BELOW: 0 1.00 INCH OR MORE: 2
[HDD (BASE 65) ]
TOTAL THIS MO. 0 CLEAR (SCALE 0-3) 1
DPTR FM NORMAL 0 PTCLDY (SCALE 4-7) 20
TOTAL FM JUL 1 0 CLOUDY (SCALE 8-10) 7
DPTR FM NORMAL 0
[CDD (BASE 65) ]
TOTAL THIS MO. 277
DPTR FM NORMAL 46 [PRESSURE DATA]
TOTAL FM JAN 1 520 HIGHEST SLP M ON M
DPTR FM NORMAL 39 LOWEST SLP 31.99 ON 1
[REMARKS]
#FINAL-02-23#