000
CXUS51 KOKX 010910
CF6NYC
PRELIMINARY LOCAL CLIMATOLOGICAL DATA (WS FORM: F-6)
STATION: CENTRAL PARK NY
MONTH: JUNE
YEAR: 2021
LATITUDE: 40 46 N
LONGITUDE: 73 58 W
TEMPERATURE IN F: :PCPN: SNOW: WIND :SUNSHINE: SKY :PK WND
================================================================================
1 2 3 4 5 6A 6B 7 8 9 10 11 12 13 14 15 16 17 18
12Z AVG MX 2MIN
DY MAX MIN AVG DEP HDD CDD WTR SNW DPTH SPD SPD DIR MIN PSBL S-S WX SPD DR
================================================================================
1 76 57 67 -1 0 2 0.00 0.0 0 1.8 10 240 M M 0 16 240
2 75 62 69 1 0 4 0.00 0.0 0 2.5 10 240 M M 0 17 170
3 74 60 67 -1 0 2 0.38 0.0 0 1.3 7 230 M M 6 18 14 50
4 78 63 71 3 0 6 0.39 0.0 0 3.3 17 280 M M 5 13 28 280
5 89 66 78 9 0 13 0.00 0.0 0 5.0 13 240 M M 0 22 250
6 92 76 84 15 0 19 0.00 0.0 0 2.8 10 220 M M 1 21 220
7 91 76 84 15 0 19 0.07 0.0 0 2.8 9 140 M M 1 138 16 180
8 90 72 81 11 0 16 0.47 0.0 0 2.7 15 310 M M 2 1 22 310
9 90 72 81 11 0 16 0.01 0.0 0 3.0 10 230 M M 2 13 16 220
10 84 65 75 5 0 10 0.00 0.0 0 6.3 16 60 M M 2 24 70
11 69 62 66 -5 0 1 T 0.0 0 5.2 13 60 M M 9 17 100
12 69 62 66 -5 0 1 0.00 0.0 0 3.7 12 60 M M 8 16 50
13 76 62 69 -2 0 4 0.01 0.0 0 2.3 8 260 M M 6 11 170
14 73 64 69 -3 0 4 0.22 0.0 0 2.4 9 130 M M 8 13 M M
15 80 66 73 1 0 8 T 0.0 0 4.6 13 300 M M 4 20 300
16 77 62 70 -2 0 5 0.00 0.0 0 4.5 13 300 M M 0 20 280
17 78 57 68 -5 0 3 0.00 0.0 0 3.8 12 310 M M 1 16 300
18 84 63 74 1 0 9 0.00 0.0 0 4.7 13 230 M M 0 22 230
19 88 65 77 4 0 12 0.14 0.0 0 4.3 15 240 M M 5 1 24 270
20 86 66 76 2 0 11 0.00 0.0 0 2.5 10 270 M M 1 16 170
21 86 75 81 7 0 16 T 0.0 0 3.7 14 230 M M 3 22 220
22 78 59 69 -5 0 4 0.24 0.0 0 5.0 13 280 M M 5 1 21 280
23 76 55 66 -8 0 1 0.00 0.0 0 3.8 12 290 M M 1 18 280
24 77 61 69 -6 0 4 0.00 0.0 0 3.7 10 220 M M 1 19 130
25 81 64 73 -2 0 8 0.00 0.0 0 2.2 9 140 M M 4 18 130
26 83 68 76 1 0 11 0.04 0.0 0 3.1 10 200 M M 5 18 17 180
27 90 73 82 7 0 17 0.00 0.0 0 4.7 10 230 M M 4 22 210
28 92 76 84 8 0 19 0.00 0.0 0 4.8 14 240 M M 2 21 230
29 95 78 87 11 0 22 0.00 0.0 0 4.5 12 240 M M 1 22 220
30 98 73 86 10 0 21 0.65 0.0 0 5.1 14 10 M M 2 13 21 320
================================================================================
SM 2475 1980 0 288 2.62 0.0 110.1 M 89
================================================================================
AV 82.5 66.0 3.7 FASTST M M 3 MAX(MPH)
MISC ----> 17 280 28 280
================================================================================
NOTES:
# LAST OF SEVERAL OCCURRENCES
COLUMN 17 PEAK WIND IN M.P.H.
PRELIMINARY LOCAL CLIMATOLOGICAL DATA (WS FORM: F-6) , PAGE 2
STATION: CENTRAL PARK NY
MONTH: JUNE
YEAR: 2021
LATITUDE: 40 46 N
LONGITUDE: 73 58 W
[TEMPERATURE DATA] [PRECIPITATION DATA] SYMBOLS USED IN COLUMN 16
AVERAGE MONTHLY: 74.3 TOTAL FOR MONTH: 2.62 1 = FOG OR MIST
DPTR FM NORMAL: 2.3 DPTR FM NORMAL: -1.92 2 = FOG REDUCING VISIBILITY
HIGHEST: 98 ON 30 GRTST 24HR 0.65 ON 30-30 TO 1/4 MILE OR LESS
LOWEST: 55 ON 23 3 = THUNDER
SNOW, ICE PELLETS, HAIL 4 = ICE PELLETS
TOTAL MONTH: 0.0 INCH 5 = HAIL
GRTST 24HR 0.0 6 = FREEZING RAIN OR DRIZZLE
GRTST DEPTH: 0 7 = DUSTSTORM OR SANDSTORM:
VSBY 1/2 MILE OR LESS
8 = SMOKE OR HAZE
[NO. OF DAYS WITH] [WEATHER - DAYS WITH] 9 = BLOWING SNOW
X = TORNADO
MAX 32 OR BELOW: 0 0.01 INCH OR MORE: 11
MAX 90 OR ABOVE: 8 0.10 INCH OR MORE: 7
MIN 32 OR BELOW: 0 0.50 INCH OR MORE: 1
MIN 0 OR BELOW: 0 1.00 INCH OR MORE: 0
[HDD (BASE 65) ]
TOTAL THIS MO. 0 CLEAR (SCALE 0-3) 18
DPTR FM NORMAL -15 PTCLDY (SCALE 4-7) 11
TOTAL FM JUL 1 4233 CLOUDY (SCALE 8-10) 1
DPTR FM NORMAL -317
[CDD (BASE 65) ]
TOTAL THIS MO. 288
DPTR FM NORMAL 62 [PRESSURE DATA]
TOTAL FM JAN 1 375 HIGHEST SLP M ON M
DPTR FM NORMAL 68 LOWEST SLP 29.58 ON 21
[REMARKS]
#FINAL-06-21#