000
CXUS56 KMTR 010900
CF6OAK
PRELIMINARY LOCAL CLIMATOLOGICAL DATA (WS FORM: F-6)
STATION: OAKLAND AIRPORT
MONTH: MAY
YEAR: 2023
LATITUDE: 37 43 N
LONGITUDE: 122 13 W
TEMPERATURE IN F: :PCPN: SNOW: WIND :SUNSHINE: SKY :PK WND
================================================================================
1 2 3 4 5 6A 6B 7 8 9 10 11 12 13 14 15 16 17 18
12Z AVG MX 2MIN
DY MAX MIN AVG DEP HDD CDD WTR SNW DPTH SPD SPD DIR MIN PSBL S-S WX SPD DR
================================================================================
1 60 51 56 -3 9 0 T M M 21.0 37 300 M M 9 48 270
2 58 49 54 -5 11 0 0.35 M M 11.1 25 160 M M 8 1 32 120
3 60 49 55 -4 10 0 0.40 M M 8.1 18 120 M M 9 1 23 120
4 60 49 55 -4 10 0 0.00 M M 6.6 16 270 M M 8 29 300
5 61 53 57 -2 8 0 0.10 M M 8.5 17 230 M M 9 24 230
6 62 51 57 -2 8 0 0.10 M M 8.7 17 230 M M 9 1 23 260
7 64 48 56 -3 9 0 0.00 M M 7.6 17 270 M M 4 22 270
8 64 51 58 -1 7 0 0.03 M M 11.2 18 290 M M 6 1 30 300
9 64 47 56 -3 9 0 0.00 M M 11.2 28 280 M M 5 38 270
10 61 53 57 -2 8 0 0.00 M M 14.0 21 280 M M 6 32 300
11 63 53 58 -1 7 0 0.00 M M 9.6 17 260 M M 5 28 290
12 67 52 60 0 5 0 0.00 M M 9.5 23 280 M M 6 33 300
13 80 53 67 7 0 2 0.00 M M 5.9 15 290 M M 4 1 20 310
14 72 53 63 3 2 0 0.00 M M 8.9 17 310 M M 2 23 310
15 67 54 61 1 4 0 0.00 M M 9.8 17 300 M M 6 21 310
16 73 53 63 3 2 0 0.00 M M 9.4 21 290 M M 6 32 300
17 66 53 60 0 5 0 0.00 M M 8.8 22 290 M M 7 33 300
18 63 53 58 -2 7 0 0.00 M M 8.9 16 270 M M 7 32 300
19 63 54 59 -1 6 0 0.00 M M 10.9 17 260 M M 9 33 300
20 62 53 58 -2 7 0 T M M 12.6 22 280 M M 9 1 32 290
21 67 52 60 0 5 0 0.00 M M 7.4 22 290 M M 7 34 310
22 70 53 62 2 3 0 0.00 M M 9.4 18 310 M M 4 1 34 310
23 67 54 61 1 4 0 0.00 M M 13.8 18 230 M M 6 26 240
24 65 53 59 -2 6 0 0.00 M M 11.5 20 240 M M 6 33 310
25 65 54 60 -1 5 0 0.00 M M 12.6 23 280 M M 7 40 300
26 65 53 59 -2 6 0 0.00 M M 12.0 17 280 M M 8 32 280
27 64 53 59 -2 6 0 T M M 12.4 22 280 M M 7 35 300
28 59 54 57 -4 8 0 T M M 11.6 17 280 M M 10 1 30 300
29 67 55 61 0 4 0 0.00 M M 10.1 18 250 M M 7 24 230
30 65 55 60 -1 5 0 T M M 12.9 20 270 M M 5 33 300
31 62 53 58 -3 7 0 T M M 11.1 17 230 M M 7 24 230
================================================================================
SM 2006 1621 193 2 0.98 M 327.1 M 208
================================================================================
AV 64.7 52.3 10.6 FASTST M M 7 MAX(MPH)
MISC ----> 37 300 48 270
================================================================================
NOTES:
# LAST OF SEVERAL OCCURRENCES
COLUMN 17 PEAK WIND IN M.P.H.
PRELIMINARY LOCAL CLIMATOLOGICAL DATA (WS FORM: F-6) , PAGE 2
STATION: OAKLAND AIRPORT
MONTH: MAY
YEAR: 2023
LATITUDE: 37 43 N
LONGITUDE: 122 13 W
[TEMPERATURE DATA] [PRECIPITATION DATA] SYMBOLS USED IN COLUMN 16
AVERAGE MONTHLY: 58.5 TOTAL FOR MONTH: 0.98 1 = FOG OR MIST
DPTR FM NORMAL: -1.4 DPTR FM NORMAL: 0.35 2 = FOG REDUCING VISIBILITY
HIGHEST: 80 ON 13 GRTST 24HR 0.58 ON 2- 3 TO 1/4 MILE OR LESS
LOWEST: 47 ON 9 3 = THUNDER
SNOW, ICE PELLETS, HAIL 4 = ICE PELLETS
TOTAL MONTH: M 5 = HAIL
GRTST 24HR M ON M 6 = FREEZING RAIN OR DRIZZLE
GRTST DEPTH: M ON M 7 = DUSTSTORM OR SANDSTORM:
VSBY 1/2 MILE OR LESS
8 = SMOKE OR HAZE
[NO. OF DAYS WITH] [WEATHER - DAYS WITH] 9 = BLOWING SNOW
X = TORNADO
MAX 32 OR BELOW: 0 0.01 INCH OR MORE: 5
MAX 90 OR ABOVE: 0 0.10 INCH OR MORE: 4
MIN 32 OR BELOW: 0 0.50 INCH OR MORE: 0
MIN 0 OR BELOW: 0 1.00 INCH OR MORE: 0
[HDD (BASE 65) ]
TOTAL THIS MO. 193 CLEAR (SCALE 0-3) 1
DPTR FM NORMAL 23 PTCLDY (SCALE 4-7) 21
TOTAL FM JUL 1 2879 CLOUDY (SCALE 8-10) 9
DPTR FM NORMAL 282
[CDD (BASE 65) ]
TOTAL THIS MO. 2
DPTR FM NORMAL -10 [PRESSURE DATA]
TOTAL FM JAN 1 3 HIGHEST SLP M ON M
DPTR FM NORMAL -14 LOWEST SLP 29.75 ON 2
[REMARKS]
#FINAL-05-23#