000
CXUS56 KMTR 010828
CLMOAK
CLIMATE REPORT
NATIONAL WEATHER SERVICE SAN FRANCISCO BAY AREA
1228 AM PST THU FEB 01 2024
...................................
...THE OAKLAND AIRPORT CLIMATE SUMMARY FOR THE MONTH OF JANUARY 2024...
CLIMATE NORMAL PERIOD: 1991 TO 2020
CLIMATE RECORD PERIOD: 1948 TO 2024
WEATHER OBSERVED NORMAL DEPART LAST YEAR`S
VALUE DATE(S) VALUE FROM VALUE DATE(S)
NORMAL
................................................................
TEMPERATURE (F)
RECORD
HIGH 83 MM
LOW 28 01/17/2012
HIGHEST 71 01/29 69 01/26
LOWEST 37 01/08 32 01/31
AVG. MAXIMUM 59.2 57.7 1.5 58.2
AVG. MINIMUM 46.6 42.0 4.6 44.4
MEAN 52.9 51.3
DAYS MAX >= 90 0 0
DAYS MAX <= 32 0 0
DAYS MIN <= 32 0 1
DAYS MIN <= 0 0 0
PRECIPITATION (INCHES)
RECORD
MAXIMUM 8.90 1967
MINIMUM T 2015
TOTALS 4.04 3.42 0.62 8.29
DAILY AVG. 0.13 0.11 0.02 0.27
DAYS >= .01 14 13
DAYS >= .10 11 13
DAYS >= .50 3 6
DAYS >= 1.00 0 2
GREATEST
24 HR. TOTAL 1.26 01/21 TO 01/22 4.91 12/31 TO 12/31
DEGREE DAYS
HEATING TOTAL 367 470 -103 417
SINCE 7/1 1174 1537 -363 MM
COOLING TOTAL 0 0 0 0
SINCE 1/1 0 0 0 MM
................................................................
WIND (MPH)
AVERAGE WIND SPEED 6.7
RESULTANT WIND SPEED/DIRECTION 2/170
HIGHEST WIND SPEED/DIRECTION 31/300 DATE 01/06
31/310 01/10
HIGHEST GUST SPEED/DIRECTION 49/150 DATE 01/31
SKY COVER
POSSIBLE SUNSHINE (PERCENT) MM
AVERAGE SKY COVER 0.62
NUMBER OF DAYS FAIR 4
NUMBER OF DAYS PC 18
NUMBER OF DAYS CLOUDY 9
AVERAGE RH (PERCENT) 81
WEATHER CONDITIONS. NUMBER OF DAYS WITH
THUNDERSTORM 0 MIXED PRECIP 0
HEAVY RAIN 5 RAIN 11
LIGHT RAIN 16 FREEZING RAIN 0
LT FREEZING RAIN 0 HAIL 0
HEAVY SNOW 0 SNOW 0
LIGHT SNOW 0 SLEET 0
FOG 20 FOG W/VIS <= 1/4 MILE 0
HAZE 0
- INDICATES NEGATIVE NUMBERS.
R INDICATES RECORD WAS SET OR TIED.
MM INDICATES DATA IS MISSING.
T INDICATES TRACE AMOUNT.
$$