000
CXUS53 KOAX 011344
CLMOAX
CLIMATE REPORT
NATIONAL WEATHER SERVICE OMAHA/VALLEY NE
844 AM CDT SUN OCT 01 2023
...................................
...THE VALLEY NWS NE CLIMATE SUMMARY FOR THE MONTH OF SEPTEMBER 2023...
CLIMATE NORMAL PERIOD 1991 TO 2020
CLIMATE RECORD PERIOD 1997 TO 2023
WEATHER OBSERVED NORMAL DEPART
VALUE DATE(S) VALUE FROM
NORMAL
................................................
TEMPERATURE (F)
HIGHEST 97 09/03
LOWEST 49 09/12
AVG. MAXIMUM 83.5 78.1 5.4
AVG. MINIMUM 59.7 56.0 3.7
MEAN 71.6 67.1 4.5
DAYS MAX >= 90 7
DAYS MAX <= 32 0
DAYS MIN <= 32 0
DAYS MIN <= 0 0
PRECIPITATION (INCHES)
TOTALS 1.45 3.02 -1.57
DAYS >= .01 10
DAYS >= .10 3
DAYS >= .50 1
DAYS >= 1.00 0
GREATEST
24 HR. TOTAL 0.73 09/22 TO 09/22
SNOWFALL (INCHES)
TOTALS 0.0 0.0 0.0
SINCE 7/1 T
DAYS >= 1.0 0
GREATEST
SNOW DEPTH 0
24 HR TOTAL MM
DEGREE DAYS
HEATING TOTAL 2 75 -73
SINCE 7/1 3 81 -78
COOLING TOTAL 207 136 71
SINCE 1/1 1360 1183 177
................................................
WIND (MPH)
HIGHEST GUST SPEED/DIRECTION 32/MM
WEATHER CONDITIONS. NUMBER OF DAYS WITH
THUNDERSTORM 4 MIXED PRECIP 0
HEAVY RAIN 2 RAIN 2
LIGHT RAIN 10 FREEZING RAIN 0
LT FREEZING RAIN 0 HAIL 0
HEAVY SNOW 0 SNOW 0
LIGHT SNOW 0 SLEET 0
FOG 5 FOG W/VIS <= 1/4 MILE 0
HAZE 3
- INDICATES NEGATIVE NUMBERS.
R INDICATES RECORD WAS SET OR TIED.
MM INDICATES DATA IS MISSING.
T INDICATES TRACE AMOUNT.
&&
SEPTEMBER IN VALLEY WAS MUCH WARMER AND DRIER THAN NORMAL. THE MONTH
ENDED UP 4.5 DEGREES ABOVE NORMAL FOR AVERAGE TEMPERATURE AND 1.57
INCHES BELOW NORMAL FOR PRECIPITATION.
$$
DEWALD