616
CXUS53 KGID 011648
CF6ODX
PRELIMINARY LOCAL CLIMATOLOGICAL DATA (WS FORM: F-6)
STATION: ORD NE
MONTH: FEBRUARY
YEAR: 2021
LATITUDE: 41 37 N
LONGITUDE: 98 57 W
TEMPERATURE IN F: :PCPN: SNOW: WIND :SUNSHINE: SKY :PK WND
================================================================================
1 2 3 4 5 6A 6B 7 8 9 10 11 12 13 14 15 16 17 18
12Z AVG MX 2MIN
DY MAX MIN AVG DEP HDD CDD WTR SNW DPTH SPD SPD DIR MIN PSBL S-S WX SPD DR
================================================================================
1 29 11 20 -6 45 0 0.00 M M 5.3 13 150 M M 8 128 18 140
2 30 22 26 0 39 0 0.00 M M 8.9 15 170 M M 10 12 19 170
3 43 18 31 5 34 0 T M M 7.5 29 340 M M 3 1 38 360
4 33 20 27 1 38 0 0.05 M M 18.4 33 340 M M 3 19 45 350
5 30 13 22 -4 43 0 T M M 5.6 17 320 M M 4 8 22 330
6 20 1 11 -15 54 0 0.17 M M 9.8 20 10 M M 8 18 26 20
7 5 -11 -3 -29 68 0 0.15 M M 8.4 18 140 M M 10 18 27 110
8 5 -22 -8 -34 73 0 T M M 2.1 8 340 M M 2 18 9 350
9 11 -21 -5 -31 70 0 T M M 2.1 9 330 M M 1 11 330
10 13 5 9 -18 56 0 T M M 5.5 13 30 M M 8 15 30
11 7 -5 1 -26 64 0 0.03 M M 5.9 13 30 M M 9 18 15 40
12 -1 -4 -2 -29 67 0 0.20 M M 6.0 14 20 M M 10 8 18 20
13 4 -16 -6 -33 71 0 0.01 M M 6.4 17 10 M M 6 8 22 10
14 -3 -22 -12 -39 77 0 0.01 M M 10.0 17 10 M M 6 22 10
15 -7 -34 -20 -48 85 0 0.00 M M 2.8 10 150 M M 0 8 14 140
16 1 -26 -12 -40 77 0 T M M 8.6 16 170 M M 8 23 150
17 17 1 9 -19 56 0 T M M 6.1 14 200 M M 10 18 18 160
18 24 -1 12 -16 53 0 0.00 M M 6.4 16 280 M M 5 8 20 310
19 23 -4 10 -18 55 0 0.00 M M 3.2 12 150 M M 1 128 14 160
20 35 -1 17 -12 48 0 0.00 M M 4.6 20 140 M M 6 128 30 130
21 40 26 33 4 32 0 0.02 M M 12.2 25 340 M M 5 18 32 310
22 47 22 35 6 30 0 0.00 M M 10.6 20 260 M M 0 27 280
23 56 22 39 9 26 0 0.00 M M 9.1 25 320 M M 0 34 300
24 46 25 36 6 29 0 T M M 10.9 24 330 M M 1 35 320
25 43 20 32 2 33 0 0.00 M M 8.2 18 200 M M 1 24 210
26 51 29 40 9 25 0 0.00 M M 13.5 28 210 M M 1 37 200
27 51 20 36 5 29 0 0.00 M M 6.2 26 120 M M 4 1 39 100
28 39 22 31 0 34 0 T M M 12.6 26 330 M M 6 16 37 340
================================================================================
SM 692 110 1411 0 0.64 M 216.9 M 136
================================================================================
AV 24.7 3.9 7.7 FASTST M M 5 MAX(MPH)
MISC ----> 33 340 45 350
================================================================================
NOTES:
# LAST OF SEVERAL OCCURRENCES
COLUMN 17 PEAK WIND IN M.P.H.
PRELIMINARY LOCAL CLIMATOLOGICAL DATA (WS FORM: F-6) , PAGE 2
STATION: ORD NE
MONTH: FEBRUARY
YEAR: 2021
LATITUDE: 41 37 N
LONGITUDE: 98 57 W
[TEMPERATURE DATA] [PRECIPITATION DATA] SYMBOLS USED IN COLUMN 16
AVERAGE MONTHLY: 14.3 TOTAL FOR MONTH: 0.64 1 = FOG OR MIST
DPTR FM NORMAL: -13.5 DPTR FM NORMAL: 0.20 2 = FOG REDUCING VISIBILITY
HIGHEST: 56 ON 23 GRTST 24HR 0.20 ON 12-12 TO 1/4 MILE OR LESS
LOWEST: -34 ON 15 3 = THUNDER
SNOW, ICE PELLETS, HAIL 4 = ICE PELLETS
TOTAL MONTH: M 5 = HAIL
GRTST 24HR M ON M 6 = FREEZING RAIN OR DRIZZLE
GRTST DEPTH: M ON M 7 = DUSTSTORM OR SANDSTORM:
VSBY 1/2 MILE OR LESS
8 = SMOKE OR HAZE
[NO. OF DAYS WITH] [WEATHER - DAYS WITH] 9 = BLOWING SNOW
X = TORNADO
MAX 32 OR BELOW: 17 0.01 INCH OR MORE: 8
MAX 90 OR ABOVE: 0 0.10 INCH OR MORE: 3
MIN 32 OR BELOW: 28 0.50 INCH OR MORE: 0
MIN 0 OR BELOW: 12 1.00 INCH OR MORE: 0
[HDD (BASE 65) ]
TOTAL THIS MO. 1411 CLEAR (SCALE 0-3) 11
DPTR FM NORMAL 370 PTCLDY (SCALE 4-7) 8
TOTAL FM JUL 1 5031 CLOUDY (SCALE 8-10) 9
DPTR FM NORMAL 14
[CDD (BASE 65) ]
TOTAL THIS MO. 0
DPTR FM NORMAL 0 [PRESSURE DATA]
TOTAL FM JAN 1 0 HIGHEST SLP 30.78 ON 14
DPTR FM NORMAL 0 LOWEST SLP 29.59 ON 3
[REMARKS]
SUBSTITUTED LIQUID PRECIPITATION AMOUNT (0.17) FOR 2/06/2021 FROM
LOCAL COOPERATIVE OBSERVER (ORD #2, SITE 25-6336) DUE TO THE
AUTOMATED GAUGE CAPTURE UNDER-REPRESENTING PRECIPITATION FROM THE
SNOW EVENT.
SUBSTITUTED LIQUID PRECIPITATION AMOUNT (0.15) FOR 2/07/2021 FROM
LOCAL COOPERATIVE OBSERVER (ORD #2, SITE 25-6336) DUE TO THE
AUTOMATED GAUGE CAPTURE UNDER-REPRESENTING PRECIPITATION FROM THE
SNOW EVENT.
SUBSTITUTED LIQUID PRECIPITATION AMOUNT (0.03) FOR 2/11/2021 FROM
LOCAL COOPERATIVE OBSERVER (ORD #2, SITE 25-6336) DUE TO THE
AUTOMATED GAUGE CAPTURE UNDER-REPRESENTING PRECIPITATION FROM THE
SNOW EVENT.
SUBSTITUTED LIQUID PRECIPITATION AMOUNT (0.20) FOR 2/12/2021 FROM
LOCAL COOPERATIVE OBSERVER (ORD #2, SITE 25-6336) DUE TO THE
AUTOMATED GAUGE CAPTURE UNDER-REPRESENTING PRECIPITATION FROM THE
SNOW EVENT.
SUBSTITUTED LIQUID PRECIPITATION AMOUNT (0.01) FOR 2/13/2021 FROM
LOCAL COOPERATIVE OBSERVER (ORD #2, SITE 25-6336) DUE TO THE
AUTOMATED GAUGE CAPTURE UNDER-REPRESENTING PRECIPITATION FROM THE
SNOW EVENT.
SUBSTITUTED LIQUID PRECIPITATION AMOUNT (0.01) FOR 2/14/2021 FROM
LOCAL COOPERATIVE OBSERVER (ORD #2, SITE 25-6336) DUE TO THE
AUTOMATED GAUGE CAPTURE UNDER-REPRESENTING PRECIPITATION FROM THE
SNOW EVENT.
#FINAL-02-21#