000
CXUS55 KCAE 011400
CF6OGB
PRELIMINARY LOCAL CLIMATOLOGICAL DATA (WS FORM: F-6)
STATION: ORANGEBURG AIRPORT SC
MONTH: JUNE
YEAR: 2020
LATITUDE: 33 27 N
LONGITUDE: 80 51 W
TEMPERATURE IN F: :PCPN: SNOW: WIND :SUNSHINE: SKY :PK WND
================================================================================
1 2 3 4 5 6A 6B 7 8 9 10 11 12 13 14 15 16 17 18
12Z AVG MX 2MIN
DY MAX MIN AVG DEP HDD CDD WTR SNW DPTH SPD SPD DIR MIN PSBL S-S WX SPD DR
================================================================================
1 82 63 73 -3 0 8 0.00 M M 4.9 13 30 M M 1 16 40
2 84 59 72 -4 0 7 0.00 M M 5.3 14 180 M M 1 19 170
3 88 64 76 0 0 11 0.00 M M 9.1 17 200 M M 0 22 210
4 86 66 76 0 0 11 0.09 M M 6.6 25 200 M M 3 1 29 210
5 89 72 81 5 0 16 0.03 M M 7.3 18 220 M M 5 3 25 240
6 88 70 79 2 0 14 0.00 M M 6.2 15 210 M M 1 17 210
7 86 71 79 2 0 14 0.00 M M 5.9 15 200 M M 1 18 210
8 87 71 79 2 0 14 0.01 M M 3.4 12 180 M M 6 13 15 180
9 93 73 83 6 0 18 0.04 M M 3.0 20 240 M M 6 13 25 230
10 90 71 81 4 0 16 0.47 M M 6.0 22 180 M M 4 13 25 180
11 89 74 82 4 0 17 0.30 M M 6.2 21 150 M M 7 13 26 150
12 88 72 80 2 0 15 0.62 M M 5.6 17 20 M M 4 18 22 10
13 85 69 77 -1 0 12 T M M 6.6 17 30 M M 5 23 80
14 83 65 74 -4 0 9 T M M 7.7 15 50 M M 5 20 20
15 70 63 67 -11 0 2 0.04 M M 10.2 18 20 M M 8 1 24 360
16 69 62 66 -12 0 1 0.00 M M 9.3 16 10 M M 10 20 20
17 72 61 67 -12 0 2 0.00 M M 3.9 10 300 M M 9 1 15 270
18 80 61 71 -8 0 6 0.73 M M 3.9 13 310 M M 7 13 18 310
19 86 67 77 -2 0 12 0.09 M M 3.2 18 330 M M 4 13 28 330
20 87 65 76 -3 0 11 0.00 M M 3.4 14 230 M M 2 17 230
21 92 69 81 2 0 16 0.00 M M 4.7 16 170 M M 0 1 21 160
22 92 72 82 3 0 17 0.00 M M 4.7 14 290 M M 2 17 290
23 90 72 81 1 0 16 0.08 M M 7.5 24 290 M M 3 13 35 280
24 87 71 79 -1 0 14 0.60 M M 6.3 30 230 M M 2 13 43 240
25 87 70 79 -1 0 14 0.16 M M 7.5 17 240 M M 4 1 22 230
26 89 72 81 1 0 16 T M M 4.8 17 250 M M 3 13 25 250
27 90 70 80 0 0 15 0.08 M M 8.7 40 280 M M 2 1 56 270
28 93 70 82 2 0 17 0.19 M M 8.3 18 280 M M 2 13 26 350
29 94 72 83 3 0 18 0.00 M M 6.4 16 310 M M 1 3 22 290
30 93 72 83 2 0 18 0.18 M M 4.4 14 360 M M 1 13 18 300
================================================================================
SM 2589 2049 0 377 3.71 M 181.0 M 109
================================================================================
AV 86.3 68.3 6.0 FASTST M M 4 MAX(MPH)
MISC ----> # 40 280 # 56 270
================================================================================
NOTES:
# LAST OF SEVERAL OCCURRENCES
COLUMN 17 PEAK WIND IN M.P.H.
PRELIMINARY LOCAL CLIMATOLOGICAL DATA (WS FORM: F-6) , PAGE 2
STATION: ORANGEBURG AIRPORT SC
MONTH: JUNE
YEAR: 2020
LATITUDE: 33 27 N
LONGITUDE: 80 51 W
[TEMPERATURE DATA] [PRECIPITATION DATA] SYMBOLS USED IN COLUMN 16
AVERAGE MONTHLY: 77.3 TOTAL FOR MONTH: 3.71 1 = FOG OR MIST
DPTR FM NORMAL: -1.0 DPTR FM NORMAL: -1.41 2 = FOG REDUCING VISIBILITY
HIGHEST: 94 ON 29 GRTST 24HR 0.73 ON 18-18 TO 1/4 MILE OR LESS
LOWEST: 59 ON 2 3 = THUNDER
SNOW, ICE PELLETS, HAIL 4 = ICE PELLETS
TOTAL MONTH: M 5 = HAIL
GRTST 24HR M ON M 6 = FREEZING RAIN OR DRIZZLE
GRTST DEPTH: M ON M 7 = DUSTSTORM OR SANDSTORM:
VSBY 1/2 MILE OR LESS
8 = SMOKE OR HAZE
[NO. OF DAYS WITH] [WEATHER - DAYS WITH] 9 = BLOWING SNOW
X = TORNADO
MAX 32 OR BELOW: 0 0.01 INCH OR MORE: 16
MAX 90 OR ABOVE: 9 0.10 INCH OR MORE: 8
MIN 32 OR BELOW: 0 0.50 INCH OR MORE: 3
MIN 0 OR BELOW: 0 1.00 INCH OR MORE: 0
[HDD (BASE 65) ]
TOTAL THIS MO. 0 CLEAR (SCALE 0-3) 15
DPTR FM NORMAL -1 PTCLDY (SCALE 4-7) 12
TOTAL FM JUL 1 1814 CLOUDY (SCALE 8-10) 3
DPTR FM NORMAL -519
[CDD (BASE 65) ]
TOTAL THIS MO. 377
DPTR FM NORMAL -21 [PRESSURE DATA]
TOTAL FM JAN 1 763 HIGHEST SLP 30.25 ON 1
DPTR FM NORMAL 62 LOWEST SLP 29.81 ON 23
[REMARKS]
#FINAL-06-20#