075
CXUS53 KEAX 192152 RRB
CLSOJC
CLIMATE REPORT
NATIONAL WEATHER SERVICE
349 PM CST THU NOV 19 2020
...................................
...THE JOHNSON COUNTY EXECUTIVE KS CLIMATE SUMMARY FOR THE SEASON, FROM
12/1/2019 TO 2/29/2020...
CLIMATE NORMAL PERIOD: 1981 TO 2010
CLIMATE RECORD PERIOD: 9999 TO 9999
WEATHER OBSERVED NORMAL DEPART LAST YEAR`S
VALUE DATE(S) VALUE FROM VALUE DATE(S)
NORMAL
................................................................
TEMPERATURE (F)
HIGHEST 66 12/25 68 -2 64 02/03
02/02
LOWEST 0 02/14 2 -2 -5 01/30
AVG. MAXIMUM 43.7 41.5 2.2 39.0
AVG. MINIMUM 25.9 23.3 2.6 22.4
MEAN 34.8 32.4 2.4 30.7
DAYS MAX >= 90 0 0.0 0.0 0
DAYS MAX <= 32 14 20.8 -6.8 30
DAYS MIN <= 32 77 70.2 6.8 79
DAYS MIN <= 0 1 3.0 -2.0 1
PRECIPITATION (INCHES)
TOTALS 3.15R 4.33 -1.18 4.67
DAILY AVG. 0.04 0.05 -0.01 0.05
DAYS >= .01 11 17.8 -6.8 19
DAYS >= .10 7 9.9 -2.9 11
DAYS >= .50 2 2.6 -0.6 3
DAYS >= 1.00 1 0.9 0.1 0
GREATEST
24 HR. TOTAL 1.10
DEGREE DAYS
HEATING TOTAL 2726 2939 -213 3057
COOLING TOTAL 0 0 0 0
................................................................
WIND (MPH)
AVERAGE WIND SPEED 8.7
HIGHEST WIND SPEED/DIRECTION 31/210 DATE 01/09
HIGHEST GUST SPEED/DIRECTION 50/260 DATE 12/01
SKY COVER
POSSIBLE SUNSHINE (PERCENT) MM
AVERAGE SKY COVER 0.44
NUMBER OF DAYS FAIR 42
NUMBER OF DAYS PC 23
NUMBER OF DAYS CLOUDY 26
AVERAGE RH (PERCENT) 74
WEATHER CONDITIONS. NUMBER OF DAYS WITH
THUNDERSTORM 1 MIXED PRECIP 0
HEAVY RAIN 3 RAIN 3
LIGHT RAIN 9 FREEZING RAIN 2
LT FREEZING RAIN 4 HAIL 0
HEAVY SNOW 1 SNOW 3
LIGHT SNOW 17 SLEET 1
FOG 44 FOG W/VIS <= 1/4 MILE 7
HAZE 8
- INDICATES NEGATIVE NUMBERS.
R INDICATES RECORD WAS SET OR TIED.
MM INDICATES DATA IS MISSING.
T INDICATES TRACE AMOUNT.
$$