000
CXUS54 KOUN 061451
CF6OKC
PRELIMINARY LOCAL CLIMATOLOGICAL DATA (WS FORM: F-6)
STATION: OKLAHOMA CITY
MONTH: DECEMBER
YEAR: 2021
LATITUDE: 35 24 N
LONGITUDE: 97 36 W
TEMPERATURE IN F: :PCPN: SNOW: WIND :SUNSHINE: SKY :PK WND
================================================================================
1 2 3 4 5 6A 6B 7 8 9 10 11 12 13 14 15 16 17 18
12Z AVG MX 2MIN
DY MAX MIN AVG DEP HDD CDD WTR SNW DPTH SPD SPD DIR MIN PSBL S-S WX SPD DR
================================================================================
1 70 39 55 11 10 0 0.00 0.0 0 5.3 13 340 M M 3 15 340
2 77 44 61 18 4 0 0.00 0.0 0 6.9 15 210 M M 3 18 210
3 75 45 60 17 5 0 0.00 0.0 0 7.9 14 360 M M 6 1 16 360
4 57 48 53 10 12 0 0.00 0.0 0 7.7 15 10 M M 9 1 18 10
5 75 41 58 16 7 0 0.00 0.0 0 14.9 38 10 M M 4 1 46 20
6 50 29 40 -2 25 0 0.00 0.0 0 15.7 31 10 M M 2 39 20
7 49 24 37 -5 28 0 0.00 0.0 0 7.1 20 180 M M 7 24 180
8 59 26 43 2 22 0 0.00 0.0 0 10.1 25 180 M M 7 1 31 170
9 69 44 57 16 8 0 0.00 0.0 0 9.8 24 180 M M 6 28 180
10 79 40 60 19 5 0 T 0.0 0 17.2 37 240 M M 7 48 240
11 49 26 38 -3 27 0 0.00 0.0 0 12.2 33 320 M M 2 42 320
12 58 24 41 1 24 0 0.00 0.0 0 15.0 29 180 M M 0 34 180
13 67 34 51 11 14 0 0.00 0.0 0 12.9 20 170 M M 1 25 190
14 73 46 60 20 5 0 0.00 0.0 0 17.3 26 180 M M 7 1 31 190
15 77 62 70 30 0 5 0.00 0.0 0 20.2 38 180 M M 9 48 180
16 67 40 54 14 11 0 0.00 0.0 0 12.7 26 340 M M 5 31 360
17 62 45 54 15 11 0 0.00 0.0 0 7.1 24 360 M M 9 1 28 350
18 45 27 36 -3 29 0 0.00 0.0 0 16.8 29 350 M M 4 36 350
19 45 12 29 -10 36 0 0.00 0.0 0 5.4 12 160 M M 3 14 160
20 53 28 41 2 24 0 0.00 0.0 0 7.8 14 180 M M 5 17 180
21 62 29 46 7 19 0 0.00 0.0 0 5.8 17 210 M M 2 20 200
22 62 27 45 6 20 0 0.00 0.0 0 7.2 20 170 M M 1 18 24 180
23 64 36 50 12 15 0 0.00 0.0 0 11.0 17 190 M M 7 12 22 170
24 78 57 68 30 0 3 0.00 0.0 0 19.2 29 210 M M 8 36 220
25 71 44 58 20 7 0 0.00 0.0 0 6.9 24 260 M M 5 33 250
26 75 43 59 21 6 0 0.00 0.0 0 11.1 23 200 M M 7 30 200
27 62 43 53 15 12 0 0.00 0.0 0 9.5 20 30 M M 8 24 30
28 69 45 57 19 8 0 0.00 0.0 0 12.5 30 260 M M 6 40 270
29 62 37 50 12 15 0 T 0.0 0 6.7 17 130 M M 4 20 130
30 65 25 45 7 20 0 0.00 0.0 0 8.2 28 230 M M 4 33 230
31 63 42 53 15 12 0 0.19 0.0 0 10.9 29 140 M M 9 1 33 150
================================================================================
SM 1989 1152 441 8 0.19 0.0 339.0 M 160
================================================================================
AV 64.2 37.2 10.9 FASTST M M 5 MAX(MPH)
MISC ----> # 38 10 # 48 240
================================================================================
NOTES:
# LAST OF SEVERAL OCCURRENCES
COLUMN 17 PEAK WIND IN M.P.H.
PRELIMINARY LOCAL CLIMATOLOGICAL DATA (WS FORM: F-6) , PAGE 2
STATION: OKLAHOMA CITY
MONTH: DECEMBER
YEAR: 2021
LATITUDE: 35 24 N
LONGITUDE: 97 36 W
[TEMPERATURE DATA] [PRECIPITATION DATA] SYMBOLS USED IN COLUMN 16
AVERAGE MONTHLY: 50.7 TOTAL FOR MONTH: 0.19 1 = FOG OR MIST
DPTR FM NORMAL: 10.7 DPTR FM NORMAL: -1.60 2 = FOG REDUCING VISIBILITY
HIGHEST: 79 ON 10 GRTST 24HR 0.19 ON 31-31 TO 1/4 MILE OR LESS
LOWEST: 12 ON 19 3 = THUNDER
SNOW, ICE PELLETS, HAIL 4 = ICE PELLETS
TOTAL MONTH: 0.0 INCH 5 = HAIL
GRTST 24HR 0.0 6 = FREEZING RAIN OR DRIZZLE
GRTST DEPTH: 0 7 = DUSTSTORM OR SANDSTORM:
VSBY 1/2 MILE OR LESS
8 = SMOKE OR HAZE
[NO. OF DAYS WITH] [WEATHER - DAYS WITH] 9 = BLOWING SNOW
X = TORNADO
MAX 32 OR BELOW: 0 0.01 INCH OR MORE: 1
MAX 90 OR ABOVE: 0 0.10 INCH OR MORE: 1
MIN 32 OR BELOW: 11 0.50 INCH OR MORE: 0
MIN 0 OR BELOW: 0 1.00 INCH OR MORE: 0
[HDD (BASE 65) ]
TOTAL THIS MO. 441 CLEAR (SCALE 0-3) 8
DPTR FM NORMAL -335 PTCLDY (SCALE 4-7) 19
TOTAL FM JUL 1 936 CLOUDY (SCALE 8-10) 4
DPTR FM NORMAL -515
[CDD (BASE 65) ]
TOTAL THIS MO. 8
DPTR FM NORMAL 8 [PRESSURE DATA]
TOTAL FM JAN 1 1862 HIGHEST SLP 30.44 ON 19
DPTR FM NORMAL -4 LOWEST SLP 29.44 ON 10
[REMARKS]
#FINAL-12-21#