000
CXUS54 KOUN 271356
CF6OKC
PRELIMINARY LOCAL CLIMATOLOGICAL DATA (WS FORM: F-6)
STATION: OKLAHOMA CITY
MONTH: OCTOBER
YEAR: 2020
LATITUDE: 35 24 N
LONGITUDE: 97 36 W
TEMPERATURE IN F: :PCPN: SNOW: WIND :SUNSHINE: SKY :PK WND
================================================================================
1 2 3 4 5 6A 6B 7 8 9 10 11 12 13 14 15 16 17 18
12Z AVG MX 2MIN
DY MAX MIN AVG DEP HDD CDD WTR SNW DPTH SPD SPD DIR MIN PSBL S-S WX SPD DR
================================================================================
1 74 56 65 -3 0 0 0.00 0.0 0 10.2 20 340 M M 4 24 20
2 71 41 56 -11 9 0 0.00 0.0 0 8.1 18 160 M M 4 23 190
3 74 48 61 -6 4 0 T 0.0 0 8.5 18 360 M M 6 24 10
4 72 48 60 -7 5 0 0.00 0.0 0 7.2 12 100 M M 1 16 100
5 77 44 61 -5 4 0 0.00 0.0 0 12.2 21 160 M M 0 28 160
6 80 51 66 0 0 1 0.00 0.0 0 5.8 12 190 M M 0 15 190
7 88 56 72 6 0 7 0.00 0.0 0 7.8 16 150 M M 1 1 20 140
8 85 56 71 6 0 6 0.00 0.0 0 10.4 18 160 M M 2 1 24 160
9 83 59 71 6 0 6 0.00 0.0 0 9.8 18 200 M M 4 12 29 190
10 82 59 71 7 0 6 0.00 0.0 0 5.4 10 150 M M 3 12 12 140
11 92 58 75 11 0 10 0.00 0.0 0 14.5 39 300 M M 0 8 47 310
12 76 49 63 -1 2 0 0.00 0.0 0 12.1 35 330 M M 2 8 42 360
13 80 43 62 -2 3 0 0.00 0.0 0 9.5 18 180 M M 0 23 200
14 89 50 70 7 0 5 0.00 0.0 0 14.8 26 180 M M 2 33 190
15 71 53 62 -1 3 0 0.00 0.0 0 19.4 43 30 M M 8 54 30
16 67 43 55 -7 10 0 0.00 0.0 0 5.7 17 170 M M 6 8 22 170
17 76 49 63 1 2 0 0.00 0.0 0 17.7 29 180 M M 1 36 170
18 71 45 58 -4 7 0 T 0.0 0 15.9 26 360 M M 9 32 330
19 59 41 50 -12 15 0 T 0.0 0 7.2 15 10 M M 9 1 18 50
20 78 48 63 2 2 0 0.00 0.0 0 8.1 15 10 M M 9 18 19 10
21 85 53 69 8 0 4 0.00 0.0 0 12.3 24 180 M M 4 1 29 170
22 85 66 76 16 0 11 0.00 0.0 0 19.1 31 190 M M 2 37 180
23 72 40 56 -4 9 0 0.00 0.0 0 20.6 35 340 M M 8 41 340
24 55 39 47 -13 18 0 0.00 0.0 0 7.6 18 80 M M 5 21 20
25 47 38 43 -17 22 0 0.01 0.0 0 13.8 22 10 M M 9 1 30 20
26 38 28 33 -26 32 0 1.62 0.2 T 19.1 26 10 M M 10 1346 34 360
27 32 27 30 -29 35 0 1.58 T T 13.2 24 30 M M 10 1346 43 340
28 35 32 34 -24 31 0 1.31 0.0 0 10.3 28 240 M M 10 136 32 230
29 55 33 44 -14 21 0 0.08 0.0 0 15.2 32 350 M M 5 1 40 360
30 67 31 49 -9 16 0 0.00 0.0 0 5.7 12 160 M M 2 8 14 180
31 71 37 54 -3 11 0 0.00 0.0 0 10.4 25 200 M M 3 31 200
================================================================================
SM 2187 1421 261 56 4.60 0.2 357.6 M 139
================================================================================
AV 70.5 45.8 11.5 FASTST M M 4 MAX(MPH)
MISC ----> 43 30 54 30
================================================================================
NOTES:
# LAST OF SEVERAL OCCURRENCES
COLUMN 17 PEAK WIND IN M.P.H.
PRELIMINARY LOCAL CLIMATOLOGICAL DATA (WS FORM: F-6) , PAGE 2
STATION: OKLAHOMA CITY
MONTH: OCTOBER
YEAR: 2020
LATITUDE: 35 24 N
LONGITUDE: 97 36 W
[TEMPERATURE DATA] [PRECIPITATION DATA] SYMBOLS USED IN COLUMN 16
AVERAGE MONTHLY: 58.2 TOTAL FOR MONTH: 4.60 1 = FOG OR MIST
DPTR FM NORMAL: -4.3 DPTR FM NORMAL: 0.89 2 = FOG REDUCING VISIBILITY
HIGHEST: 92 ON 11 GRTST 24HR 1.63 ON 26-27 TO 1/4 MILE OR LESS
LOWEST: 27 ON 27 3 = THUNDER
SNOW, ICE PELLETS, HAIL 4 = ICE PELLETS
TOTAL MONTH: 0.2 INCH 5 = HAIL
GRTST 24HR 0.2 ON 26-26 6 = FREEZING RAIN OR DRIZZLE
GRTST DEPTH: T 7 = DUSTSTORM OR SANDSTORM:
VSBY 1/2 MILE OR LESS
8 = SMOKE OR HAZE
[NO. OF DAYS WITH] [WEATHER - DAYS WITH] 9 = BLOWING SNOW
X = TORNADO
MAX 32 OR BELOW: 1 0.01 INCH OR MORE: 5
MAX 90 OR ABOVE: 1 0.10 INCH OR MORE: 3
MIN 32 OR BELOW: 4 0.50 INCH OR MORE: 3
MIN 0 OR BELOW: 0 1.00 INCH OR MORE: 3
[HDD (BASE 65) ]
TOTAL THIS MO. 261 CLEAR (SCALE 0-3) 12
DPTR FM NORMAL 116 PTCLDY (SCALE 4-7) 11
TOTAL FM JUL 1 292 CLOUDY (SCALE 8-10) 8
DPTR FM NORMAL 128
[CDD (BASE 65) ]
TOTAL THIS MO. 56
DPTR FM NORMAL -11 [PRESSURE DATA]
TOTAL FM JAN 1 1777 HIGHEST SLP 30.42 ON 16
DPTR FM NORMAL -315 LOWEST SLP 29.59 ON 11
[REMARKS]
#FINAL-10-20#
CORRECTED MISSING SNOWFALL/SNOW DEPTH.