000
CXUS55 KGGW 010828
CF6OLF
PRELIMINARY LOCAL CLIMATOLOGICAL DATA (WS FORM: F-6)
STATION: WOLF POINT MT
MONTH: JUNE
YEAR: 2020
LATITUDE: 48 5 N
LONGITUDE: 105 35 W
TEMPERATURE IN F: :PCPN: SNOW: WIND :SUNSHINE: SKY :PK WND
================================================================================
1 2 3 4 5 6A 6B 7 8 9 10 11 12 13 14 15 16 17 18
12Z AVG MX 2MIN
DY MAX MIN AVG DEP HDD CDD WTR SNW DPTH SPD SPD DIR MIN PSBL S-S WX SPD DR
================================================================================
1 81 54 68 9 0 3 T 0.0 0 6.8 15 270 M M 0 8 20 280
2 79 46 63 3 2 0 0.04 M 0 9.8 23 290 M M 1 8 32 290
3 80 45 63 3 2 0 0.00 0.0 0 10.1 29 300 M M 0 8 36 300
4 77 39 58 -2 7 0 0.00 0.0 0 5.2 17 330 M M 1 8 23 330
5 80 37 59 -1 6 0 0.00 0.0 0 8.5 23 90 M M 2 30 80
6 77 61 69 8 0 4 T 0.0 0 16.8 30 100 M M 2 3 39 110
7 78 58 68 7 0 3 T 0.0 0 12.7 31 240 M M 3 8 41 240
8 65 47 56 -5 9 0 0.57 M 0 8.1 17 250 M M 7 1 25 250
9 62 43 53 -9 12 0 0.32 M 0 5.8 18 330 M M 7 138 23 270
10 75 41 58 -4 7 0 0.00 0.0 0 9.3 22 300 M M 2 29 280
11 82 43 63 1 2 0 0.00 0.0 0 5.8 16 260 M M 1 8 21 270
12 88 48 68 6 0 3 0.00 0.0 0 11.6 21 110 M M 0 25 90
13 95 62 79 16 0 14 0.00 0.0 0 14.8 26 110 M M 0 38 130
14 80 47 64 1 1 0 0.09 M 0 9.1 21 290 M M 3 1 29 250
15 80 45 63 0 2 0 T M 0 8.4 20 270 M M 0 24 250
16 77 55 66 3 0 1 0.00 0.0 0 10.1 28 290 M M 1 34 290
17 63 49 56 -8 9 0 0.07 M 0 8.5 15 260 M M 7 1 20 270
18 64 46 55 -9 10 0 0.24 M 0 7.2 20 330 M M 9 1 25 340
19 73 42 58 -6 7 0 0.00 0.0 0 6.2 17 250 M M 2 23 250
20 78 47 63 -1 2 0 T M 0 6.8 17 270 M M 2 23 280
21 75 47 61 -4 4 0 0.05 M 0 4.2 10 80 M M 4 3 14 90
22 79 51 65 0 0 0 0.00 0.0 0 4.7 14 330 M M 4 19 340
23 91 53 72 7 0 7 0.00 0.0 0 4.5 16 280 M M 3 8 22 280
24 94 53 74 8 0 9 0.00 0.0 0 3.3 12 30 M M 0 8 15 250
25 84 54 69 3 0 4 0.05 0.0 0 7.9 25 340 M M 5 3 32 310
26 93 49 71 5 0 6 0.00 0.0 0 5.1 16 210 M M 1 20 210
27 94 56 75 9 0 10 0.33 0.0 0 7.3 29 290 M M 1 138 42 300
28 80 63 72 5 0 7 0.21 0.0 0 8.7 20 340 M M 7 1 24 330
29 77 62 70 3 0 5 0.18 0.0 0 9.2 21 30 M M 8 1 27 30
30 67 54 61 -6 4 0 0.99 0.0 0 5.1 21 260 M M 6 13 25 270
================================================================================
SM 2368 1497 86 76 3.14 0.0 241.6 M 89
================================================================================
AV 78.9 49.9 8.1 FASTST M M 3 MAX(MPH)
MISC ----> # 31 240 # 42 300
================================================================================
NOTES:
# LAST OF SEVERAL OCCURRENCES
COLUMN 17 PEAK WIND IN M.P.H.
PRELIMINARY LOCAL CLIMATOLOGICAL DATA (WS FORM: F-6) , PAGE 2
STATION: WOLF POINT MT
MONTH: JUNE
YEAR: 2020
LATITUDE: 48 5 N
LONGITUDE: 105 35 W
[TEMPERATURE DATA] [PRECIPITATION DATA] SYMBOLS USED IN COLUMN 16
AVERAGE MONTHLY: 64.4 TOTAL FOR MONTH: 3.14 1 = FOG OR MIST
DPTR FM NORMAL: 1.1 DPTR FM NORMAL: 0.43 2 = FOG REDUCING VISIBILITY
HIGHEST: 95 ON 13 GRTST 24HR 0.99 ON 30-30 TO 1/4 MILE OR LESS
LOWEST: 37 ON 5 3 = THUNDER
SNOW, ICE PELLETS, HAIL 4 = ICE PELLETS
TOTAL MONTH: 0.0 INCH 5 = HAIL
GRTST 24HR 0.0 6 = FREEZING RAIN OR DRIZZLE
GRTST DEPTH: 0 7 = DUSTSTORM OR SANDSTORM:
VSBY 1/2 MILE OR LESS
8 = SMOKE OR HAZE
[NO. OF DAYS WITH] [WEATHER - DAYS WITH] 9 = BLOWING SNOW
X = TORNADO
MAX 32 OR BELOW: 0 0.01 INCH OR MORE: 12
MAX 90 OR ABOVE: 5 0.10 INCH OR MORE: 7
MIN 32 OR BELOW: 0 0.50 INCH OR MORE: 2
MIN 0 OR BELOW: 0 1.00 INCH OR MORE: 0
[HDD (BASE 65) ]
TOTAL THIS MO. 86 CLEAR (SCALE 0-3) 20
DPTR FM NORMAL -22 PTCLDY (SCALE 4-7) 8
TOTAL FM JUL 1 8477 CLOUDY (SCALE 8-10) 2
DPTR FM NORMAL -298
[CDD (BASE 65) ]
TOTAL THIS MO. 76
DPTR FM NORMAL 21 [PRESSURE DATA]
TOTAL FM JAN 1 94 HIGHEST SLP M ON M
DPTR FM NORMAL 30 LOWEST SLP 29.14 ON 7
[REMARKS]
#FINAL-06-20#