000
CXUS55 KTWC 010855
CF6OLS
PRELIMINARY LOCAL CLIMATOLOGICAL DATA (WS FORM: F-6)
STATION: NOGALES AZ AIRPORT
MONTH: OCTOBER
YEAR: 2022
LATITUDE: 31 25 N
LONGITUDE: 110 51 W
TEMPERATURE IN F: :PCPN: SNOW: WIND :SUNSHINE: SKY :PK WND
================================================================================
1 2 3 4 5 6A 6B 7 8 9 10 11 12 13 14 15 16 17 18
12Z AVG MX 2MIN
DY MAX MIN AVG DEP HDD CDD WTR SNW DPTH SPD SPD DIR MIN PSBL S-S WX SPD DR
================================================================================
1 83 57 70 -1 0 5 0.00 M M 7.3 21 170 M M 2 31 170
2 88 55 72 1 0 7 T M M 4.2 16 170 M M 2 22 170
3 88 54 71 1 0 6 0.00 M M 3.1 12 260 M M 0 17 240
4 85 54 70 0 0 5 0.05 M M 5.8 24 40 M M 2 1 40 30
5 82 53 68 -2 0 3 0.00 M M 4.4 21 50 M M 1 3 30 40
6 81 54 68 -1 0 3 0.69 M M 3.9 20 130 M M 2 13 27 110
7 80 53 67 -2 0 2 0.46 M M 5.8 18 170 M M 4 13 29 170
8 75 51 63 -6 2 0 0.05 M M 3.9 14 150 M M 3 3 21 120
9 79 49 64 -4 1 0 0.03 M M 5.1 17 220 M M 2 21 220
10 79 51 65 -3 0 0 0.04 M M 4.1 16 210 M M M 3 22 220
11 82 50 66 -2 0 1 0.00 M M 3.1 9 90 M M M 11 250
12 86 51 69 2 0 4 0.00 M M M M 90 M M M 9 90
13 86 54 70 3 0 5 0.00 M M 3.2 9 9 M M M 14 350
14 81 57 69 2 0 4 0.00 M M 4.3 14 210 M M M 19 21
15 82 59 71 5 0 6 T M M 9.0 22 200 M M M 34 210
16 74 50 62 -4 3 0 T M M 4.4 15 190 M M M 23 200
17 76 46 61 -5 4 0 0.00 M M 3.7 17 110 M M M 22 110
18 80 51 66 0 0 1 0.00 M M 8.7 21 120 M M M 28 100
19 82 56 69 4 0 4 0.00 M M 7.0 18 100 M M M 31 80
20 85 48 67 2 0 2 0.00 M M 4.0 13 200 M M M 18 240
21 85 52 69 4 0 4 0.00 M M 5.2 18 230 M M 1 27 220
22 81 57 69 5 0 4 0.00 M M 8.8 23 210 M M 3 33 200
23 71 54 63 -1 2 0 T M M 10.2 22 170 M M 3 30 160
24 64 37 51 -13 14 0 0.08 M M 5.8 16 330 M M 3 1 27 330
25 75 32 54 -10 11 0 0.00 M M 2.5 9 320 M M 0 14 300
26 79 39 59 -4 6 0 0.00 M M 3.7 16 240 M M 0 24 210
27 75 43 59 -4 6 0 0.00 M M 4.8 17 300 M M 0 28 330
28 75 36 56 -7 9 0 0.00 M M 5.7 14 190 M M 0 17 160
29 79 39 59 -3 6 0 0.00 M M M 8 80 M M M 11 50
30 77 38 58 -4 7 0 0.00 M M 3.9 14 240 M M M 19 240
31 77 37 57 -5 8 0 0.00 M M M M M M M M M M
================================================================================
SM 2472 1517 79 66 1.40 M 145.6 M 28
================================================================================
AV 79.7 48.9 5.2 FASTST M M 2 MAX(MPH)
MISC ----> 24 40 40 30
================================================================================
NOTES:
# LAST OF SEVERAL OCCURRENCES
COLUMN 17 PEAK WIND IN M.P.H.
PRELIMINARY LOCAL CLIMATOLOGICAL DATA (WS FORM: F-6) , PAGE 2
STATION: NOGALES AZ AIRPORT
MONTH: OCTOBER
YEAR: 2022
LATITUDE: 31 25 N
LONGITUDE: 110 51 W
[TEMPERATURE DATA] [PRECIPITATION DATA] SYMBOLS USED IN COLUMN 16
AVERAGE MONTHLY: 64.3 TOTAL FOR MONTH: 1.40 1 = FOG OR MIST
DPTR FM NORMAL: -2.0 DPTR FM NORMAL: 0.75 2 = FOG REDUCING VISIBILITY
HIGHEST: 88 ON 3, 2 GRTST 24HR 1.07 ON 6- 7 TO 1/4 MILE OR LESS
LOWEST: 32 ON 25 3 = THUNDER
SNOW, ICE PELLETS, HAIL 4 = ICE PELLETS
TOTAL MONTH: M 5 = HAIL
GRTST 24HR M ON M 6 = FREEZING RAIN OR DRIZZLE
GRTST DEPTH: M ON M 7 = DUSTSTORM OR SANDSTORM:
VSBY 1/2 MILE OR LESS
8 = SMOKE OR HAZE
[NO. OF DAYS WITH] [WEATHER - DAYS WITH] 9 = BLOWING SNOW
X = TORNADO
MAX 32 OR BELOW: 0 0.01 INCH OR MORE: 7
MAX 90 OR ABOVE: 0 0.10 INCH OR MORE: 2
MIN 32 OR BELOW: 1 0.50 INCH OR MORE: 1
MIN 0 OR BELOW: 0 1.00 INCH OR MORE: 0
[HDD (BASE 65) ]
TOTAL THIS MO. 79 CLEAR (SCALE 0-3) 15
DPTR FM NORMAL 24 PTCLDY (SCALE 4-7) 2
TOTAL FM JUL 1 79 CLOUDY (SCALE 8-10) 14
DPTR FM NORMAL 23
[CDD (BASE 65) ]
TOTAL THIS MO. 66
DPTR FM NORMAL -29 [PRESSURE DATA]
TOTAL FM JAN 1 2118 HIGHEST SLP M ON M
DPTR FM NORMAL 150 LOWEST SLP 29.65 ON 22
[REMARKS]
#FINAL-10-22#