000
CXUS55 KTWC 010855
CF6OLS
PRELIMINARY LOCAL CLIMATOLOGICAL DATA (WS FORM: F-6)
STATION: NOGALES AZ AIRPORT
MONTH: JANUARY
YEAR: 2024
LATITUDE: 31 25 N
LONGITUDE: 110 51 W
TEMPERATURE IN F: :PCPN: SNOW: WIND :SUNSHINE: SKY :PK WND
================================================================================
1 2 3 4 5 6A 6B 7 8 9 10 11 12 13 14 15 16 17 18
12Z AVG MX 2MIN
DY MAX MIN AVG DEP HDD CDD WTR SNW DPTH SPD SPD DIR MIN PSBL S-S WX SPD DR
================================================================================
1 65 33 49 0 16 0 T M M 5.9 21 190 M M 1 29 180
2 58 36 47 -2 18 0 0.01 M M 3.7 12 280 M M 3 18 300
3 65 31 48 -1 17 0 T M M 6.8 21 280 M M 0 33 280
4 51 31 41 -8 24 0 0.09 M M 5.8 21 290 M M 5 1 33 260
5 53 26 40 -9 25 0 0.00 M M 3.4 12 280 M M 0 17 330
6 54 25 40 -9 25 0 0.00 M M 3.3 10 260 M M 0 13 260
7 56 27 42 -8 23 0 0.15 M M 8.1 29 220 M M 3 1 42 290
8 42 21 32 -18 33 0 0.00 0.0 0 4.9 15 310 M M M 26 300
9 53 19 36 -14 29 0 0.00 M M 3.2 10 260 M M 0 16 250
10 61 25 43 -7 22 0 0.00 0.0 0 5.3 17 230 M M M 25 230
11 50 27 39 -11 26 0 0.01 M M 9.4 25 200 M M 3 1 36 250
12 57 20 39 -11 26 0 0.00 M M 3.6 8 90 M M 0 14 330
13 65 27 46 -4 19 0 0.00 0.0 0 2.5 9 280 M M M 15 310
14 68 33 51 1 14 0 0.00 0.0 0 4.7 16 260 M M M 24 260
15 67 31 49 -1 16 0 0.00 M M 2.3 10 260 M M 0 15 290
16 68 30 49 -1 16 0 0.00 M M 3.2 12 330 M M 0 16 320
17 73 32 53 3 12 0 0.00 M M 3.9 16 250 M M 0 21 270
18 73 37 55 5 10 0 0.00 M M 3.1 13 210 M M 0 17 280
19 74 36 55 5 10 0 0.00 M M 2.6 10 240 M M 0 16 250
20 72 40 56 6 9 0 T M M 5.6 21 230 M M 2 29 230
21 59 47 53 3 12 0 0.48 M M 6.7 21 210 M M 10 13 32 220
22 59 45 52 2 13 0 0.11 M M 6.3 16 200 M M 7 26 200
23 52 41 47 -3 18 0 0.63 M M 7.1 16 160 M M 10 1 24 340
24 55 43 49 -1 16 0 T M M 2.2 7 250 M M 9 9 20
25 60 36 48 -2 17 0 0.00 M M 2.9 12 260 M M 3 16 280
26 60 37 49 -1 16 0 0.00 M M 4.3 14 320 M M 1 21 310
27 68 39 54 4 11 0 0.00 M M 8.8 21 100 M M 0 28 110
28 74 38 56 6 9 0 0.00 M M 5.8 14 170 M M 0 18 170
29 77 39 58 8 7 0 0.00 M M 3.5 10 280 M M 0 14 280
30 72 43 58 7 7 0 0.00 M M 4.4 16 170 M M 0 19 180
31 73 41 57 6 8 0 0.00 M M 3.5 13 250 M M 1 17 230
================================================================================
SM 1934 1036 524 0 1.48 0.0 146.8 M 58
================================================================================
AV 62.4 33.4 4.7 FASTST M M 2 MAX(MPH)
MISC ----> 29 220 42 290
================================================================================
NOTES:
# LAST OF SEVERAL OCCURRENCES
COLUMN 17 PEAK WIND IN M.P.H.
PRELIMINARY LOCAL CLIMATOLOGICAL DATA (WS FORM: F-6) , PAGE 2
STATION: NOGALES AZ AIRPORT
MONTH: JANUARY
YEAR: 2024
LATITUDE: 31 25 N
LONGITUDE: 110 51 W
[TEMPERATURE DATA] [PRECIPITATION DATA] SYMBOLS USED IN COLUMN 16
AVERAGE MONTHLY: 47.9 TOTAL FOR MONTH: 1.48 1 = FOG OR MIST
DPTR FM NORMAL: -2.1 DPTR FM NORMAL: 0.64 2 = FOG REDUCING VISIBILITY
HIGHEST: 77 ON 29 GRTST 24HR 0.63 ON 23-23 TO 1/4 MILE OR LESS
LOWEST: 19 ON 9 3 = THUNDER
SNOW, ICE PELLETS, HAIL 4 = ICE PELLETS
TOTAL MONTH: 0.0 INCH 5 = HAIL
GRTST 24HR 0.0 6 = FREEZING RAIN OR DRIZZLE
GRTST DEPTH: 0 7 = DUSTSTORM OR SANDSTORM:
VSBY 1/2 MILE OR LESS
8 = SMOKE OR HAZE
[NO. OF DAYS WITH] [WEATHER - DAYS WITH] 9 = BLOWING SNOW
X = TORNADO
MAX 32 OR BELOW: 0 0.01 INCH OR MORE: 7
MAX 90 OR ABOVE: 0 0.10 INCH OR MORE: 4
MIN 32 OR BELOW: 14 0.50 INCH OR MORE: 1
MIN 0 OR BELOW: 0 1.00 INCH OR MORE: 0
[HDD (BASE 65) ]
TOTAL THIS MO. 524 CLEAR (SCALE 0-3) 22
DPTR FM NORMAL 57 PTCLDY (SCALE 4-7) 2
TOTAL FM JUL 1 1113 CLOUDY (SCALE 8-10) 7
DPTR FM NORMAL -152
[CDD (BASE 65) ]
TOTAL THIS MO. 0
DPTR FM NORMAL 0 [PRESSURE DATA]
TOTAL FM JAN 1 0 HIGHEST SLP M ON M
DPTR FM NORMAL 0 LOWEST SLP 29.64 ON 7
[REMARKS]
#FINAL-01-24#