000
CXAK56 PAFG 281200
CF6OME
PRELIMINARY LOCAL CLIMATOLOGICAL DATA (WS FORM: F-6)
STATION: NOME AK
MONTH: MARCH
YEAR: 2024
LATITUDE: 64 30 N
LONGITUDE: 165 26 W
TEMPERATURE IN F: :PCPN: SNOW: WIND :SUNSHINE: SKY :PK WND
================================================================================
1 2 3 4 5 6A 6B 7 8 9 10 11 12 13 14 15 16 17 18
12Z AVG MX 2MIN
DY MAX MIN AVG DEP HDD CDD WTR SNW DPTH SPD SPD DIR MIN PSBL S-S WX SPD DR
================================================================================
1 4 -16 -6 -15 71 0 T M M 2.6 9 60 M M 0 12 70
2 16 -6 5 -4 60 0 0.00 M M 16.9 26 90 M M 1 38 60
3 28 11 20 11 45 0 0.18 M M 17.1 29 90 M M 10 12 40 70
4 31 24 28 19 37 0 0.30 M M 12.4 22 70 M M 9 19 29 70
5 29 24 27 18 38 0 0.03 M M 8.3 15 40 M M 10 189 21 40
6 28 21 25 16 40 0 0.02 M M 13.8 23 20 M M 10 1 29 30
7 24 -5 10 1 55 0 0.00 M M 4.2 15 10 M M 2 8 19 20
8 12 -10 1 -8 64 0 0.00 M M 3.2 20 350 M M 0 22 350
9 8 -10 -1 -10 66 0 0.00 M M 6.7 18 330 M M 0 21 330
10 5 -20 -7 -15 72 0 0.00 M M 2.0 10 290 M M 0 8 12 280
11 2 -24 -11 -19 76 0 0.00 M M 1.3 8 10 M M 0 10 330
12 2 -23 -10 -18 75 0 T M M 1.4 9 320 M M 0 10 330
13 8 -19 -5 -13 70 0 T M M 1.0 10 320 M M 0 12 310
14 6 -21 -7 -16 72 0 T M M 0.9 7 10 M M 0 8 8 110
15 11 -20 -4 -13 69 0 T M M 3.8 22 360 M M 0 8 25 360
16 10 -4 3 -6 62 0 T M M 10.2 21 20 M M 0 26 360
17 8 -7 1 -8 64 0 T M M 8.1 15 40 M M 2 22 350
18 15 6 11 2 54 0 T M M 12.4 24 70 M M 10 18 36 80
19 28 15 22 13 43 0 0.34 M M 24.6 32 90 M M 7 12689 45 90
20 33 28 31 22 34 0 0.03 M M 21.6 30 160 M M 10 16 42 170
21 33 32 33 23 32 0 0.34 M M 15.2 23 120 M M 10 1 32 120
22 34 14 24 14 41 0 0.21 M M 15.0 28 270 M M 9 126 35 270
23 27 4 16 6 49 0 0.00 M M 7.0 17 40 M M 2 21 360
24 25 20 23 13 42 0 0.01 M M 16.8 26 10 M M 10 18 34 20
25 35 23 29 18 36 0 0.13 M M 12.1 24 350 M M 10 1 30 350
26 23 16 20 9 45 0 0.09 M M 8.8 13 240 M M 10 18 16 220
27 19 5 12 1 53 0 0.01 M M 8.9 17 70 M M 5 18 25 70
================================================================================
SM 504 58 1465 0 1.69 M 256.3 M 127
================================================================================
AV 18.7 2.1 9.5 FASTST M M 5 MAX(MPH)
MISC ----> 32 90 45 90
================================================================================
NOTES:
# LAST OF SEVERAL OCCURRENCES
COLUMN 17 PEAK WIND IN M.P.H.
PRELIMINARY LOCAL CLIMATOLOGICAL DATA (WS FORM: F-6) , PAGE 2
STATION: NOME AK
MONTH: MARCH
YEAR: 2024
LATITUDE: 64 30 N
LONGITUDE: 165 26 W
[TEMPERATURE DATA] [PRECIPITATION DATA] SYMBOLS USED IN COLUMN 16
AVERAGE MONTHLY: 10.4 TOTAL FOR MONTH: 1.69 1 = FOG OR MIST
DPTR FM NORMAL: 1.2 DPTR FM NORMAL: 1.04 2 = FOG REDUCING VISIBILITY
HIGHEST: 35 ON 25 GRTST 24HR 0.50 ON 21-22 TO 1/4 MILE OR LESS
LOWEST: -24 ON 11 3 = THUNDER
SNOW, ICE PELLETS, HAIL 4 = ICE PELLETS
TOTAL MONTH: M 5 = HAIL
GRTST 24HR M ON M 6 = FREEZING RAIN OR DRIZZLE
GRTST DEPTH: M ON M 7 = DUSTSTORM OR SANDSTORM:
VSBY 1/2 MILE OR LESS
8 = SMOKE OR HAZE
[NO. OF DAYS WITH] [WEATHER - DAYS WITH] 9 = BLOWING SNOW
X = TORNADO
MAX 32 OR BELOW: 23 0.01 INCH OR MORE: 12
MAX 90 OR ABOVE: 0 0.10 INCH OR MORE: 6
MIN 32 OR BELOW: 27 0.50 INCH OR MORE: 0
MIN 0 OR BELOW: 13 1.00 INCH OR MORE: 0
[HDD (BASE 65) ]
TOTAL THIS MO. 1465 CLEAR (SCALE 0-3) 14
DPTR FM NORMAL -38 PTCLDY (SCALE 4-7) 2
TOTAL FM JUL 1 10357 CLOUDY (SCALE 8-10) 11
DPTR FM NORMAL -281
[CDD (BASE 65) ]
TOTAL THIS MO. 0
DPTR FM NORMAL 0 [PRESSURE DATA]
TOTAL FM JAN 1 0 HIGHEST SLP M ON M
DPTR FM NORMAL 0 LOWEST SLP 29.23 ON 24
[REMARKS]