000
CXUS56 KBOI 191002
CF6ONO
PRELIMINARY LOCAL CLIMATOLOGICAL DATA (WS FORM: F-6)
STATION: ONTARIO OR
MONTH: APRIL
YEAR: 2024
LATITUDE: 44 1 N
LONGITUDE: 117 1 W
TEMPERATURE IN F: :PCPN: SNOW: WIND :SUNSHINE: SKY :PK WND
================================================================================
1 2 3 4 5 6A 6B 7 8 9 10 11 12 13 14 15 16 17 18
12Z AVG MX 2MIN
DY MAX MIN AVG DEP HDD CDD WTR SNW DPTH SPD SPD DIR MIN PSBL S-S WX SPD DR
================================================================================
1 71 40 56 7 9 0 0.00 M M 11.8 24 320 M M 0 30 310
2 74 41 58 8 7 0 0.00 M M 3.8 13 350 M M 0 16 340
3 65 45 55 5 10 0 0.21 M M 6.8 32 330 M M 7 3 44 330
4 53 40 47 -3 18 0 0.42 M M 4.5 22 340 M M 9 1 29 340
5 50 38 44 -6 21 0 0.21 M M 11.5 21 330 M M 10 1 26 250
6 54 39 47 -3 18 0 0.00 M M 7.7 16 260 M M 9 21 260
7 57 36 47 -3 18 0 0.00 M M 5.4 17 290 M M 4 25 320
8 61 33 47 -4 18 0 0.00 M M 4.7 10 110 M M 2 16 140
9 69 39 54 3 11 0 0.00 M M 3.2 13 300 M M 4 18 300
10 66 42 54 3 11 0 0.00 M M 5.0 16 300 M M 0 8 20 300
11 69 35 52 1 13 0 0.00 M M 4.0 13 260 M M 1 16 250
12 82 42 62 10 3 0 0.07 M M 7.2 24 150 M M 2 38 36 140
13 79 47 63 11 2 0 0.00 M M 5.1 13 320 M M 0 18 310
14 77 50 64 12 1 0 T M M 8.9 24 160 M M 2 33 160
15 70 44 57 5 8 0 0.00 M M 12.0 24 320 M M 3 34 330
16 62 44 53 1 12 0 0.00 M M 10.0 30 330 M M 5 40 330
17 58 37 48 -5 17 0 0.00 M M 12.9 25 320 M M 2 35 310
18 61 28 45 -8 20 0 0.00 M M 5.1 20 140 M M 0 28 140
================================================================================
SM 1178 720 217 0 0.91 M 129.6 M 60
================================================================================
AV 65.4 40.0 7.2 FASTST M M 3 MAX(MPH)
MISC ----> 32 330 44 330
================================================================================
NOTES:
# LAST OF SEVERAL OCCURRENCES
COLUMN 17 PEAK WIND IN M.P.H.
PRELIMINARY LOCAL CLIMATOLOGICAL DATA (WS FORM: F-6) , PAGE 2
STATION: ONTARIO OR
MONTH: APRIL
YEAR: 2024
LATITUDE: 44 1 N
LONGITUDE: 117 1 W
[TEMPERATURE DATA] [PRECIPITATION DATA] SYMBOLS USED IN COLUMN 16
AVERAGE MONTHLY: 52.7 TOTAL FOR MONTH: 0.91 1 = FOG OR MIST
DPTR FM NORMAL: 1.7 DPTR FM NORMAL: 0.42 2 = FOG REDUCING VISIBILITY
HIGHEST: 82 ON 12 GRTST 24HR 0.63 ON 4- 5 TO 1/4 MILE OR LESS
LOWEST: 28 ON 18 3 = THUNDER
SNOW, ICE PELLETS, HAIL 4 = ICE PELLETS
TOTAL MONTH: M 5 = HAIL
GRTST 24HR M ON M 6 = FREEZING RAIN OR DRIZZLE
GRTST DEPTH: M ON M 7 = DUSTSTORM OR SANDSTORM:
VSBY 1/2 MILE OR LESS
8 = SMOKE OR HAZE
[NO. OF DAYS WITH] [WEATHER - DAYS WITH] 9 = BLOWING SNOW
X = TORNADO
MAX 32 OR BELOW: 0 0.01 INCH OR MORE: 4
MAX 90 OR ABOVE: 0 0.10 INCH OR MORE: 3
MIN 32 OR BELOW: 1 0.50 INCH OR MORE: 0
MIN 0 OR BELOW: 0 1.00 INCH OR MORE: 0
[HDD (BASE 65) ]
TOTAL THIS MO. 217 CLEAR (SCALE 0-3) 11
DPTR FM NORMAL -32 PTCLDY (SCALE 4-7) 4
TOTAL FM JUL 1 4495 CLOUDY (SCALE 8-10) 3
DPTR FM NORMAL -405
[CDD (BASE 65) ]
TOTAL THIS MO. 0
DPTR FM NORMAL 0 [PRESSURE DATA]
TOTAL FM JAN 1 0 HIGHEST SLP M ON M
DPTR FM NORMAL 0 LOWEST SLP 29.55 ON 4
[REMARKS]