000
CXUS51 KAKQ 042010
CLMORF
CLIMATE REPORT
NATIONAL WEATHER SERVICE WAKEFIELD VA
410 PM EDT SAT NOV 04 2023
...................................
...THE NORFOLK VA CLIMATE SUMMARY FOR THE MONTH OF OCTOBER 2023...
CLIMATE NORMAL PERIOD: 1991 TO 2020
CLIMATE RECORD PERIOD: 1871 TO 2023
WEATHER OBSERVED NORMAL DEPART LAST YEAR`S
VALUE DATE(S) VALUE FROM VALUE DATE(S)
NORMAL
................................................................
TEMPERATURE (F)
RECORD
HIGH 95 10/04/1954
LOW 27 10/29/1976
HIGHEST 85 10/29 86 -1 81 10/07
10/30
LOWEST 44 10/24 40 4 37 10/20
AVG. MAXIMUM 72.5 72.3 0.2 67.6
AVG. MINIMUM 55.1 55.1 -0.0 52.7
MEAN 63.8 63.7 0.1 60.2
DAYS MAX >= 90 0 0.1 -0.1 0
DAYS MAX <= 32 0 0.0 0.0 0
DAYS MIN <= 32 0 0.0 0.0 0
DAYS MIN <= 0 0 0.0 0.0 0
PRECIPITATION (INCHES)
RECORD
MAXIMUM 10.12 1971
MINIMUM 0.01 2000
TOTALS 1.13 3.86 -2.73 2.00
DAILY AVG. 0.04 0.12 -0.08 0.06
DAYS >= .01 6 7.7 -1.7 8
DAYS >= .10 2 5.2 -3.2 6
DAYS >= .50 1 2.3 -1.3 2
DAYS >= 1.00 0 1.0 -1.0 0
GREATEST
24 HR. TOTAL 0.76 10/14 TO 10/15
SNOWFALL (INCHES)
RECORDS
TOTAL 0.0 0
TOTALS 0.0
SINCE 7/1 0.0 0.0 0.0 MM
SNOWDEPTH AVG. 0 0
DAYS >= 1.0 0 0.0 0.0 0
GREATEST
SNOW DEPTH 0 0 MM
24 HR TOTAL 0.0 MM 0.0
DEGREE DAYS
HEATING TOTAL 92
SINCE 7/1 92 120 -28 MM
COOLING TOTAL 62 75 -13 22
SINCE 1/1 1743 1860 -117 MM
................................................................
WIND (MPH)
AVERAGE WIND SPEED 6.5
HIGHEST WIND SPEED/DIRECTION 29/020 DATE 10/30
HIGHEST GUST SPEED/DIRECTION 41/030 DATE 10/30
SKY COVER
POSSIBLE SUNSHINE (PERCENT) MM
AVERAGE SKY COVER 0.22
AVERAGE RH (PERCENT) 72
WEATHER CONDITIONS. NUMBER OF DAYS WITH
THUNDERSTORM 0 MIXED PRECIP 0
HEAVY RAIN 1 RAIN 4
LIGHT RAIN 10 FREEZING RAIN 0
LT FREEZING RAIN 0 HAIL 0
HEAVY SNOW 0 SNOW 0
LIGHT SNOW 0 SLEET 0
FOG 12 FOG W/VIS <= 1/4 MILE 0
HAZE 1
- INDICATES NEGATIVE NUMBERS.
R INDICATES RECORD WAS SET OR TIED.
MM INDICATES DATA IS MISSING.
T INDICATES TRACE AMOUNT.
$$