000
CXUS52 KMLB 040334
CF6ORL
PRELIMINARY LOCAL CLIMATOLOGICAL DATA (WS FORM: F-6)
STATION: ORLANDO EXEC
MONTH: DECEMBER
YEAR: 2022
LATITUDE: 28 32 N
LONGITUDE: 81 20 W
TEMPERATURE IN F: :PCPN: SNOW: WIND :SUNSHINE: SKY :PK WND
================================================================================
1 2 3 4 5 6A 6B 7 8 9 10 11 12 13 14 15 16 17 18
12Z AVG MX 2MIN
DY MAX MIN AVG DEP HDD CDD WTR SNW DPTH SPD SPD DIR MIN PSBL S-S WX SPD DR
================================================================================
1 77 62 70 4 0 5 0.00 0.0 0 10.5 20 70 M M 2 25 10
2 80 63 72 6 0 7 0.00 0.0 0 8.3 21 80 M M 4 26 40
3 82 62 72 6 0 7 0.00 0.0 0 4.0 12 80 M M 3 17 110
4 80 61 71 5 0 6 0.00 0.0 0 3.2 12 320 M M 2 15 360
5 78 63 71 6 0 6 0.00 0.0 0 2.7 9 70 M M 5 11 20
6 82 62 72 7 0 7 0.00 0.0 0 2.8 12 70 M M 5 1 13 80
7 82 63 73 8 0 8 0.00 0.0 0 3.5 12 70 M M 2 14 70
8 83 64 74 9 0 9 0.00 0.0 0 2.6 9 80 M M 2 13 40
9 82 64 73 8 0 8 0.00 0.0 0 4.2 10 290 M M 1 13 310
10 80 63 72 7 0 7 0.00 0.0 0 6.3 15 30 M M 4 12 20 30
11 71 63 67 3 0 2 0.00 0.0 0 7.2 13 10 M M 10 16 360
12 74 61 68 4 0 3 0.00 0.0 0 6.2 14 20 M M 5 16 20
13 75 60 68 4 0 3 0.03 0.0 0 9.2 20 70 M M 5 18 23 100
14 79 66 73 9 0 8 0.01 0.0 0 8.7 16 150 M M 5 1 20 120
15 74 64 69 5 0 4 0.80 0.0 0 9.6 17 180 M M 4 13 25 180
16 68 55 62 -2 3 0 T 0.0 0 5.8 15 340 M M 5 19 10
17 70 51 61 -3 4 0 T 0.0 0 4.3 10 50 M M 4 14 60
18 67 52 60 -3 5 0 0.02 0.0 0 6.4 14 350 M M 2 18 340
19 72 47 60 -3 5 0 0.00 0.0 0 5.9 14 80 M M 0 19 90
20 68 58 63 0 2 0 0.05 0.0 0 4.4 10 170 M M 4 14 170
21 65 58 62 -1 3 0 0.54 0.0 0 7.1 15 360 M M 10 1 21 350
22 67 57 62 -1 3 0 0.01 0.0 0 4.2 10 270 M M 7 12 12 280
23 71 41 56 -7 9 0 T 0.0 0 12.2 22 290 M M 3 18 26 290
24 45 31 38 -25 27 0 0.00 0.0 0 9.1 17 330 M M 0 23 330
25 47 30 39 -23 26 0 0.00 0.0 0 7.4 14 330 M M 0 19 320
26 56 38 47 -15 18 0 0.00 0.0 0 5.7 12 340 M M 0 14 330
27 64 43 54 -8 11 0 0.00 0.0 0 6.6 13 20 M M 1 16 350
28 74 46 60 -2 5 0 0.00 0.0 0 4.4 13 70 M M 0 15 70
29 80 54 67 5 0 2 0.00 0.0 0 5.4 16 110 M M 1 20 100
30 80 56 68 6 0 3 0.00 0.0 0 4.9 12 90 M M 0 1 16 70
31 76 64 70 8 0 5 T 0.0 0 5.5 16 200 M M 5 12 19 190
================================================================================
SM 2249 1722 121 100 1.46 0.0 188.3 M 101
================================================================================
AV 72.5 55.5 6.1 FASTST M M 3 MAX(MPH)
MISC ----> 22 290 # 26 40
================================================================================
NOTES:
# LAST OF SEVERAL OCCURRENCES
COLUMN 17 PEAK WIND IN M.P.H.
PRELIMINARY LOCAL CLIMATOLOGICAL DATA (WS FORM: F-6) , PAGE 2
STATION: ORLANDO EXEC
MONTH: DECEMBER
YEAR: 2022
LATITUDE: 28 32 N
LONGITUDE: 81 20 W
[TEMPERATURE DATA] [PRECIPITATION DATA] SYMBOLS USED IN COLUMN 16
AVERAGE MONTHLY: 64.0 TOTAL FOR MONTH: 1.46 1 = FOG OR MIST
DPTR FM NORMAL: 0.2 DPTR FM NORMAL: -0.82 2 = FOG REDUCING VISIBILITY
HIGHEST: 83 ON 8 GRTST 24HR 0.80 ON 15-15 TO 1/4 MILE OR LESS
LOWEST: 30 ON 25 3 = THUNDER
SNOW, ICE PELLETS, HAIL 4 = ICE PELLETS
TOTAL MONTH: 0.0 INCH 5 = HAIL
GRTST 24HR 0.0 6 = FREEZING RAIN OR DRIZZLE
GRTST DEPTH: 0 7 = DUSTSTORM OR SANDSTORM:
VSBY 1/2 MILE OR LESS
8 = SMOKE OR HAZE
[NO. OF DAYS WITH] [WEATHER - DAYS WITH] 9 = BLOWING SNOW
X = TORNADO
MAX 32 OR BELOW: 0 0.01 INCH OR MORE: 7
MAX 90 OR ABOVE: 0 0.10 INCH OR MORE: 2
MIN 32 OR BELOW: 2 0.50 INCH OR MORE: 2
MIN 0 OR BELOW: 0 1.00 INCH OR MORE: 0
[HDD (BASE 65) ]
TOTAL THIS MO. 121 CLEAR (SCALE 0-3) 16
DPTR FM NORMAL 1 PTCLDY (SCALE 4-7) 13
TOTAL FM JUL 1 144 CLOUDY (SCALE 8-10) 2
DPTR FM NORMAL -15
[CDD (BASE 65) ]
TOTAL THIS MO. 100
DPTR FM NORMAL 17 [PRESSURE DATA]
TOTAL FM JAN 1 4413 HIGHEST SLP 30.37 ON 25
DPTR FM NORMAL 720 LOWEST SLP 29.87 ON 15
[REMARKS]
#FINAL-12-22#