000
CXUS53 KGRB 041306
CF6OSH
PRELIMINARY LOCAL CLIMATOLOGICAL DATA (WS FORM: F-6)
STATION: OSHKOSH WI
MONTH: AUGUST
YEAR: 2023
LATITUDE: 44 0 N
LONGITUDE: 88 34 W
TEMPERATURE IN F: :PCPN: SNOW: WIND :SUNSHINE: SKY :PK WND
================================================================================
1 2 3 4 5 6A 6B 7 8 9 10 11 12 13 14 15 16 17 18
12Z AVG MX 2MIN
DY MAX MIN AVG DEP HDD CDD WTR SNW DPTH SPD SPD DIR MIN PSBL S-S WX SPD DR
================================================================================
1 82 58 70 -1 0 5 0.00 0.0 0 3.5 14 110 M M 0 1 17 120
2 85 65 75 4 0 10 0.00 0.0 0 8.4 16 100 M M 2 1 24 230
3 89 68 79 8 0 14 0.42 0.0 0 6.8 40 30 M M 3 138 56 30
4 82 64 73 2 0 8 0.00 0.0 0 5.5 14 100 M M 0 18 21 100
5 79 68 74 3 0 9 0.00 0.0 0 9.1 16 100 M M 2 21 100
6 79 62 71 0 0 6 0.00 0.0 0 6.6 15 40 M M 1 1 20 50
7 79 64 72 1 0 7 0.00 0.0 0 5.4 12 50 M M 1 19 80
8 82 62 72 1 0 7 T 0.0 0 4.4 33 10 M M 3 3 49 10
9 84 62 73 2 0 8 0.10 0.0 0 6.0 16 360 M M 3 13 23 220
10 81 62 72 2 0 7 T 0.0 0 5.9 15 300 M M 1 1 21 330
11 84 62 73 3 0 8 0.19 0.0 0 6.6 32 300 M M 5 13 52 280
12 81 62 72 2 0 7 0.00 0.0 0 7.9 16 290 M M 7 28 290
13 69 58 64 -6 1 0 0.01 0.0 0 6.2 14 50 M M 7 19 50
14 67 61 64 -6 1 0 1.14 0.0 0 11.2 22 20 M M 10 1 34 60
15 77 57 67 -3 0 2 0.00 0.0 0 7.3 15 340 M M 2 20 340
16 80 60 70 0 0 5 0.00 0.0 0 11.7 23 200 M M 0 36 210
17 72 58 65 -5 0 0 0.20 0.0 0 11.9 26 330 M M 4 13 37 330
18 76 54 65 -4 0 0 0.00 0.0 0 5.9 10 190 M M 0 1 14 250
19 83 58 71 2 0 6 0.00 0.0 0 11.7 23 190 M M 1 1 31 180
20 86 68 77 8 0 12 0.00 0.0 0 7.5 15 110 M M 2 19 70
21 78 65 72 3 0 7 0.00 0.0 0 8.5 14 40 M M 5 19 110
22 82 68 75 6 0 10 0.00 0.0 0 8.2 16 130 M M 5 1 21 130
23 98 68 83 14 0 18 0.00 0.0 0 7.9 15 20 M M 1 1 23 280
24 84 69 77 9 0 12 0.00 0.0 0 6.3 14 20 M M 8 18 18 20
25 81 66 74 6 0 9 0.23 0.0 0 4.6 18 50 M M 8 13 27 30
26 69 62 66 -2 0 1 0.00 0.0 0 13.0 20 10 M M 7 1 27 10
27 73 55 64 -4 1 0 0.00 0.0 0 6.6 14 40 M M 5 21 60
28 80 54 67 -1 0 2 T 0.0 0 6.3 12 200 M M 2 18 220
29 77 56 67 0 0 2 0.00 0.0 0 11.4 21 350 M M 2 3 28 10
30 68 50 59 -8 6 0 0.00 0.0 0 7.7 16 360 M M 2 20 360
31 75 47 61 -6 4 0 0.00 0.0 0 4.9 13 120 M M 0 17 140
================================================================================
SM 2462 1893 13 182 2.29 0.0 234.9 M 99
================================================================================
AV 79.4 61.1 7.6 FASTST M M 3 MAX(MPH)
MISC ----> 40 30 56 30
================================================================================
NOTES:
# LAST OF SEVERAL OCCURRENCES
COLUMN 17 PEAK WIND IN M.P.H.
PRELIMINARY LOCAL CLIMATOLOGICAL DATA (WS FORM: F-6) , PAGE 2
STATION: OSHKOSH WI
MONTH: AUGUST
YEAR: 2023
LATITUDE: 44 0 N
LONGITUDE: 88 34 W
[TEMPERATURE DATA] [PRECIPITATION DATA] SYMBOLS USED IN COLUMN 16
AVERAGE MONTHLY: 70.2 TOTAL FOR MONTH: 2.29 1 = FOG OR MIST
DPTR FM NORMAL: 0.8 DPTR FM NORMAL: -0.91 2 = FOG REDUCING VISIBILITY
HIGHEST: 98 ON 23 GRTST 24HR 1.14 ON 14-14 TO 1/4 MILE OR LESS
LOWEST: 47 ON 31 3 = THUNDER
SNOW, ICE PELLETS, HAIL 4 = ICE PELLETS
TOTAL MONTH: 0.0 INCH 5 = HAIL
GRTST 24HR 0.0 6 = FREEZING RAIN OR DRIZZLE
GRTST DEPTH: 0 7 = DUSTSTORM OR SANDSTORM:
VSBY 1/2 MILE OR LESS
8 = SMOKE OR HAZE
[NO. OF DAYS WITH] [WEATHER - DAYS WITH] 9 = BLOWING SNOW
X = TORNADO
MAX 32 OR BELOW: 0 0.01 INCH OR MORE: 7
MAX 90 OR ABOVE: 1 0.10 INCH OR MORE: 6
MIN 32 OR BELOW: 0 0.50 INCH OR MORE: 1
MIN 0 OR BELOW: 0 1.00 INCH OR MORE: 1
[HDD (BASE 65) ]
TOTAL THIS MO. 13 CLEAR (SCALE 0-3) 19
DPTR FM NORMAL -7 PTCLDY (SCALE 4-7) 11
TOTAL FM JUL 1 13 CLOUDY (SCALE 8-10) 1
DPTR FM NORMAL -15
[CDD (BASE 65) ]
TOTAL THIS MO. 182
DPTR FM NORMAL 24 [PRESSURE DATA]
TOTAL FM JAN 1 605 HIGHEST SLP 30.26 ON 21
DPTR FM NORMAL 94 LOWEST SLP 29.50 ON 17
[REMARKS]
#FINAL-08-23#