079
CXUS56 KMFR 011710
CF6OTH
PRELIMINARY LOCAL CLIMATOLOGICAL DATA (WS FORM: F-6)
STATION: NORTH BEND OR
MONTH: FEBRUARY
YEAR: 2021
LATITUDE: 43 25 N
LONGITUDE: 124 15 W
TEMPERATURE IN F: :PCPN: SNOW: WIND :SUNSHINE: SKY :PK WND
================================================================================
1 2 3 4 5 6A 6B 7 8 9 10 11 12 13 14 15 16 17 18
12Z AVG MX 2MIN
DY MAX MIN AVG DEP HDD CDD WTR SNW DPTH SPD SPD DIR MIN PSBL S-S WX SPD DR
================================================================================
1 51 46 49 3 16 0 2.34 M M 7.7 17 170 M M 10 1 23 170
2 52 42 47 1 18 0 0.40 M M 10.3 20 200 M M 8 36 210
3 51 40 46 0 19 0 0.21 M M 8.3 22 300 M M 8 1 40 260
4 52 35 44 -2 21 0 0.00 M M 7.4 16 350 M M 2 1 M M
5 51 38 45 -1 20 0 0.04 M M 6.4 10 140 M M 9 1 M M
6 50 42 46 0 19 0 0.04 M M 4.5 7 60 M M 10 1 M M
7 51 41 46 0 19 0 0.02 M M 4.9 12 340 M M 7 1 M M
8 51 35 43 -3 22 0 0.00 M M 6.4 12 350 M M 3 M M
9 50 34 42 -4 23 0 0.00 M M 4.8 12 350 M M 4 M M
10 51 35 43 -3 22 0 0.00 M M 5.0 14 350 M M 5 12 16 350
11 52 42 47 1 18 0 0.39 M M 8.4 17 210 M M 7 1 22 210
12 53 48 51 5 14 0 0.94 M M 11.2 25 200 M M 10 1 36 200
13 53 45 49 3 16 0 0.69 M M 13.1 35 280 M M 10 1 39 290
14 54 45 50 4 15 0 0.33 M M 10.3 21 190 M M 10 1 30 190
15 53 46 50 4 15 0 0.16 M M 14.7 26 280 M M 10 18 31 280
16 51 42 47 1 18 0 0.39 M M 5.8 13 320 M M 9 1 M M
17 52 40 46 0 19 0 0.06 M M 6.1 9 140 M M 5 1 M M
18 52 44 48 2 17 0 0.61 M M 10.3 22 210 M M 9 1 36 210
19 51 43 47 0 18 0 0.42 M M 8.7 16 140 M M 9 1 M M
20 51 42 47 0 18 0 0.11 M M 6.1 12 340 M M 8 1 M M
21 52 44 48 1 17 0 0.03 M M 6.8 12 210 M M 10 1 M M
22 54 44 49 2 16 0 0.18 M M 7.0 17 320 M M 10 1 23 320
23 51 40 46 -1 19 0 0.01 M M 5.9 13 340 M M 7 1 21 340
24 51 36 44 -3 21 0 0.01 M M 7.5 20 350 M M 3 1 24 360
25 53 35 44 -3 21 0 0.01 M M 8.3 18 310 M M 9 1 25 310
26 50 42 46 -1 19 0 0.28 M M 11.8 25 320 M M 10 1 38 330
27 51 39 45 -2 20 0 0.03 M M 7.2 13 350 M M 6 M M
28 53 35 44 -3 21 0 0.00 M M 6.4 12 280 M M 2 M M
================================================================================
SM 1447 1140 521 0 7.70 M 221.3 M 210
================================================================================
AV 51.7 40.7 7.9 FASTST M M 8 MAX(MPH)
MISC ----> 35 280 40 260
================================================================================
NOTES:
# LAST OF SEVERAL OCCURRENCES
COLUMN 17 PEAK WIND IN M.P.H.
PRELIMINARY LOCAL CLIMATOLOGICAL DATA (WS FORM: F-6) , PAGE 2
STATION: NORTH BEND OR
MONTH: FEBRUARY
YEAR: 2021
LATITUDE: 43 25 N
LONGITUDE: 124 15 W
[TEMPERATURE DATA] [PRECIPITATION DATA] SYMBOLS USED IN COLUMN 16
AVERAGE MONTHLY: 46.2 TOTAL FOR MONTH: 7.70 1 = FOG OR MIST
DPTR FM NORMAL: -0.2 DPTR FM NORMAL: 0.11 2 = FOG REDUCING VISIBILITY
HIGHEST: 54 ON 22,14 GRTST 24HR 2.39 ON 31- 1 TO 1/4 MILE OR LESS
LOWEST: 34 ON 9 3 = THUNDER
SNOW, ICE PELLETS, HAIL 4 = ICE PELLETS
TOTAL MONTH: M 5 = HAIL
GRTST 24HR M ON M 6 = FREEZING RAIN OR DRIZZLE
GRTST DEPTH: M ON M 7 = DUSTSTORM OR SANDSTORM:
VSBY 1/2 MILE OR LESS
8 = SMOKE OR HAZE
[NO. OF DAYS WITH] [WEATHER - DAYS WITH] 9 = BLOWING SNOW
X = TORNADO
MAX 32 OR BELOW: 0 0.01 INCH OR MORE: 23
MAX 90 OR ABOVE: 0 0.10 INCH OR MORE: 14
MIN 32 OR BELOW: 0 0.50 INCH OR MORE: 4
MIN 0 OR BELOW: 0 1.00 INCH OR MORE: 1
[HDD (BASE 65) ]
TOTAL THIS MO. 521 CLEAR (SCALE 0-3) 3
DPTR FM NORMAL 2 PTCLDY (SCALE 4-7) 10
TOTAL FM JUL 1 2564 CLOUDY (SCALE 8-10) 15
DPTR FM NORMAL -612
[CDD (BASE 65) ]
TOTAL THIS MO. 0
DPTR FM NORMAL 0 [PRESSURE DATA]
TOTAL FM JAN 1 0 HIGHEST SLP 30.63 ON 21
DPTR FM NORMAL 0 LOWEST SLP 29.66 ON 13
[REMARKS]
#FINAL-02-21#