000
CXUS53 KPAH 010700
CF6OWB
PRELIMINARY LOCAL CLIMATOLOGICAL DATA (WS FORM: F-6)
STATION: OWENSBORO KY
MONTH: MARCH
YEAR: 2023
LATITUDE: 37 45 N
LONGITUDE: 87 10 W
TEMPERATURE IN F: :PCPN: SNOW: WIND :SUNSHINE: SKY :PK WND
================================================================================
1 2 3 4 5 6A 6B 7 8 9 10 11 12 13 14 15 16 17 18
12Z AVG MX 2MIN
DY MAX MIN AVG DEP HDD CDD WTR SNW DPTH SPD SPD DIR MIN PSBL S-S WX SPD DR
================================================================================
1 81 47 64 20 1 0 0.92 M M 11.7 49 220 M M 3 138 61 210
2 58 48 53 9 12 0 0.08 M M 10.0 15 20 M M 4 21 10
3 69 42 56 12 9 0 2.75 M M 23.5 55 240 M M 10 13 62 210
4 57 34 46 1 19 0 0.00 M M 2.4 6 250 M M 1 18 6 250
5 67 36 52 7 13 0 0.00 M M 5.1 13 150 M M 0 1 14 140
6 77 45 61 16 4 0 0.00 M M 10.4 25 230 M M 1 32 230
7 59 45 52 6 13 0 0.00 M M 9.6 12 60 M M 3 21 50
8 52 41 47 1 18 0 0.00 M M 13.4 17 80 M M 6 25 60
9 57 40 49 3 16 0 0.12 M M 6.8 14 170 M M 7 1 14 170
10 47 34 41 -6 24 0 0.00 M M 15.4 24 310 M M 8 30 350
11 49 31 40 -7 25 0 0.04 M M 7.0 10 100 M M 8 16 150
12 46 38 42 -5 23 0 0.01 M M 8.7 12 330 M M 10 1 13 20
13 41 32 37 -11 28 0 T M M 10.6 17 300 M M 10 1 23 320
14 41 26 34 -14 31 0 T M M 7.4 14 350 M M 6 17 350
15 54 21 38 -10 27 0 0.00 M M 3.3 8 180 M M 0 8 14 160
16 63 38 51 3 14 0 0.07 M M 11.6 23 200 M M 6 31 200
17 54 31 43 -6 22 0 0.10 M M 12.3 28 310 M M 6 1 32 300
18 36 25 31 -18 34 0 T M M 13.6 25 310 M M 5 31 290
19 37 24 31 -19 34 0 T M M 6.6 18 330 M M 6 8 21 320
20 52 22 37 -13 28 0 0.00 M M 8.1 16 180 M M 0 20 190
21 55 31 43 -7 22 0 0.05 M M 8.8 22 180 M M 7 26 170
22 59 45 52 2 13 0 0.05 M M 12.7 20 180 M M 10 1 23 180
23 71 58 65 14 0 0 T M M 13.1 31 220 M M 10 35 220
24 62 54 58 7 7 0 3.46 M M 9.4 29 320 M M 10 13 33 320
25 58 42 50 -2 15 0 0.02 M M 12.2 30 280 M M 6 37 280
26 70 40 55 3 10 0 0.00 M M 5.7 17 320 M M 0 23 340
27 58 39 49 -3 16 0 T M M 9.6 21 330 M M 7 26 330
28 55 35 45 -8 20 0 0.00 M M 6.6 23 320 M M 1 1 28 330
29 59 33 46 -7 19 0 0.00 M M 2.3 14 270 M M 0 16 270
30 70 38 54 1 11 0 T M M 8.4 16 170 M M 0 20 150
31 71 51 61 7 4 0 0.44 M M 17.8 39 190 M M 8 13 49 190
================================================================================
SM 1785 1166 532 0 8.11 M 304.1 M 159
================================================================================
AV 57.6 37.6 9.8 FASTST M M 5 MAX(MPH)
MISC ----> 55 240 62 210
================================================================================
NOTES:
# LAST OF SEVERAL OCCURRENCES
COLUMN 17 PEAK WIND IN M.P.H.
PRELIMINARY LOCAL CLIMATOLOGICAL DATA (WS FORM: F-6) , PAGE 2
STATION: OWENSBORO KY
MONTH: MARCH
YEAR: 2023
LATITUDE: 37 45 N
LONGITUDE: 87 10 W
[TEMPERATURE DATA] [PRECIPITATION DATA] SYMBOLS USED IN COLUMN 16
AVERAGE MONTHLY: 47.6 TOTAL FOR MONTH: 8.11 1 = FOG OR MIST
DPTR FM NORMAL: -1.0 DPTR FM NORMAL: 3.47 2 = FOG REDUCING VISIBILITY
HIGHEST: 81 ON 1 GRTST 24HR 3.48 ON 24-25 TO 1/4 MILE OR LESS
LOWEST: 21 ON 15 3 = THUNDER
SNOW, ICE PELLETS, HAIL 4 = ICE PELLETS
TOTAL MONTH: M 5 = HAIL
GRTST 24HR M ON M 6 = FREEZING RAIN OR DRIZZLE
GRTST DEPTH: M ON M 7 = DUSTSTORM OR SANDSTORM:
VSBY 1/2 MILE OR LESS
8 = SMOKE OR HAZE
[NO. OF DAYS WITH] [WEATHER - DAYS WITH] 9 = BLOWING SNOW
X = TORNADO
MAX 32 OR BELOW: 0 0.01 INCH OR MORE: 13
MAX 90 OR ABOVE: 0 0.10 INCH OR MORE: 6
MIN 32 OR BELOW: 9 0.50 INCH OR MORE: 3
MIN 0 OR BELOW: 0 1.00 INCH OR MORE: 2
[HDD (BASE 65) ]
TOTAL THIS MO. 532 CLEAR (SCALE 0-3) 11
DPTR FM NORMAL 18 PTCLDY (SCALE 4-7) 12
TOTAL FM JUL 1 3449 CLOUDY (SCALE 8-10) 8
DPTR FM NORMAL -154
[CDD (BASE 65) ]
TOTAL THIS MO. 0
DPTR FM NORMAL -6 [PRESSURE DATA]
TOTAL FM JAN 1 1 HIGHEST SLP 30.46 ON 19
DPTR FM NORMAL -5 LOWEST SLP 29.44 ON 24
[REMARKS]
#FINAL-03-23#