000
CXUS56 KLOX 011155
CF6OXR
PRELIMINARY LOCAL CLIMATOLOGICAL DATA (WS FORM: F-6)
STATION: OXNARD AIRPORT CA
MONTH: OCTOBER
YEAR: 2022
LATITUDE: 34 12 N
LONGITUDE: 119 12 W
TEMPERATURE IN F: :PCPN: SNOW: WIND :SUNSHINE: SKY :PK WND
================================================================================
1 2 3 4 5 6A 6B 7 8 9 10 11 12 13 14 15 16 17 18
12Z AVG MX 2MIN
DY MAX MIN AVG DEP HDD CDD WTR SNW DPTH SPD SPD DIR MIN PSBL S-S WX SPD DR
================================================================================
1 73 62 68 2 0 3 0.00 M M 7.2 14 270 M M 7 1 23 200
2 72 60 66 0 0 1 0.00 M M 7.8 20 280 M M 4 24 290
3 72 58 65 -1 0 0 0.00 M M 5.5 15 270 M M 1 20 270
4 73 58 66 0 0 1 0.00 M M 4.8 14 270 M M 1 1 19 270
5 71 59 65 -1 0 0 0.00 M M 4.8 15 290 M M 7 1 19 280
6 69 62 66 0 0 1 0.00 M M 4.1 10 230 M M 10 18 18 200
7 69 63 66 1 0 1 0.00 M M 4.1 10 270 M M 10 18 15 240
8 70 62 66 1 0 1 0.00 M M 6.1 14 280 M M 10 18 20 270
9 68 62 65 0 0 0 0.00 M M 4.7 14 270 M M 9 1 18 270
10 70 62 66 1 0 1 T M M 6.0 14 270 M M 10 1 17 260
11 72 62 67 2 0 2 0.00 M M 4.8 14 270 M M 7 13 18 320
12 74 61 68 3 0 3 0.05 M M 8.1 20 220 M M 5 1 27 220
13 70 59 65 0 0 0 0.00 M M 4.2 13 280 M M 8 1 19 220
14 67 62 65 0 0 0 T M M 3.7 10 250 M M 10 1 13 260
15 71 62 67 2 0 2 0.01 M M 5.2 13 270 M M 9 1 16 270
16 72 57 65 0 0 0 0.00 M M 5.5 17 270 M M 4 20 270
17 72 56 64 0 1 0 0.00 M M 5.5 16 280 M M 0 22 280
18 74 55 65 1 0 0 0.00 M M 5.6 15 270 M M 0 19 300
19 90 57 74 10 0 9 0.00 M M 6.3 13 40 M M 0 17 40
20 83 61 72 8 0 7 0.00 M M 5.7 12 40 M M 0 12 15 40
21 71 57 64 0 1 0 0.00 M M 4.5 14 270 M M 8 128 18 210
22 68 59 64 0 1 0 0.00 M M 8.7 20 270 M M 8 26 270
23 70 53 62 -2 3 0 0.00 M M 5.3 16 280 M M 2 21 260
24 77 53 65 1 0 0 0.00 M M 11.8 25 70 M M 0 37 80
25 72 51 62 -2 3 0 0.00 M M 5.0 12 270 M M 0 18 270
26 68 49 59 -4 6 0 0.00 M M 5.7 16 270 M M 0 22 260
27 70 49 60 -3 5 0 0.00 M M 5.1 13 240 M M 0 19 260
28 67 47 57 -6 8 0 0.00 M M 4.4 13 280 M M 0 16 260
29 71 47 59 -4 6 0 0.00 M M 5.8 18 280 M M 0 22 290
30 72 51 62 -1 3 0 0.00 M M 4.8 13 260 M M 0 16 250
31 70 47 59 -4 6 0 0.00 M M 3.4 15 270 M M 0 1 19 270
================================================================================
SM 2228 1763 43 32 0.06 M 174.2 M 130
================================================================================
AV 71.9 56.9 5.6 FASTST M M 4 MAX(MPH)
MISC ----> 25 70 37 80
================================================================================
NOTES:
# LAST OF SEVERAL OCCURRENCES
COLUMN 17 PEAK WIND IN M.P.H.
PRELIMINARY LOCAL CLIMATOLOGICAL DATA (WS FORM: F-6) , PAGE 2
STATION: OXNARD AIRPORT CA
MONTH: OCTOBER
YEAR: 2022
LATITUDE: 34 12 N
LONGITUDE: 119 12 W
[TEMPERATURE DATA] [PRECIPITATION DATA] SYMBOLS USED IN COLUMN 16
AVERAGE MONTHLY: 64.4 TOTAL FOR MONTH: 0.06 1 = FOG OR MIST
DPTR FM NORMAL: -0.1 DPTR FM NORMAL: -0.40 2 = FOG REDUCING VISIBILITY
HIGHEST: 90 ON 19 GRTST 24HR 0.05 ON 12-12 TO 1/4 MILE OR LESS
LOWEST: 47 ON 31,29 3 = THUNDER
SNOW, ICE PELLETS, HAIL 4 = ICE PELLETS
TOTAL MONTH: M 5 = HAIL
GRTST 24HR M ON M 6 = FREEZING RAIN OR DRIZZLE
GRTST DEPTH: M ON M 7 = DUSTSTORM OR SANDSTORM:
VSBY 1/2 MILE OR LESS
8 = SMOKE OR HAZE
[NO. OF DAYS WITH] [WEATHER - DAYS WITH] 9 = BLOWING SNOW
X = TORNADO
MAX 32 OR BELOW: 0 0.01 INCH OR MORE: 2
MAX 90 OR ABOVE: 1 0.10 INCH OR MORE: 0
MIN 32 OR BELOW: 0 0.50 INCH OR MORE: 0
MIN 0 OR BELOW: 0 1.00 INCH OR MORE: 0
[HDD (BASE 65) ]
TOTAL THIS MO. 43 CLEAR (SCALE 0-3) 15
DPTR FM NORMAL -25 PTCLDY (SCALE 4-7) 8
TOTAL FM JUL 1 71 CLOUDY (SCALE 8-10) 8
DPTR FM NORMAL -42
[CDD (BASE 65) ]
TOTAL THIS MO. 32
DPTR FM NORMAL -19 [PRESSURE DATA]
TOTAL FM JAN 1 337 HIGHEST SLP 30.17 ON 24
DPTR FM NORMAL 38 LOWEST SLP 29.71 ON 22
[REMARKS]
#FINAL-10-22#