000
CXUS53 KDDC 011542
CLSP28
CLIMATE REPORT
NATIONAL WEATHER SERVICE DODGE CITY, KANSAS
1042 AM CDT FRI SEP 01 2023
...................................
...THE MEDICINE LODGE KS CLIMATE SUMMARY FOR THE SEASON, FROM
6/1/2023 TO 8/31/2023...
CLIMATE NORMAL PERIOD 1991 TO 2020
CLIMATE RECORD PERIOD 1893 TO 2023
WEATHER OBSERVED NORMAL DEPART LAST YEAR`S
VALUE DATE(S) VALUE FROM VALUE DATE(S)
NORMAL
................................................................
TEMPERATURE (F)
RECORD
HIGH 118 08/12/1936
LOW 39 06/13/1903
HIGHEST 106 08/19 MM MM 112 07/19
LOWEST 57 06/07 MM MM 50 06/02
06/15
08/15
AVG. MAXIMUM 91.6 92.3 -0.7 95.4
AVG. MINIMUM 65.9 67.4 -1.5 67.8
MEAN 78.8 79.8 -1.0 81.6
DAYS MAX >= 90 54 61.2 -7.2 75
DAYS MAX <= 32 0 0.0 0.0 0
DAYS MIN <= 32 0 0.0 0.0 0
DAYS MIN <= 0 0 0.0 0.0 0
PRECIPITATION (INCHES)
RECORD
MAXIMUM 18.61 1948
MINIMUM 2.60 1954
TOTALS 15.41 10.57 4.84 5.92
DAYS >= .01 32 24.0 8.0 22
DAYS >= .10 18 14.9 3.1 9
DAYS >= .50 11 6.7 4.3 4
DAYS >= 1.00 5 2.9 2.1 2
GREATEST
24 HR. TOTAL 5.27 07/05 TO 07/06 1.77 06/05 TO 06/05
SNOWFALL (INCHES)
RECORDS
TOTAL 0.0 2018
24 HR TOTAL MM
SNOW DEPTH MM MM
TOTALS 0.0 0.0 0.0 0.0
SINCE 7/1 0.0 0.0 0.0 0.0
SNOWDEPTH AVG. 0 0
DAYS >= TRACE 0 0.0 0.0 0
GREATEST
SNOW DEPTH 0 08/31 0 08/31
24 HR TOTAL 0.0 08/31 TO 08/31 0.0
DEGREE DAYS
HEATING TOTAL 0 3 -3 6
SINCE 7/1 0 0 0 0
COOLING TOTAL 1290 1370 -80 1559
SINCE 1/1 1455 1544 -89 1846
................................................................
WIND (MPH)
AVERAGE WIND SPEED 6.5
RESULTANT WIND SPEED/DIRECTION 2/120
HIGHEST WIND SPEED/DIRECTION 43/300 DATE 08/05
HIGHEST GUST SPEED/DIRECTION 63/290 DATE 06/15
AVERAGE RH (PERCENT) 70
- INDICATES NEGATIVE NUMBERS.
R INDICATES RECORD WAS SET OR TIED.
MM INDICATES DATA IS MISSING.
T INDICATES TRACE AMOUNT.
$$