000
CXUS53 KDDC 011621
CLSP28
CLIMATE REPORT
NATIONAL WEATHER SERVICE DODGE CITY, KANSAS
1021 AM CST WED MAR 01 2023
...................................
...THE MEDICINE LODGE KS CLIMATE SUMMARY FOR THE SEASON, FROM
12/1/2022 TO 2/28/2023...
CLIMATE NORMAL PERIOD 1991 TO 2020
CLIMATE RECORD PERIOD 1893 TO 2023
WEATHER OBSERVED NORMAL DEPART LAST YEAR`S
VALUE DATE(S) VALUE FROM VALUE DATE(S)
NORMAL
................................................................
TEMPERATURE (F)
RECORD
HIGH 91 02/23/1904
LOW -22 02/13/1905
HIGHEST 73 12/02 MM MM 80 12/15
LOWEST -3 12/22 MM MM -3 02/04
AVG. MAXIMUM 49.5 47.9 1.6 53.2
AVG. MINIMUM 23.4 23.9 -0.5 20.2
MEAN 36.5 35.9 0.6 36.7
DAYS MAX >= 90 0 0.0 0.0 0
DAYS MAX <= 32 9 12.6 -3.6 11
DAYS MIN <= 32 78 76.5 1.5 77
DAYS MIN <= 0 2 0.7 1.3 1
PRECIPITATION (INCHES)
RECORD
MAXIMUM 8.23 2012
MINIMUM 0.03 1904
TOTALS 1.93 2.92 -0.99 0.62
DAYS >= .01 14 14.7 -0.7 8
DAYS >= .10 7 6.3 0.7 3
DAYS >= .50 1 2.0 -1.0 0
DAYS >= 1.00 0 0.5 -0.5 0
GREATEST
24 HR. TOTAL 0.52 02/26 TO 02/26 0.19 02/01 TO 02/02
SNOWFALL (INCHES)
RECORDS
TOTAL 28.7 2003
24 HR TOTAL 14.0 02/21/1971 TO 02/21/1971
SNOW DEPTH 14 02/22/1971
02/21/1971
TOTALS 0.5 8.2 -7.7 5.8
SINCE 7/1 0.6 8.5 -7.9 5.8
SNOWDEPTH AVG. 0 0
DAYS >= TRACE 3 4.1 -1.1 7
GREATEST
SNOW DEPTH 1 01/25 2 01/26
02/02
02/03
24 HR TOTAL 0.5 01/25 TO 01/25 2.1
DEGREE DAYS
HEATING TOTAL 2466 2628 -162 2515
SINCE 7/1 3300 3484 -184 3143
COOLING TOTAL 0 0 0 0
SINCE 1/1 0 0 0 0
................................................................
WIND (MPH)
AVERAGE WIND SPEED 8.6
RESULTANT WIND SPEED/DIRECTION 2/340
HIGHEST WIND SPEED/DIRECTION 47/350 DATE 12/02
HIGHEST GUST SPEED/DIRECTION 67/350 DATE 12/02
AVERAGE RH (PERCENT) 65
- INDICATES NEGATIVE NUMBERS.
R INDICATES RECORD WAS SET OR TIED.
MM INDICATES DATA IS MISSING.
T INDICATES TRACE AMOUNT.
$$