000
CXUS56 KPDT 011810
CF6PDT
PRELIMINARY LOCAL CLIMATOLOGICAL DATA (WS FORM: F-6)
STATION: PENDLETON OR
MONTH: MARCH
YEAR: 2022
LATITUDE: 45 40 N
LONGITUDE: 118 51 W
TEMPERATURE IN F: :PCPN: SNOW: WIND :SUNSHINE: SKY :PK WND
================================================================================
1 2 3 4 5 6A 6B 7 8 9 10 11 12 13 14 15 16 17 18
12Z AVG MX 2MIN
DY MAX MIN AVG DEP HDD CDD WTR SNW DPTH SPD SPD DIR MIN PSBL S-S WX SPD DR
================================================================================
1 65 47 56 15 9 0 0.01 0.0 0 4.9 10 220 M M 8 13 220
2 52 46 49 8 16 0 0.11 0.0 0 5.2 12 270 M M 9 12 15 270
3 50 37 44 3 21 0 0.24 0.0 0 10.0 20 260 M M 8 1 28 250
4 50 30 40 -2 25 0 0.00 0.0 0 4.2 12 360 M M 2 15 340
5 50 29 40 -2 25 0 0.00 0.0 0 4.1 13 320 M M 3 17 320
6 50 28 39 -3 26 0 0.00 0.0 0 8.1 18 10 M M 2 28 10
7 60 33 47 5 18 0 0.00 0.0 0 10.7 21 250 M M 0 27 250
8 46 32 39 -4 26 0 0.12 T 0 13.2 25 260 M M 9 1 32 260
9 41 21 31 -12 34 0 0.00 0.0 0 8.5 18 10 M M 5 12 31 350
10 46 20 33 -10 32 0 0.00 0.0 0 7.7 15 160 M M 1 18 180
11 58 33 46 3 19 0 0.00 0.0 0 4.9 10 160 M M 5 12 300
12 72 38 55 11 10 0 0.04 0.0 0 6.9 31 280 M M 2 39 280
13 53 39 46 2 19 0 0.10 0.0 0 11.6 46 250 M M 6 1 57 250
14 60 40 50 6 15 0 0.39 0.0 0 5.4 28 290 M M 9 1 36 280
15 58 43 51 7 14 0 0.06 0.0 0 12.3 26 280 M M 7 1 35 280
16 55 35 45 1 20 0 0.00 0.0 0 12.2 25 270 M M 4 32 260
17 54 30 42 -3 23 0 0.01 0.0 0 6.1 18 290 M M 3 22 280
18 58 41 50 5 15 0 T 0.0 0 4.4 10 340 M M 3 17 330
19 56 37 47 2 18 0 0.01 0.0 0 15.2 33 260 M M 6 1 43 260
20 52 34 43 -2 22 0 0.00 0.0 0 13.0 25 260 M M 3 34 250
21 52 39 46 0 19 0 0.05 0.0 0 3.9 13 230 M M 10 15 240
22 66 45 56 10 9 0 0.00 0.0 0 4.6 13 60 M M 6 15 50
23 66 39 53 7 12 0 0.00 0.0 0 10.7 30 260 M M 4 12 38 270
24 61 35 48 2 17 0 0.00 0.0 0 6.9 16 50 M M 1 20 50
25 63 37 50 4 15 0 0.00 0.0 0 4.6 9 320 M M 0 13 360
26 68 41 55 9 10 0 0.00 0.0 0 6.2 13 30 M M 4 17 30
27 66 40 53 6 12 0 0.00 0.0 0 3.3 12 190 M M 0 13 190
28 67 46 57 10 8 0 0.02 0.0 0 4.1 15 320 M M 4 18 320
29 65 45 55 8 10 0 0.00 0.0 0 8.3 18 250 M M 5 24 250
30 57 42 50 3 15 0 0.00 0.0 0 20.2 29 250 M M 3 37 260
31 56 36 46 -1 19 0 0.00 0.0 0 10.4 21 270 M M 6 29 260
================================================================================
SM 1773 1138 553 0 1.16 T 251.8 M 138
================================================================================
AV 57.2 36.7 8.1 FASTST M M 4 MAX(MPH)
MISC ----> 46 250 57 250
================================================================================
NOTES:
# LAST OF SEVERAL OCCURRENCES
COLUMN 17 PEAK WIND IN M.P.H.
PRELIMINARY LOCAL CLIMATOLOGICAL DATA (WS FORM: F-6) , PAGE 2
STATION: PENDLETON OR
MONTH: MARCH
YEAR: 2022
LATITUDE: 45 40 N
LONGITUDE: 118 51 W
[TEMPERATURE DATA] [PRECIPITATION DATA] SYMBOLS USED IN COLUMN 16
AVERAGE MONTHLY: 47.0 TOTAL FOR MONTH: 1.16 1 = FOG OR MIST
DPTR FM NORMAL: 2.6 DPTR FM NORMAL: -0.17 2 = FOG REDUCING VISIBILITY
HIGHEST: 72 ON 12 GRTST 24HR 0.45 ON 14-15 TO 1/4 MILE OR LESS
LOWEST: 20 ON 10 3 = THUNDER
SNOW, ICE PELLETS, HAIL 4 = ICE PELLETS
TOTAL MONTH: T 5 = HAIL
GRTST 24HR T ON 8- 8 6 = FREEZING RAIN OR DRIZZLE
GRTST DEPTH: 0 7 = DUSTSTORM OR SANDSTORM:
VSBY 1/2 MILE OR LESS
8 = SMOKE OR HAZE
[NO. OF DAYS WITH] [WEATHER - DAYS WITH] 9 = BLOWING SNOW
X = TORNADO
MAX 32 OR BELOW: 0 0.01 INCH OR MORE: 12
MAX 90 OR ABOVE: 0 0.10 INCH OR MORE: 5
MIN 32 OR BELOW: 7 0.50 INCH OR MORE: 0
MIN 0 OR BELOW: 0 1.00 INCH OR MORE: 0
[HDD (BASE 65) ]
TOTAL THIS MO. 553 CLEAR (SCALE 0-3) 11
DPTR FM NORMAL -87 PTCLDY (SCALE 4-7) 15
TOTAL FM JUL 1 4278 CLOUDY (SCALE 8-10) 5
DPTR FM NORMAL -289
[CDD (BASE 65) ]
TOTAL THIS MO. 0
DPTR FM NORMAL 0 [PRESSURE DATA]
TOTAL FM JAN 1 0 HIGHEST SLP 30.47 ON 6
DPTR FM NORMAL 0 LOWEST SLP 29.60 ON 27
[REMARKS]
#FINAL-03-22#