000
CXUS56 KPDT 011540
CLMPDT
CLIMATE REPORT
NATIONAL WEATHER SERVICE PENDLETON, OR
840 AM PDT SAT APR 01 2023
...................................
...THE PENDLETON OR CLIMATE SUMMARY FOR THE MONTH OF MARCH 2023...
CLIMATE NORMAL PERIOD 1991 TO 2020
CLIMATE RECORD PERIOD 1890 TO 2023
WEATHER OBSERVED NORMAL DEPART LAST YEAR`S
VALUE DATE(S) VALUE FROM VALUE DATE(S)
NORMAL
................................................................
TEMPERATURE (F)
RECORD
HIGH 83 03/22/1911
03/29/2004
LOW 1 03/05/2019
03/01/1993
01/01/2000
HIGHEST 66 03/18 72 03/12
LOWEST 25 03/09 20 03/10
03/16
AVG. MAXIMUM 52.5 55.0 -2.5 57.2
AVG. MINIMUM 32.9 33.7 -0.8 36.7
MEAN 42.7 44.4 -1.7 47.0
DAYS MAX >= 90 0 0.0 0.0 0
DAYS MAX <= 32 0 0.4 -0.4 0
DAYS MIN <= 32 18 12.4 5.6 7
DAYS MIN <= 0 0 0.0 0.0 0
PRECIPITATION (INCHES)
RECORD
MAXIMUM 2.82 1983
MINIMUM 0.24 1941
TOTALS 0.89 1.33 -0.44 1.16
DAILY AVG. 0.03 0.04 -0.01 0.04
DAYS >= .01 13 11.6 1.4 12
DAYS >= .10 4 4.7 -0.7 5
DAYS >= .50 0 0.3 -0.3 0
DAYS >= 1.00 0 0.0 0.0 0
GREATEST
24 HR. TOTAL 0.20 03/28 TO 03/29 0.45 03/14 TO 03/15
SNOWFALL (INCHES)
RECORDS
TOTAL 4.9 1971
24 HR TOTAL MM
TOTALS MM 0.7 MM
SINCE 7/1 MM 15.7 MM MM
DAYS >= TRACE MM 1.1 MM 1
DAYS >= 1.0 MM 0.3 MM 0
GREATEST
24 HR TOTAL MM
DEGREE DAYS
HEATING TOTAL 684 640 44 553
SINCE 7/1 4417 4567 -150 MM
COOLING TOTAL 0 0 0 0
SINCE 1/1 0 0 0 MM
................................................................
WIND (MPH)
AVERAGE WIND SPEED 9.3
RESULTANT WIND SPEED/DIRECTION 4/210
HIGHEST WIND SPEED/DIRECTION 37/260 DATE 03/23
HIGHEST GUST SPEED/DIRECTION 48/260 DATE 03/23
AVERAGE RH (PERCENT) 59
WEATHER CONDITIONS. NUMBER OF DAYS WITH
THUNDERSTORM 0 MIXED PRECIP 0
HEAVY RAIN 0 RAIN 0
LIGHT RAIN 19 FREEZING RAIN 0
LT FREEZING RAIN 0 HAIL 0
HEAVY SNOW 0 SNOW 0
LIGHT SNOW 7 SLEET 0
FOG 4 FOG W/VIS <= 1/4 MILE 2
HAZE 0
- INDICATES NEGATIVE NUMBERS.
R INDICATES RECORD WAS SET OR TIED.
MM INDICATES DATA IS MISSING.
T INDICATES TRACE AMOUNT.
$$