000
CXUS54 KMAF 011110
CF6PEQ
PRELIMINARY LOCAL CLIMATOLOGICAL DATA (WS FORM: F-6)
STATION: PECOS MUNICIPAL AIRPORT
MONTH: MAY
YEAR: 2022
LATITUDE: 31 22 N
LONGITUDE: 103 31 W
TEMPERATURE IN F: :PCPN: SNOW: WIND :SUNSHINE: SKY :PK WND
================================================================================
1 2 3 4 5 6A 6B 7 8 9 10 11 12 13 14 15 16 17 18
12Z AVG MX 2MIN
DY MAX MIN AVG DEP HDD CDD WTR SNW DPTH SPD SPD DIR MIN PSBL S-S WX SPD DR
================================================================================
1 91 65 78 M 0 13 M M M 15.1 29 120 M M 1 35 100
2 94 54 74 M 0 9 M M M 11.2 22 260 M M 0 30 230
3 83 59 71 M 0 6 M M M 8.6 18 130 M M 0 24 130
4 94 59 77 M 0 12 M M M 6.7 15 260 M M 0 23 220
5 88 55 72 M 0 7 M M M 7.1 22 330 M M 0 30 280
6 99 48 74 M 0 9 M M M 6.9 17 270 M M 0 23 260
7 103 51 77 M 0 12 M M M 10.6 24 250 M M 0 35 250
8 101 58 80 M 0 15 M M M 12.2 23 230 M M 0 31 240
9 101 58 80 M 0 15 M M M 12.5 23 260 M M 0 32 250
10 100 60 80 M 0 15 M M M 7.5 22 140 M M 0 8 31 140
11 99 70 85 M 0 20 M M M 16.8 31 100 M M 0 38 100
12 102 69 86 M 0 21 M M M 8.2 17 150 M M 0 26 150
13 99 63 81 M 0 16 M M M 4.8 14 330 M M 0 8 17 330
14 100 48 74 M 0 9 M M M 4.4 10 150 M M 0 M M
15 104 57 81 M 0 16 M M M 5.0 13 150 M M 0 9 140
16 103 70 87 M 0 22 M M M 9.8 23 140 M M 0 8 33 130
17 106 73 90 M 0 25 M M M 12.7 25 250 M M 0 35 230
18 101 56 79 M 0 14 M M M 7.1 20 280 M M 0 24 280
19 104 59 82 M 0 17 M M M 9.7 20 220 M M 0 28 230
20 99 59 79 M 0 14 M M M 12.7 25 270 M M 0 35 270
21 84 63 74 M 0 9 M M M 11.3 30 320 M M 1 8 36 320
22 71 58 65 M 0 0 M M M 8.8 16 60 M M 4 23 70
23 92 59 76 M 0 11 M M M 9.1 20 110 M M 1 25 110
24 94 58 76 M 0 11 M M M 12.0 40 20 M M 1 8 53 20
25 80 47 64 M 1 0 M M M 5.8 20 360 M M 0 26 360
26 96 53 75 M 0 10 M M M 4.2 10 30 M M 0 M M
27 104 62 83 M 0 18 M M M 8.2 23 120 M M 0 29 120
28 107 68 88 M 0 23 M M M 7.7 18 210 M M 1 8 40 210
29 105 63 84 M 0 19 M M M 7.4 20 250 M M 0 28 260
30 101 67 84 M 0 19 M M M 9.4 21 260 M M 0 26 260
31 103 61 82 M 0 17 M M M 7.0 30 110 M M 0 8 36 110
================================================================================
SM 3008 1850 1 424 M M 280.6 M 9
================================================================================
AV 97.0 59.7 9.1 FASTST M M 0 MAX(MPH)
MISC ----> 40 20 53 20
================================================================================
NOTES:
# LAST OF SEVERAL OCCURRENCES
COLUMN 17 PEAK WIND IN M.P.H.
PRELIMINARY LOCAL CLIMATOLOGICAL DATA (WS FORM: F-6) , PAGE 2
STATION: PECOS MUNICIPAL AIRPORT
MONTH: MAY
YEAR: 2022
LATITUDE: 31 22 N
LONGITUDE: 103 31 W
[TEMPERATURE DATA] [PRECIPITATION DATA] SYMBOLS USED IN COLUMN 16
AVERAGE MONTHLY: 78.4 TOTAL FOR MONTH: M 1 = FOG OR MIST
DPTR FM NORMAL: 0.0 DPTR FM NORMAL: M 2 = FOG REDUCING VISIBILITY
HIGHEST: 107 ON 28 GRTST 24HR M ON M TO 1/4 MILE OR LESS
LOWEST: 47 ON 25 3 = THUNDER
SNOW, ICE PELLETS, HAIL 4 = ICE PELLETS
TOTAL MONTH: M 5 = HAIL
GRTST 24HR M ON M 6 = FREEZING RAIN OR DRIZZLE
GRTST DEPTH: M ON M 7 = DUSTSTORM OR SANDSTORM:
VSBY 1/2 MILE OR LESS
8 = SMOKE OR HAZE
[NO. OF DAYS WITH] [WEATHER - DAYS WITH] 9 = BLOWING SNOW
X = TORNADO
MAX 32 OR BELOW: 0 0.01 INCH OR MORE: 0
MAX 90 OR ABOVE: 26 0.10 INCH OR MORE: 0
MIN 32 OR BELOW: 0 0.50 INCH OR MORE: 0
MIN 0 OR BELOW: 0 1.00 INCH OR MORE: 0
[HDD (BASE 65) ]
TOTAL THIS MO. 1 CLEAR (SCALE 0-3) 30
DPTR FM NORMAL M PTCLDY (SCALE 4-7) 1
TOTAL FM JUL 1 2152 CLOUDY (SCALE 8-10) 0
DPTR FM NORMAL M
[CDD (BASE 65) ]
TOTAL THIS MO. 424
DPTR FM NORMAL M [PRESSURE DATA]
TOTAL FM JAN 1 591 HIGHEST SLP M ON M
DPTR FM NORMAL M LOWEST SLP M ON M
[REMARKS]
#FINAL-05-22#