000
CXUS54 KMAF 011110
CF6PEQ
PRELIMINARY LOCAL CLIMATOLOGICAL DATA (WS FORM: F-6)
STATION: PECOS MUNICIPAL AIRPORT
MONTH: JULY
YEAR: 2020
LATITUDE: 31 22 N
LONGITUDE: 103 31 W
TEMPERATURE IN F: :PCPN: SNOW: WIND :SUNSHINE: SKY :PK WND
================================================================================
1 2 3 4 5 6A 6B 7 8 9 10 11 12 13 14 15 16 17 18
12Z AVG MX 2MIN
DY MAX MIN AVG DEP HDD CDD WTR SNW DPTH SPD SPD DIR MIN PSBL S-S WX SPD DR
================================================================================
1 100 74 87 M 0 22 M M M 7.8 20 300 M M 0 25 300
2 102 74 88 M 0 23 M M M 9.1 22 120 M M 0 29 120
3 103 76 90 M 0 25 M M M 7.8 13 100 M M 0 30 110
4 103 76 90 M 0 25 M M M 8.3 13 130 M M 0 18 100
5 104 78 91 M 0 26 M M M 8.7 29 170 M M 0 33 170
6 98 72 85 M 0 20 M M M 7.2 13 80 M M 1 17 20
7 102 76 89 M 0 24 M M M 8.8 30 340 M M 1 38 340
8 106 73 90 M 0 25 M M M 8.3 23 130 M M 0 28 130
9 110 76 93 M 0 28 M M M 8.4 21 130 M M 0 26 130
10 109 75 92 M 0 27 M M M 9.6 24 130 M M 0 28 110
11 110 74 92 M 0 27 M M M 7.2 16 120 M M 0 28 120
12 109 69 89 M 0 24 M M M 7.7 16 170 M M 0 22 130
13 111 72 92 M 0 27 M M M 5.8 14 140 M M 0 21 140
14 113 79 96 M 0 31 M M M 7.3 17 180 M M 0 28 180
15 109 75 92 M 0 27 M M M 10.2 24 110 M M 0 30 90
16 102 74 88 M 0 23 M M M 12.5 22 110 M M 0 28 120
17 105 75 90 M 0 25 M M M 9.7 23 110 M M 0 28 110
18 103 77 90 M 0 25 M M M 9.9 21 100 M M 0 25 120
19 99 73 86 M 0 21 M M M 11.8 20 110 M M 0 25 110
20 100 75 88 M 0 23 M M M 9.7 18 120 M M 0 25 110
21 101 75 88 M 0 23 M M M 11.4 26 50 M M 2 35 50
22 101 74 88 M 0 23 M M M 10.5 24 70 M M 2 8 33 80
23 100 75 88 M 0 23 M M M 10.8 16 120 M M 2 28 100
24 100 74 87 M 0 22 M M M 8.2 20 90 M M 1 30 110
25 101 74 88 M 0 23 M M M 8.7 22 100 M M 2 25 100
26 96 75 86 M 0 21 M M M 11.9 16 130 M M 1 26 100
27 98 72 85 M 0 20 M M M 9.8 17 130 M M 1 24 120
28 100 70 85 M 0 20 M M M 7.9 16 120 M M 1 23 130
29 104 72 88 M 0 23 M M M 7.8 20 110 M M 0 28 110
30 106 74 90 M 0 25 M M M 10.7 18 130 M M 0 28 70
31 93 68 81 M 0 16 0.03 M M 10.2 29 30 M M 3 38 41 30
================================================================================
SM 3198 2296 0 737 0.03 M 283.8 M 17
================================================================================
AV103.2 74.1 9.2 FASTST M M 1 MAX(MPH)
MISC ----> 30 340 41 30
================================================================================
NOTES:
# LAST OF SEVERAL OCCURRENCES
COLUMN 17 PEAK WIND IN M.P.H.
PRELIMINARY LOCAL CLIMATOLOGICAL DATA (WS FORM: F-6) , PAGE 2
STATION: PECOS MUNICIPAL AIRPORT
MONTH: JULY
YEAR: 2020
LATITUDE: 31 22 N
LONGITUDE: 103 31 W
[TEMPERATURE DATA] [PRECIPITATION DATA] SYMBOLS USED IN COLUMN 16
AVERAGE MONTHLY: 88.6 TOTAL FOR MONTH: 0.03 1 = FOG OR MIST
DPTR FM NORMAL: 0.0 DPTR FM NORMAL: M 2 = FOG REDUCING VISIBILITY
HIGHEST: 113 ON 14 GRTST 24HR 0.03 ON 31-31 TO 1/4 MILE OR LESS
LOWEST: 68 ON 31 3 = THUNDER
SNOW, ICE PELLETS, HAIL 4 = ICE PELLETS
TOTAL MONTH: M 5 = HAIL
GRTST 24HR M ON M 6 = FREEZING RAIN OR DRIZZLE
GRTST DEPTH: M ON M 7 = DUSTSTORM OR SANDSTORM:
VSBY 1/2 MILE OR LESS
8 = SMOKE OR HAZE
[NO. OF DAYS WITH] [WEATHER - DAYS WITH] 9 = BLOWING SNOW
X = TORNADO
MAX 32 OR BELOW: 0 0.01 INCH OR MORE: 1
MAX 90 OR ABOVE: 31 0.10 INCH OR MORE: 0
MIN 32 OR BELOW: 0 0.50 INCH OR MORE: 0
MIN 0 OR BELOW: 0 1.00 INCH OR MORE: 0
[HDD (BASE 65) ]
TOTAL THIS MO. 0 CLEAR (SCALE 0-3) 31
DPTR FM NORMAL M PTCLDY (SCALE 4-7) 0
TOTAL FM JUL 1 0 CLOUDY (SCALE 8-10) 0
DPTR FM NORMAL M
[CDD (BASE 65) ]
TOTAL THIS MO. 737
DPTR FM NORMAL M [PRESSURE DATA]
TOTAL FM JAN 1 1928 HIGHEST SLP M ON M
DPTR FM NORMAL M LOWEST SLP M ON M
[REMARKS]
#FINAL-07-20#