000
CXUS52 KTBW 011000
CF6PGD
PRELIMINARY LOCAL CLIMATOLOGICAL DATA (WS FORM: F-6)
STATION: PUNTA GORDA
MONTH: AUGUST
YEAR: 2021
LATITUDE: 26 55 N
LONGITUDE: 82 0 W
TEMPERATURE IN F: :PCPN: SNOW: WIND :SUNSHINE: SKY :PK WND
================================================================================
1 2 3 4 5 6A 6B 7 8 9 10 11 12 13 14 15 16 17 18
12Z AVG MX 2MIN
DY MAX MIN AVG DEP HDD CDD WTR SNW DPTH SPD SPD DIR MIN PSBL S-S WX SPD DR
================================================================================
1 93 79 86 2 0 21 0.00 0.0 0 6.5 14 240 M M 2 19 230
2 93 79 86 2 0 21 0.01 0.0 0 5.8 17 250 M M 2 23 230
3 89 75 82 -2 0 17 0.34 0.0 0 6.6 26 300 M M 3 13 34 300
4 84 74 79 -5 0 14 3.70 0.0 0 8.7 21 260 M M 3 123 28 280
5 88 77 83 -1 0 18 0.05 0.0 0 5.3 12 270 M M 3 1 15 270
6 93 76 85 1 0 20 T 0.0 0 4.5 17 180 M M 3 3 20 180
7 93 76 85 1 0 20 0.06 0.0 0 4.1 20 100 M M 1 138 27 80
8 96 75 86 2 0 21 0.91 0.0 0 4.7 20 60 M M 4 123 24 50
9 94 76 85 1 0 20 0.00 0.0 0 4.8 16 320 M M 2 13 21 120
10 93 76 85 1 0 20 0.07 0.0 0 5.1 25 180 M M 2 13 32 160
11 95 75 85 1 0 20 0.31 0.0 0 4.6 18 50 M M 2 138 24 40
12 93 75 84 0 0 19 0.23 0.0 0 6.2 22 90 M M 1 13 29 90
13 93 76 85 1 0 20 0.05 0.0 0 9.4 24 130 M M 2 3 33 140
14 88 74 81 -3 0 16 0.40 0.0 0 8.9 30 140 M M 2 1 38 150
15 85 74 80 -4 0 15 0.04 0.0 0 8.2 20 130 M M 4 27 110
16 94 78 86 2 0 21 T 0.0 0 8.6 17 240 M M 2 22 250
17 95 78 87 3 0 22 0.01 0.0 0 4.8 25 160 M M 2 38 33 170
18 95 76 86 2 0 21 0.04 0.0 0 7.5 25 100 M M 2 3 29 100
19 96 75 86 2 0 21 0.04 0.0 0 5.2 17 160 M M 2 1 23 160
20 97 76 87 3 0 22 0.05 0.0 0 4.7 17 260 M M 3 3 20 190
21 95 77 86 2 0 21 0.00 0.0 0 4.0 18 200 M M 3 3 24 220
22 95 75 85 2 0 20 0.13 0.0 0 3.3 30 170 M M 3 13 38 140
23 92 76 84 1 0 19 0.21 0.0 0 3.7 15 60 M M 2 13 18 60
24 92 77 85 2 0 20 0.14 0.0 0 4.4 32 150 M M 1 3 41 140
25 95 76 86 3 0 21 T 0.0 0 6.7 38 110 M M 1 13 49 110
26 91 73 82 -1 0 17 0.05 0.0 0 9.6 20 100 M M 3 1 24 110
27 91 75 83 0 0 18 0.49 0.0 0 8.4 24 70 M M 2 13 29 70
28 92 76 84 1 0 19 0.20 0.0 0 9.2 32 160 M M 1 138 38 170
29 94 74 84 1 0 19 1.33 0.0 0 5.8 37 130 M M 1 123 50 140
30 92 75 84 1 0 19 0.00 0.0 0 4.5 23 120 M M 2 3 28 130
31 91 76 84 1 0 19 0.00 0.0 M 6.0 15 230 M M 2 1 18 250
================================================================================
SM 2867 2350 0 601 8.86 0.0 189.8 M 68
================================================================================
AV 92.5 75.8 6.1 FASTST M M 2 MAX(MPH)
MISC ----> 38 110 50 140
================================================================================
NOTES:
# LAST OF SEVERAL OCCURRENCES
COLUMN 17 PEAK WIND IN M.P.H.
PRELIMINARY LOCAL CLIMATOLOGICAL DATA (WS FORM: F-6) , PAGE 2
STATION: PUNTA GORDA
MONTH: AUGUST
YEAR: 2021
LATITUDE: 26 55 N
LONGITUDE: 82 0 W
[TEMPERATURE DATA] [PRECIPITATION DATA] SYMBOLS USED IN COLUMN 16
AVERAGE MONTHLY: 84.1 TOTAL FOR MONTH: 8.86 1 = FOG OR MIST
DPTR FM NORMAL: 0.6 DPTR FM NORMAL: -0.25 2 = FOG REDUCING VISIBILITY
HIGHEST: 97 ON 20 GRTST 24HR 4.03 ON 3- 4 TO 1/4 MILE OR LESS
LOWEST: 73 ON 26 3 = THUNDER
SNOW, ICE PELLETS, HAIL 4 = ICE PELLETS
TOTAL MONTH: 0.0 INCH 5 = HAIL
GRTST 24HR 0.0 6 = FREEZING RAIN OR DRIZZLE
GRTST DEPTH: 0 7 = DUSTSTORM OR SANDSTORM:
VSBY 1/2 MILE OR LESS
8 = SMOKE OR HAZE
[NO. OF DAYS WITH] [WEATHER - DAYS WITH] 9 = BLOWING SNOW
X = TORNADO
MAX 32 OR BELOW: 0 0.01 INCH OR MORE: 23
MAX 90 OR ABOVE: 26 0.10 INCH OR MORE: 12
MIN 32 OR BELOW: 0 0.50 INCH OR MORE: 3
MIN 0 OR BELOW: 0 1.00 INCH OR MORE: 2
[HDD (BASE 65) ]
TOTAL THIS MO. 0 CLEAR (SCALE 0-3) 27
DPTR FM NORMAL 0 PTCLDY (SCALE 4-7) 4
TOTAL FM JUL 1 0 CLOUDY (SCALE 8-10) 0
DPTR FM NORMAL 0
[CDD (BASE 65) ]
TOTAL THIS MO. 601
DPTR FM NORMAL 27 [PRESSURE DATA]
TOTAL FM JAN 1 2805 HIGHEST SLP 30.17 ON 10
DPTR FM NORMAL 215 LOWEST SLP 29.89 ON 31
[REMARKS]
#FINAL-08-21#