000
CXUS52 KTBW 031523
CF6PGD
PRELIMINARY LOCAL CLIMATOLOGICAL DATA (WS FORM: F-6)
STATION: PUNTA GORDA
MONTH: AUGUST
YEAR: 2023
LATITUDE: 26 55 N
LONGITUDE: 82 0 W
TEMPERATURE IN F: :PCPN: SNOW: WIND :SUNSHINE: SKY :PK WND
================================================================================
1 2 3 4 5 6A 6B 7 8 9 10 11 12 13 14 15 16 17 18
12Z AVG MX 2MIN
DY MAX MIN AVG DEP HDD CDD WTR SNW DPTH SPD SPD DIR MIN PSBL S-S WX SPD DR
================================================================================
1 96 76 86 2 0 21 0.00 0.0 0 4.2 17 10 M M 1 3 27 360
2 97 77 87 3 0 22 T 0.0 0 4.0 22 270 M M 1 3 29 270
3 95 76 86 2 0 21 1.15 0.0 0 5.3 20 90 M M 4 13 26 90
4 97 76 87 3 0 22 0.01 0.0 0 3.6 26 190 M M 2 3 32 200
5 97 77 87 3 0 22 0.00 0.0 0 3.4 20 320 M M 1 3 24 300
6 94 79 87 3 0 22 0.00 0.0 0 3.7 15 190 M M 1 3 20 180
7 98 80 89 5 0 24 0.00 0.0 0 4.4 14 290 M M 1 13 19 250
8 98 81 90 6 0 25 0.05 0.0 0 4.6 17 130 M M 2 24 150
9 97 78 88 4 0 23 0.06 0.0 0 4.9 21 200 M M 1 3 26 200
10 97 81 89 5 0 24 0.00 0.0 0 6.8 21 260 M M 1 26 270
11 97 79 88 4 0 23 T 0.0 0 5.6 17 320 M M 3 3 23 320
12 101 78 90 6 0 25 1.64 0.0 0 5.4 35 100 M M 3 13 55 100
13 96 78 87 3 0 22 0.05 0.0 0 6.4 20 30 M M 3 13 24 220
14 94 78 86 2 0 21 0.60 0.0 0 8.1 24 290 M M 3 3 35 290
15 96 78 87 3 0 22 0.00 0.0 0 5.2 15 270 M M 1 19 290
16 95 77 86 2 0 21 0.28 0.0 0 4.8 23 190 M M 3 13 29 200
17 92 76 84 0 0 19 0.23 0.0 0 7.3 28 210 M M 2 13 35 200
18 92 77 85 1 0 20 0.65 0.0 0 5.0 23 270 M M 1 138 30 280
19 96 76 86 2 0 21 0.00 0.0 0 6.9 18 100 M M 1 25 70
20 94 76 85 1 0 20 0.12 0.0 0 9.3 26 80 M M 2 138 37 100
21 96 76 86 2 0 21 0.00 0.0 0 10.8 22 120 M M 1 3 28 80
22 96 77 87 4 0 22 0.00 0.0 0 9.8 17 90 M M 0 23 90
23 96 76 86 3 0 21 0.00 0.0 0 7.9 17 60 M M 1 24 60
24 94 75 85 2 0 20 T 0.0 0 6.9 18 110 M M 2 13 24 70
25 95 73 84 1 0 19 0.00 0.0 0 9.0 17 80 M M 1 24 90
26 96 74 85 2 0 20 0.00 0.0 0 7.2 15 60 M M 0 20 80
27 97 75 86 3 0 21 T 0.0 0 6.7 28 60 M M 2 3 36 70
28 95 78 87 4 0 22 1.26 0.0 0 5.8 23 160 M M 2 13 29 160
29 88 77 83 0 0 18 2.39 0.0 0 13.8 30 200 M M 3 1238 43 200
30 90 77 84 1 0 19 2.42 0.0 0 18.7 38 230 M M 6 1238 58 200
31 93 82 88 5 0 23 T 0.0 0 9.7 20 240 M M 1 3 27 250
================================================================================
SM 2955 2394 0 666 10.91 0.0 215.2 M 56
================================================================================
AV 95.3 77.2 6.9 FASTST M M 2 MAX(MPH)
MISC ----> 38 230 58 200
================================================================================
NOTES:
# LAST OF SEVERAL OCCURRENCES
COLUMN 17 PEAK WIND IN M.P.H.
PRELIMINARY LOCAL CLIMATOLOGICAL DATA (WS FORM: F-6) , PAGE 2
STATION: PUNTA GORDA
MONTH: AUGUST
YEAR: 2023
LATITUDE: 26 55 N
LONGITUDE: 82 0 W
[TEMPERATURE DATA] [PRECIPITATION DATA] SYMBOLS USED IN COLUMN 16
AVERAGE MONTHLY: 86.3 TOTAL FOR MONTH: 10.91 1 = FOG OR MIST
DPTR FM NORMAL: 2.8 DPTR FM NORMAL: 1.80 2 = FOG REDUCING VISIBILITY
HIGHEST: 101 ON 12 GRTST 24HR 4.35 ON 29-30 TO 1/4 MILE OR LESS
LOWEST: 73 ON 25 3 = THUNDER
SNOW, ICE PELLETS, HAIL 4 = ICE PELLETS
TOTAL MONTH: 0.0 INCH 5 = HAIL
GRTST 24HR 0.0 6 = FREEZING RAIN OR DRIZZLE
GRTST DEPTH: 0 7 = DUSTSTORM OR SANDSTORM:
VSBY 1/2 MILE OR LESS
8 = SMOKE OR HAZE
[NO. OF DAYS WITH] [WEATHER - DAYS WITH] 9 = BLOWING SNOW
X = TORNADO
MAX 32 OR BELOW: 0 0.01 INCH OR MORE: 14
MAX 90 OR ABOVE: 30 0.10 INCH OR MORE: 10
MIN 32 OR BELOW: 0 0.50 INCH OR MORE: 7
MIN 0 OR BELOW: 0 1.00 INCH OR MORE: 5
[HDD (BASE 65) ]
TOTAL THIS MO. 0 CLEAR (SCALE 0-3) 29
DPTR FM NORMAL 0 PTCLDY (SCALE 4-7) 2
TOTAL FM JUL 1 0 CLOUDY (SCALE 8-10) 0
DPTR FM NORMAL 0
[CDD (BASE 65) ]
TOTAL THIS MO. 666
DPTR FM NORMAL 92 [PRESSURE DATA]
TOTAL FM JAN 1 3156 HIGHEST SLP 30.10 ON 14
DPTR FM NORMAL 566 LOWEST SLP 29.68 ON 30
[REMARKS]
#FINAL-08-23#