000
CXUS51 KPBZ 010730
CF6PHD
PRELIMINARY LOCAL CLIMATOLOGICAL DATA (WS FORM: F-6)
STATION: NEW PHILADELPHIA OH
MONTH: APRIL
YEAR: 2023
LATITUDE: 40 28 N
LONGITUDE: 81 25 W
TEMPERATURE IN F: :PCPN: SNOW: WIND :SUNSHINE: SKY :PK WND
================================================================================
1 2 3 4 5 6A 6B 7 8 9 10 11 12 13 14 15 16 17 18
12Z AVG MX 2MIN
DY MAX MIN AVG DEP HDD CDD WTR SNW DPTH SPD SPD DIR MIN PSBL S-S WX SPD DR
================================================================================
1 66 39 53 7 12 0 0.44 M M 12.8 29 260 M M 6 13 59 270
2 51 34 43 -3 22 0 T M M 5.4 15 350 M M 0 19 340
3 70 33 52 5 13 0 0.00 M M 5.1 15 250 M M 3 19 240
4 75 42 59 12 6 0 0.00 M M 3.9 14 170 M M 3 20 160
5 81 60 71 23 0 6 0.20 M M 8.5 24 300 M M 3 13 34 310
6 63 35 49 1 16 0 0.01 M M 5.4 15 300 M M 8 18 23 310
7 52 32 42 -6 23 0 0.00 M M 3.9 13 340 M M 0 18 360
8 57 27 42 -7 23 0 0.00 M M 3.4 10 80 M M 0 14 70
9 61 30 46 -3 19 0 0.00 M M 3.6 15 30 M M 0 22 30
10 69 31 50 1 15 0 0.00 M M 1.0 9 290 M M 0 14 140
11 74 34 54 4 11 0 0.00 M M 3.1 16 300 M M 0 22 280
12 79 44 62 12 3 0 0.00 M M 5.2 17 250 M M 0 23 210
13 82 44 63 13 2 0 0.00 M M 2.9 12 270 M M 0 16 280
14 82 46 64 13 1 0 0.00 M M 2.5 15 210 M M 1 23 240
15 79 58 69 18 0 4 0.01 M M 3.8 10 220 M M 5 15 180
16 78 49 64 12 1 0 0.25 M M 8.0 22 220 M M 5 13 33 230
17 49 37 43 -9 22 0 0.14 M M 9.7 24 250 M M 10 1 36 240
18 55 37 46 -6 19 0 0.01 M M 8.3 18 290 M M 7 28 280
19 70 30 50 -3 15 0 0.00 M M 2.1 8 130 M M 0 10 130
20 85 45 65 12 0 0 0.00 M M 4.9 16 220 M M 0 21 200
21 80 50 65 12 0 0 0.03 M M 6.7 21 240 M M 2 13 32 240
22 60 45 53 -1 12 0 1.01 M M 6.5 18 260 M M 8 13 28 250
23 46 36 41 -13 24 0 T M M 5.0 14 240 M M 7 18 240
24 46 32 39 -15 26 0 0.11 M M 3.5 16 290 M M 8 1 23 300
25 56 30 43 -12 22 0 0.00 M M 1.9 10 240 M M 7 12 16 220
26 58 34 46 -9 19 0 T M M 4.6 13 340 M M 5 17 310
27 66 32 49 -6 16 0 0.00 M M 2.4 12 120 M M 0 8 15 110
28 60 52 56 0 9 0 0.95 M M 9.6 21 110 M M 9 18 30 110
29 61 49 55 -1 10 0 0.02 M M 5.8 13 240 M M 9 1 19 220
30 57 42 50 -6 15 0 T M M 5.7 22 300 M M 7 32 280
================================================================================
SM 1968 1189 376 10 3.18 M 155.2 M 113
================================================================================
AV 65.6 39.6 5.2 FASTST M M 4 MAX(MPH)
MISC ----> 29 260 59 270
================================================================================
NOTES:
# LAST OF SEVERAL OCCURRENCES
COLUMN 17 PEAK WIND IN M.P.H.
PRELIMINARY LOCAL CLIMATOLOGICAL DATA (WS FORM: F-6) , PAGE 2
STATION: NEW PHILADELPHIA OH
MONTH: APRIL
YEAR: 2023
LATITUDE: 40 28 N
LONGITUDE: 81 25 W
[TEMPERATURE DATA] [PRECIPITATION DATA] SYMBOLS USED IN COLUMN 16
AVERAGE MONTHLY: 52.6 TOTAL FOR MONTH: 3.18 1 = FOG OR MIST
DPTR FM NORMAL: 1.3 DPTR FM NORMAL: -0.60 2 = FOG REDUCING VISIBILITY
HIGHEST: 85 ON 20 GRTST 24HR 1.04 ON 21-22 TO 1/4 MILE OR LESS
LOWEST: 27 ON 8 3 = THUNDER
SNOW, ICE PELLETS, HAIL 4 = ICE PELLETS
TOTAL MONTH: M 5 = HAIL
GRTST 24HR M ON M 6 = FREEZING RAIN OR DRIZZLE
GRTST DEPTH: M ON M 7 = DUSTSTORM OR SANDSTORM:
VSBY 1/2 MILE OR LESS
8 = SMOKE OR HAZE
[NO. OF DAYS WITH] [WEATHER - DAYS WITH] 9 = BLOWING SNOW
X = TORNADO
MAX 32 OR BELOW: 0 0.01 INCH OR MORE: 12
MAX 90 OR ABOVE: 0 0.10 INCH OR MORE: 7
MIN 32 OR BELOW: 8 0.50 INCH OR MORE: 2
MIN 0 OR BELOW: 0 1.00 INCH OR MORE: 1
[HDD (BASE 65) ]
TOTAL THIS MO. 376 CLEAR (SCALE 0-3) 15
DPTR FM NORMAL -42 PTCLDY (SCALE 4-7) 11
TOTAL FM JUL 1 4716 CLOUDY (SCALE 8-10) 4
DPTR FM NORMAL -650
[CDD (BASE 65) ]
TOTAL THIS MO. 10
DPTR FM NORMAL 3 [PRESSURE DATA]
TOTAL FM JAN 1 10 HIGHEST SLP M ON M
DPTR FM NORMAL 2 LOWEST SLP 29.38 ON 30
[REMARKS]
#FINAL-04-23#