000
CXUS51 KPBZ 010830
CF6PHD
PRELIMINARY LOCAL CLIMATOLOGICAL DATA (WS FORM: F-6)
STATION: NEW PHILADELPHIA OH
MONTH: NOVEMBER
YEAR: 2022
LATITUDE: 40 28 N
LONGITUDE: 81 25 W
TEMPERATURE IN F: :PCPN: SNOW: WIND :SUNSHINE: SKY :PK WND
================================================================================
1 2 3 4 5 6A 6B 7 8 9 10 11 12 13 14 15 16 17 18
12Z AVG MX 2MIN
DY MAX MIN AVG DEP HDD CDD WTR SNW DPTH SPD SPD DIR MIN PSBL S-S WX SPD DR
================================================================================
1 62 47 55 8 10 0 T M M 2.3 9 260 M M 9 128 13 260
2 61 43 52 5 13 0 0.00 M M 0.6 7 120 M M 6 128 9 120
3 70 42 56 9 9 0 0.00 M M 1.3 8 110 M M 5 128 10 120
4 73 46 60 14 5 0 0.00 M M 7.1 16 170 M M 0 1 22 180
5 79 61 70 24 0 5 0.00 M M 10.7 23 180 M M 2 32 190
6 73 49 61 15 4 0 0.00 M M 5.1 16 200 M M 6 25 200
7 65 41 53 8 12 0 0.00 M M 4.6 15 330 M M 0 21 330
8 58 34 46 1 19 0 0.00 M M 4.2 14 70 M M 0 19 50
9 69 36 53 8 12 0 0.00 M M 5.2 13 130 M M 0 17 110
10 71 37 54 10 11 0 0.00 M M 5.2 15 180 M M 0 20 190
11 62 53 58 14 7 0 2.44 M M 4.5 17 300 M M 9 1 23 290
12 55 35 45 1 20 0 0.05 M M 8.1 16 290 M M 10 1 25 300
13 41 35 38 -5 27 0 0.00 M M 7.6 15 300 M M 10 21 290
14 41 30 36 -7 29 0 0.00 M M 3.1 8 100 M M 9 11 80
15 41 32 37 -6 28 0 0.05 M M 5.2 13 130 M M 6 1 17 40
16 40 33 37 -5 28 0 0.01 M M 7.0 15 240 M M 10 18 23 280
17 34 30 32 -10 33 0 T M M 8.5 16 260 M M 10 1 23 250
18 32 24 28 -14 37 0 T M M 8.5 18 250 M M 10 128 30 240
19 33 22 28 -13 37 0 T M M 9.3 25 300 M M 6 1 37 290
20 29 19 24 -17 41 0 0.00 M M 7.1 20 270 M M 1 29 260
21 46 17 32 -9 33 0 0.00 M M 6.3 18 200 M M 0 25 200
22 52 22 37 -3 28 0 0.00 M M 3.8 12 220 M M 0 19 240
23 57 24 41 1 24 0 0.00 M M 3.3 10 190 M M 0 8 14 210
24 61 24 43 3 22 0 T M M 2.1 9 240 M M 1 12 240
25 53 29 41 1 24 0 0.07 M M 5.8 16 330 M M 6 1 23 300
26 55 25 40 1 25 0 0.00 M M 4.0 13 210 M M 0 1 18 220
27 63 38 51 12 14 0 0.66 M M 8.1 22 250 M M 8 1 40 230
28 43 40 42 3 23 0 0.00 M M 4.3 14 310 M M 10 18 21 310
29 55 41 48 10 17 0 0.00 M M 6.1 15 130 M M 6 1 18 150
30 56 30 43 5 22 0 0.75 M M 12.0 26 270 M M 7 1 37 250
================================================================================
SM 1630 1039 614 5 4.03 M 171.0 M 147
================================================================================
AV 54.3 34.6 5.7 FASTST M M 5 MAX(MPH)
MISC ----> 26 270 40 230
================================================================================
NOTES:
# LAST OF SEVERAL OCCURRENCES
COLUMN 17 PEAK WIND IN M.P.H.
PRELIMINARY LOCAL CLIMATOLOGICAL DATA (WS FORM: F-6) , PAGE 2
STATION: NEW PHILADELPHIA OH
MONTH: NOVEMBER
YEAR: 2022
LATITUDE: 40 28 N
LONGITUDE: 81 25 W
[TEMPERATURE DATA] [PRECIPITATION DATA] SYMBOLS USED IN COLUMN 16
AVERAGE MONTHLY: 44.5 TOTAL FOR MONTH: 4.03 1 = FOG OR MIST
DPTR FM NORMAL: 2.0 DPTR FM NORMAL: 1.33 2 = FOG REDUCING VISIBILITY
HIGHEST: 79 ON 5 GRTST 24HR 2.44 ON 11-11 TO 1/4 MILE OR LESS
LOWEST: 17 ON 21 3 = THUNDER
SNOW, ICE PELLETS, HAIL 4 = ICE PELLETS
TOTAL MONTH: M 5 = HAIL
GRTST 24HR M ON M 6 = FREEZING RAIN OR DRIZZLE
GRTST DEPTH: M ON M 7 = DUSTSTORM OR SANDSTORM:
VSBY 1/2 MILE OR LESS
8 = SMOKE OR HAZE
[NO. OF DAYS WITH] [WEATHER - DAYS WITH] 9 = BLOWING SNOW
X = TORNADO
MAX 32 OR BELOW: 2 0.01 INCH OR MORE: 7
MAX 90 OR ABOVE: 0 0.10 INCH OR MORE: 3
MIN 32 OR BELOW: 13 0.50 INCH OR MORE: 3
MIN 0 OR BELOW: 0 1.00 INCH OR MORE: 1
[HDD (BASE 65) ]
TOTAL THIS MO. 614 CLEAR (SCALE 0-3) 12
DPTR FM NORMAL -60 PTCLDY (SCALE 4-7) 8
TOTAL FM JUL 1 1109 CLOUDY (SCALE 8-10) 10
DPTR FM NORMAL -37
[CDD (BASE 65) ]
TOTAL THIS MO. 5
DPTR FM NORMAL 5 [PRESSURE DATA]
TOTAL FM JAN 1 908 HIGHEST SLP M ON M
DPTR FM NORMAL 128 LOWEST SLP 29.35 ON 27
[REMARKS]
#FINAL-11-22#