000
CXUS51 KPBZ 011334
CF6PHD
PRELIMINARY LOCAL CLIMATOLOGICAL DATA (WS FORM: F-6)
STATION: NEW PHILADELPHIA OH
MONTH: DECEMBER
YEAR: 2023
LATITUDE: 40 28 N
LONGITUDE: 81 25 W
TEMPERATURE IN F: :PCPN: SNOW: WIND :SUNSHINE: SKY :PK WND
================================================================================
1 2 3 4 5 6A 6B 7 8 9 10 11 12 13 14 15 16 17 18
12Z AVG MX 2MIN
DY MAX MIN AVG DEP HDD CDD WTR SNW DPTH SPD SPD DIR MIN PSBL S-S WX SPD DR
================================================================================
1 52 43 48 10 17 0 0.13 M M 5.1 12 150 M M 10 1 17 180
2 57 47 52 14 13 0 0.00 M M 4.3 12 240 M M 9 19 220
3 52 42 47 10 18 0 0.14 M M 7.5 23 250 M M 10 1 37 260
4 42 38 40 3 25 0 T M M 5.7 13 270 M M 10 23 280
5 38 35 37 0 28 0 0.11 M M 2.2 8 200 M M 10 1 12 190
6 39 31 35 -1 30 0 0.00 M M 5.6 13 330 M M 9 1 19 330
7 49 32 41 5 24 0 0.00 M M 5.6 14 210 M M 5 22 240
8 61 32 47 11 18 0 0.00 M M 7.2 15 180 M M 3 23 180
9 59 49 54 18 11 0 0.49 M M 7.7 16 190 M M 10 1 27 190
10 56 35 46 11 19 0 0.01 M M 7.1 15 310 M M 10 1 21 310
11 36 32 34 -1 31 0 0.00 M M 7.5 17 310 M M 10 28 320
12 48 29 39 4 26 0 0.00 M M 6.8 17 240 M M 0 26 260
13 41 22 32 -2 33 0 0.00 M M 2.3 13 290 M M 0 17 280
14 46 20 33 -1 32 0 0.00 M M 3.4 9 220 M M 0 14 210
15 55 23 39 5 26 0 0.00 M M 2.7 7 170 M M 0 8 9 200
16 56 25 41 7 24 0 0.00 M M 2.7 13 140 M M 0 19 150
17 49 42 46 13 19 0 0.61 M M 3.7 14 150 M M 9 12 22 170
18 44 29 37 4 28 0 0.04 M M 10.6 23 280 M M 10 18 41 290
19 31 24 28 -5 37 0 T M M 7.5 18 290 M M 8 31 280
20 43 20 32 -1 33 0 0.00 M M 4.1 10 180 M M 0 14 160
21 42 28 35 3 30 0 0.00 M M 1.2 6 130 M M 9 9 120
22 47 35 41 9 24 0 0.00 M M 2.5 7 140 M M 10 9 150
23 51 40 46 14 19 0 0.03 M M 2.9 10 210 M M 10 1 17 220
24 55 44 50 18 15 0 T M M 2.5 7 200 M M 10 12 9 100
25 63 41 52 20 13 0 0.04 M M 4.2 12 110 M M 5 1 16 130
26 57 50 54 23 11 0 0.13 M M 4.8 12 130 M M 10 1 16 120
27 54 47 51 20 14 0 0.95 M M 4.2 14 60 M M 10 1 20 50
28 47 36 42 11 23 0 0.02 M M 4.7 12 240 M M 10 1 18 220
29 37 30 34 3 31 0 0.01 M M 3.4 9 210 M M 8 1 13 200
30 41 36 39 9 26 0 0.01 M M 5.5 15 260 M M 10 1 21 270
31 41 34 38 8 27 0 0.02 M M 5.0 14 270 M M 10 1 21 270
================================================================================
SM 1489 1071 725 0 2.74 M 150.2 M 225
================================================================================
AV 48.0 34.5 4.8 FASTST M M 7 MAX(MPH)
MISC ----> # 23 250 41 290
================================================================================
NOTES:
# LAST OF SEVERAL OCCURRENCES
COLUMN 17 PEAK WIND IN M.P.H.
PRELIMINARY LOCAL CLIMATOLOGICAL DATA (WS FORM: F-6) , PAGE 2
STATION: NEW PHILADELPHIA OH
MONTH: DECEMBER
YEAR: 2023
LATITUDE: 40 28 N
LONGITUDE: 81 25 W
[TEMPERATURE DATA] [PRECIPITATION DATA] SYMBOLS USED IN COLUMN 16
AVERAGE MONTHLY: 41.3 TOTAL FOR MONTH: 2.74 1 = FOG OR MIST
DPTR FM NORMAL: 7.5 DPTR FM NORMAL: 0.01 2 = FOG REDUCING VISIBILITY
HIGHEST: 63 ON 25 GRTST 24HR 1.01 ON 26-27 TO 1/4 MILE OR LESS
LOWEST: 20 ON 20,14 3 = THUNDER
SNOW, ICE PELLETS, HAIL 4 = ICE PELLETS
TOTAL MONTH: M 5 = HAIL
GRTST 24HR M ON M 6 = FREEZING RAIN OR DRIZZLE
GRTST DEPTH: M ON M 7 = DUSTSTORM OR SANDSTORM:
VSBY 1/2 MILE OR LESS
8 = SMOKE OR HAZE
[NO. OF DAYS WITH] [WEATHER - DAYS WITH] 9 = BLOWING SNOW
X = TORNADO
MAX 32 OR BELOW: 1 0.01 INCH OR MORE: 15
MAX 90 OR ABOVE: 0 0.10 INCH OR MORE: 7
MIN 32 OR BELOW: 14 0.50 INCH OR MORE: 2
MIN 0 OR BELOW: 0 1.00 INCH OR MORE: 0
[HDD (BASE 65) ]
TOTAL THIS MO. 725 CLEAR (SCALE 0-3) 7
DPTR FM NORMAL -242 PTCLDY (SCALE 4-7) 3
TOTAL FM JUL 1 1752 CLOUDY (SCALE 8-10) 21
DPTR FM NORMAL -363
[CDD (BASE 65) ]
TOTAL THIS MO. 0
DPTR FM NORMAL 0 [PRESSURE DATA]
TOTAL FM JAN 1 716 HIGHEST SLP M ON M
DPTR FM NORMAL -64 LOWEST SLP 29.54 ON 18
[REMARKS]
#FINAL-12-23#