000
CXUS51 KPBZ 010730
CF6PHD
PRELIMINARY LOCAL CLIMATOLOGICAL DATA (WS FORM: F-6)
STATION: NEW PHILADELPHIA OH
MONTH: MARCH
YEAR: 2020
LATITUDE: 40 28 N
LONGITUDE: 81 25 W
TEMPERATURE IN F: :PCPN: SNOW: WIND :SUNSHINE: SKY :PK WND
================================================================================
1 2 3 4 5 6A 6B 7 8 9 10 11 12 13 14 15 16 17 18
12Z AVG MX 2MIN
DY MAX MIN AVG DEP HDD CDD WTR SNW DPTH SPD SPD DIR MIN PSBL S-S WX SPD DR
================================================================================
1 49 17 33 -2 32 0 0.00 M M 5.8 14 180 M M 1 19 230
2 52 46 49 14 16 0 0.12 M M 5.7 15 190 M M 9 18 23 180
3 56 41 49 14 16 0 0.69 M M 8.3 26 300 M M 8 13 43 290
4 51 31 41 5 24 0 0.01 M M 5.5 18 320 M M 4 28 250
5 54 24 39 3 26 0 0.00 M M 2.4 14 170 M M 0 17 120
6 40 30 35 -1 30 0 0.04 M M 9.4 22 320 M M 8 18 31 320
7 44 27 36 0 29 0 T M M 6.2 15 340 M M 5 22 330
8 61 26 44 7 21 0 0.00 M M 6.6 16 220 M M 0 21 220
9 67 44 56 19 9 0 0.00 M M 7.3 16 220 M M 1 23 200
10 63 39 51 13 14 0 0.34 M M 8.9 21 330 M M 10 18 29 340
11 50 34 42 4 23 0 0.00 M M 1.4 9 220 M M 10 1 11 190
12 64 44 54 16 11 0 T M M 4.7 13 170 M M 9 19 190
13 59 41 50 11 15 0 0.14 M M 11.3 23 300 M M 4 1 35 310
14 43 30 37 -2 28 0 0.09 M M 2.7 12 20 M M 6 18 16 30
15 49 32 41 2 24 0 T M M 5.3 14 10 M M 6 1 17 10
16 47 26 37 -3 28 0 0.09 M M 2.4 10 130 M M 6 1 16 140
17 45 31 38 -2 27 0 0.01 M M 3.6 14 300 M M 10 1 17 300
18 57 27 42 1 23 0 1.15 M M 4.4 14 120 M M 5 1 19 130
19 66 46 56 15 9 0 0.42 M M 5.9 18 190 M M 10 1 27 210
20 72 37 55 14 10 0 1.31 M M 11.9 25 310 M M 10 13 37 310
21 37 30 34 -8 31 0 0.00 M M 7.0 18 350 M M 10 24 360
22 49 26 38 -4 27 0 0.06 M M 5.7 16 130 M M 5 23 140
23 48 41 45 3 20 0 0.06 M M 5.1 14 290 M M 10 18 18 310
24 46 39 43 0 22 0 0.04 M M 4.5 10 50 M M 10 15 110
25 62 41 52 9 13 0 0.16 M M 3.1 10 60 M M 7 1 15 70
26 68 42 55 11 10 0 0.20 M M 5.9 15 180 M M 3 1 20 210
27 60 48 54 10 11 0 0.04 M M 4.7 14 350 M M 8 1 17 60
28 75 52 64 20 1 0 0.90 M M 5.2 24 120 M M 9 13 28 120
29 74 57 66 21 0 1 0.24 M M 13.4 30 240 M M 5 13 45 230
30 57 41 49 4 16 0 0.01 M M 9.4 21 250 M M 8 34 250
31 47 39 43 -3 22 0 T M M 2.2 10 320 M M 10 13 40
================================================================================
SM 1712 1129 588 1 6.12 M 185.9 M 207
================================================================================
AV 55.2 36.4 6.0 FASTST M M 7 MAX(MPH)
MISC ----> 30 240 45 230
================================================================================
NOTES:
# LAST OF SEVERAL OCCURRENCES
COLUMN 17 PEAK WIND IN M.P.H.
PRELIMINARY LOCAL CLIMATOLOGICAL DATA (WS FORM: F-6) , PAGE 2
STATION: NEW PHILADELPHIA OH
MONTH: MARCH
YEAR: 2020
LATITUDE: 40 28 N
LONGITUDE: 81 25 W
[TEMPERATURE DATA] [PRECIPITATION DATA] SYMBOLS USED IN COLUMN 16
AVERAGE MONTHLY: 45.8 TOTAL FOR MONTH: 6.12 1 = FOG OR MIST
DPTR FM NORMAL: 5.9 DPTR FM NORMAL: 3.08 2 = FOG REDUCING VISIBILITY
HIGHEST: 75 ON 28 GRTST 24HR 1.72 ON 19-20 TO 1/4 MILE OR LESS
LOWEST: 17 ON 1 3 = THUNDER
SNOW, ICE PELLETS, HAIL 4 = ICE PELLETS
TOTAL MONTH: M 5 = HAIL
GRTST 24HR M ON M 6 = FREEZING RAIN OR DRIZZLE
GRTST DEPTH: M ON M 7 = DUSTSTORM OR SANDSTORM:
VSBY 1/2 MILE OR LESS
8 = SMOKE OR HAZE
[NO. OF DAYS WITH] [WEATHER - DAYS WITH] 9 = BLOWING SNOW
X = TORNADO
MAX 32 OR BELOW: 0 0.01 INCH OR MORE: 21
MAX 90 OR ABOVE: 0 0.10 INCH OR MORE: 11
MIN 32 OR BELOW: 13 0.50 INCH OR MORE: 4
MIN 0 OR BELOW: 0 1.00 INCH OR MORE: 2
[HDD (BASE 65) ]
TOTAL THIS MO. 588 CLEAR (SCALE 0-3) 5
DPTR FM NORMAL -191 PTCLDY (SCALE 4-7) 12
TOTAL FM JUL 1 4396 CLOUDY (SCALE 8-10) 14
DPTR FM NORMAL -589
[CDD (BASE 65) ]
TOTAL THIS MO. 1
DPTR FM NORMAL 0 [PRESSURE DATA]
TOTAL FM JAN 1 1 HIGHEST SLP M ON M
DPTR FM NORMAL 0 LOWEST SLP 29.46 ON 3
[REMARKS]
#FINAL-03-20#