000
CXUS51 KPBZ 010730
CF6PHD
PRELIMINARY LOCAL CLIMATOLOGICAL DATA (WS FORM: F-6)
STATION: NEW PHILADELPHIA OH
MONTH: AUGUST
YEAR: 2023
LATITUDE: 40 28 N
LONGITUDE: 81 25 W
TEMPERATURE IN F: :PCPN: SNOW: WIND :SUNSHINE: SKY :PK WND
================================================================================
1 2 3 4 5 6A 6B 7 8 9 10 11 12 13 14 15 16 17 18
12Z AVG MX 2MIN
DY MAX MIN AVG DEP HDD CDD WTR SNW DPTH SPD SPD DIR MIN PSBL S-S WX SPD DR
================================================================================
1 77 56 67 -6 0 2 T M M 0.5 9 250 M M 3 1 16 190
2 80 57 69 -4 0 4 0.00 M M 1.0 8 220 M M 3 12 10 210
3 85 58 72 -1 0 7 T M M 0.7 7 100 M M 1 12 9 190
4 87 62 75 2 0 10 T M M 3.5 15 340 M M 4 128 20 320
5 82 58 70 -3 0 5 0.00 M M 0.4 7 30 M M 1 18 10 40
6 84 63 74 1 0 9 1.55 M M 4.6 16 200 M M 5 1238 26 210
7 80 64 72 0 0 7 0.22 M M 6.9 17 330 M M 8 13 26 280
8 81 62 72 0 0 7 0.00 M M 4.4 15 250 M M 2 22 240
9 81 60 71 -1 0 6 0.00 M M 3.1 12 240 M M 3 13 17 240
10 80 65 73 1 0 8 0.46 M M 3.8 13 290 M M 6 13 18 300
11 82 61 72 0 0 7 0.47 M M 3.1 17 290 M M 4 123 23 300
12 84 68 76 4 0 11 1.92 M M 3.7 32 10 M M 5 123 41 340
13 84 60 72 0 0 7 0.00 M M 2.1 13 290 M M 3 12 16 280
14 80 67 74 2 0 9 0.27 M M 1.9 12 130 M M 6 1 14 130
15 82 63 73 1 0 8 0.07 M M 4.4 13 230 M M 9 1 22 240
16 75 63 69 -3 0 4 T M M 2.5 8 240 M M 10 1 11 230
17 79 63 71 0 0 6 0.34 M M 4.6 13 300 M M 8 123 18 300
18 74 53 64 -7 1 0 0.00 M M 6.5 16 300 M M 3 23 280
19 78 52 65 -6 0 0 0.00 M M 2.0 9 270 M M 3 12 12 250
20 84 57 71 0 0 6 0.00 M M 2.9 9 250 M M 2 1 13 170
21 89 66 78 7 0 13 0.00 M M 2.3 12 310 M M 4 18 15 330
22 80 60 70 -1 0 5 0.00 M M 3.8 12 40 M M 3 1 17 30
23 80 59 70 -1 0 5 1.32 M M 4.5 17 40 M M 4 13 25 40
24 82 68 75 5 0 10 0.67 M M 4.5 17 240 M M 2 13 27 250
25 82 69 76 6 0 11 0.22 M M 5.6 18 330 M M 8 13 27 320
26 79 63 71 1 0 6 0.00 M M 2.8 9 340 M M 7 1 12 330
27 79 60 70 0 0 5 0.00 M M 3.4 12 40 M M 4 17 20
28 80 55 68 -2 0 3 0.00 M M 3.2 9 350 M M 1 13 320
29 80 56 68 -2 0 3 0.00 M M 0.8 8 230 M M 1 1 11 260
30 65 58 62 -7 3 0 0.00 M M 2.6 10 340 M M 4 M M
31 75 55 65 -4 0 0 0.00 M M 4.3 13 340 M M 1 22 350
================================================================================
SM 2490 1881 4 184 7.51 M 100.4 M 128
================================================================================
AV 80.3 60.7 3.2 FASTST M M 4 MAX(MPH)
MISC ----> 32 10 41 340
================================================================================
NOTES:
# LAST OF SEVERAL OCCURRENCES
COLUMN 17 PEAK WIND IN M.P.H.
PRELIMINARY LOCAL CLIMATOLOGICAL DATA (WS FORM: F-6) , PAGE 2
STATION: NEW PHILADELPHIA OH
MONTH: AUGUST
YEAR: 2023
LATITUDE: 40 28 N
LONGITUDE: 81 25 W
[TEMPERATURE DATA] [PRECIPITATION DATA] SYMBOLS USED IN COLUMN 16
AVERAGE MONTHLY: 70.5 TOTAL FOR MONTH: 7.51 1 = FOG OR MIST
DPTR FM NORMAL: -0.8 DPTR FM NORMAL: 3.86 2 = FOG REDUCING VISIBILITY
HIGHEST: 89 ON 21 GRTST 24HR 1.99 ON 23-24 TO 1/4 MILE OR LESS
LOWEST: 52 ON 19 3 = THUNDER
SNOW, ICE PELLETS, HAIL 4 = ICE PELLETS
TOTAL MONTH: M 5 = HAIL
GRTST 24HR M ON M 6 = FREEZING RAIN OR DRIZZLE
GRTST DEPTH: M ON M 7 = DUSTSTORM OR SANDSTORM:
VSBY 1/2 MILE OR LESS
8 = SMOKE OR HAZE
[NO. OF DAYS WITH] [WEATHER - DAYS WITH] 9 = BLOWING SNOW
X = TORNADO
MAX 32 OR BELOW: 0 0.01 INCH OR MORE: 11
MAX 90 OR ABOVE: 0 0.10 INCH OR MORE: 10
MIN 32 OR BELOW: 0 0.50 INCH OR MORE: 4
MIN 0 OR BELOW: 0 1.00 INCH OR MORE: 3
[HDD (BASE 65) ]
TOTAL THIS MO. 4 CLEAR (SCALE 0-3) 11
DPTR FM NORMAL -4 PTCLDY (SCALE 4-7) 18
TOTAL FM JUL 1 4 CLOUDY (SCALE 8-10) 2
DPTR FM NORMAL -2
[CDD (BASE 65) ]
TOTAL THIS MO. 184
DPTR FM NORMAL -21 [PRESSURE DATA]
TOTAL FM JAN 1 612 HIGHEST SLP M ON M
DPTR FM NORMAL -74 LOWEST SLP 29.65 ON 7
[REMARKS]
#FINAL-08-23#