000
CXUS55 KPSR 011005
CF6PHX
PRELIMINARY LOCAL CLIMATOLOGICAL DATA (WS FORM: F-6)
STATION: PHOENIX AZ
MONTH: APRIL
YEAR: 2023
LATITUDE: 33 25 N
LONGITUDE: 112 1 W
TEMPERATURE IN F: :PCPN: SNOW: WIND :SUNSHINE: SKY :PK WND
================================================================================
1 2 3 4 5 6A 6B 7 8 9 10 11 12 13 14 15 16 17 18
12Z AVG MX 2MIN
DY MAX MIN AVG DEP HDD CDD WTR SNW DPTH SPD SPD DIR MIN PSBL S-S WX SPD DR
================================================================================
1 81 52 67 -3 0 2 0.00 0.0 0 4.6 18 270 M M 4 23 270
2 82 53 68 -2 0 3 0.00 0.0 0 5.2 13 280 M M 0 17 320
3 83 54 69 -1 0 4 0.00 0.0 0 14.6 30 280 M M 2 78 41 260
4 65 47 56 -15 9 0 0.00 0.0 0 16.2 30 300 M M 2 44 300
5 69 46 58 -13 7 0 0.00 0.0 0 6.1 15 310 M M 2 22 320
6 79 50 65 -6 0 0 0.00 0.0 0 4.1 10 260 M M 5 16 280
7 83 55 69 -2 0 4 0.00 0.0 0 4.5 13 270 M M 3 26 270
8 85 55 70 -1 0 5 0.00 0.0 0 4.6 12 290 M M 5 20 360
9 89 59 74 2 0 9 0.00 0.0 0 4.3 10 270 M M 2 14 60
10 98 62 80 8 0 15 0.00 0.0 0 4.6 13 130 M M 0 18 310
11 99 66 83 11 0 18 0.00 0.0 0 5.9 18 280 M M 1 26 260
12 92 64 78 6 0 13 0.00 0.0 0 6.7 15 150 M M 5 25 340
13 83 64 74 2 0 9 0.00 0.0 0 8.1 23 270 M M 7 31 280
14 79 58 69 -4 0 4 0.00 0.0 0 7.0 18 290 M M 2 33 270
15 86 59 73 0 0 8 0.00 0.0 0 4.9 10 130 M M 0 13 140
16 90 61 76 3 0 11 0.00 0.0 0 4.5 13 100 M M 3 23 360
17 92 64 78 5 0 13 0.00 0.0 0 5.6 17 270 M M 2 24 300
18 88 63 76 2 0 11 0.00 0.0 0 8.0 21 270 M M 5 28 310
19 83 64 74 0 0 9 0.00 0.0 0 10.9 22 270 M M 5 8 32 280
20 86 59 73 -1 0 8 0.00 0.0 0 5.3 17 310 M M 1 32 330
21 90 61 76 2 0 11 0.00 0.0 0 6.0 14 220 M M 2 23 330
22 94 62 78 3 0 13 0.00 0.0 0 6.4 22 300 M M 4 32 320
23 96 66 81 6 0 16 0.00 0.0 0 7.8 21 290 M M 4 27 290
24 92 68 80 5 0 15 0.00 0.0 0 6.9 18 270 M M 3 8 24 310
25 92 65 79 4 0 14 0.00 0.0 0 9.6 22 260 M M 1 29 270
26 90 63 77 1 0 12 0.00 0.0 0 5.9 15 230 M M 1 22 180
27 96 66 81 5 0 16 0.00 0.0 0 6.6 16 260 M M 2 25 280
28 98 67 83 7 0 18 0.00 0.0 0 5.6 17 80 M M 2 31 30
29 99 71 85 9 0 20 0.00 0.0 0 6.2 17 70 M M 1 26 50
30 102 70 86 9 0 21 0.00 0.0 0 6.6 15 330 M M 5 26 350
================================================================================
SM 2641 1814 16 302 0.00 0.0 203.3 M 81
================================================================================
AV 88.0 60.5 6.8 FASTST M M 3 MAX(MPH)
MISC ----> # 30 280 44 300
================================================================================
NOTES:
# LAST OF SEVERAL OCCURRENCES
COLUMN 17 PEAK WIND IN M.P.H.
PRELIMINARY LOCAL CLIMATOLOGICAL DATA (WS FORM: F-6) , PAGE 2
STATION: PHOENIX AZ
MONTH: APRIL
YEAR: 2023
LATITUDE: 33 25 N
LONGITUDE: 112 1 W
[TEMPERATURE DATA] [PRECIPITATION DATA] SYMBOLS USED IN COLUMN 16
AVERAGE MONTHLY: 74.3 TOTAL FOR MONTH: 0.00 1 = FOG OR MIST
DPTR FM NORMAL: 1.1 DPTR FM NORMAL: -0.22 2 = FOG REDUCING VISIBILITY
HIGHEST: 102 ON 30 GRTST 24HR 0.00 ON 1- 1 TO 1/4 MILE OR LESS
LOWEST: 46 ON 5 3 = THUNDER
SNOW, ICE PELLETS, HAIL 4 = ICE PELLETS
TOTAL MONTH: 0.0 INCH 5 = HAIL
GRTST 24HR 0.0 6 = FREEZING RAIN OR DRIZZLE
GRTST DEPTH: 0 7 = DUSTSTORM OR SANDSTORM:
VSBY 1/2 MILE OR LESS
8 = SMOKE OR HAZE
[NO. OF DAYS WITH] [WEATHER - DAYS WITH] 9 = BLOWING SNOW
X = TORNADO
MAX 32 OR BELOW: 0 0.01 INCH OR MORE: 0
MAX 90 OR ABOVE: 15 0.10 INCH OR MORE: 0
MIN 32 OR BELOW: 0 0.50 INCH OR MORE: 0
MIN 0 OR BELOW: 0 1.00 INCH OR MORE: 0
[HDD (BASE 65) ]
TOTAL THIS MO. 16 CLEAR (SCALE 0-3) 19
DPTR FM NORMAL 2 PTCLDY (SCALE 4-7) 11
TOTAL FM JUL 1 1115 CLOUDY (SCALE 8-10) 0
DPTR FM NORMAL 246
[CDD (BASE 65) ]
TOTAL THIS MO. 302
DPTR FM NORMAL 43 [PRESSURE DATA]
TOTAL FM JAN 1 322 HIGHEST SLP 30.12 ON 5
DPTR FM NORMAL -60 LOWEST SLP 29.53 ON 3
[REMARKS]
#FINAL-04-23#