000
CXUS55 KPSR 011005
CF6PHX
PRELIMINARY LOCAL CLIMATOLOGICAL DATA (WS FORM: F-6)
STATION: PHOENIX AZ
MONTH: DECEMBER
YEAR: 2022
LATITUDE: 33 25 N
LONGITUDE: 112 1 W
TEMPERATURE IN F: :PCPN: SNOW: WIND :SUNSHINE: SKY :PK WND
================================================================================
1 2 3 4 5 6A 6B 7 8 9 10 11 12 13 14 15 16 17 18
12Z AVG MX 2MIN
DY MAX MIN AVG DEP HDD CDD WTR SNW DPTH SPD SPD DIR MIN PSBL S-S WX SPD DR
================================================================================
1 73 48 61 2 4 0 0.00 0.0 0 5.0 10 130 M M 5 17 280
2 69 51 60 2 5 0 0.00 0.0 0 3.9 10 70 M M 8 13 300
3 61 49 55 -3 10 0 0.76 0.0 0 5.4 14 80 M M 9 1 18 140
4 65 57 61 3 4 0 0.41 0.0 0 3.0 9 80 M M 10 1 13 10
5 70 57 64 7 1 0 0.00 0.0 0 3.7 12 280 M M 7 128 18 170
6 68 55 62 5 3 0 0.00 0.0 0 4.4 9 120 M M 7 14 310
7 65 51 58 1 7 0 0.00 0.0 0 4.6 12 270 M M 6 17 280
8 66 45 56 0 9 0 0.00 0.0 0 2.7 8 90 M M 2 11 280
9 66 45 56 0 9 0 0.00 0.0 0 2.3 13 270 M M 4 20 270
10 66 43 55 -1 10 0 0.00 0.0 0 3.7 10 130 M M 2 8 13 130
11 69 42 56 0 9 0 0.00 0.0 0 5.3 13 160 M M 3 20 160
12 61 46 54 -2 11 0 0.16 0.0 0 8.2 28 270 M M 9 1 35 270
13 55 43 49 -7 16 0 0.00 0.0 0 5.8 14 260 M M 6 23 260
14 56 37 47 -8 18 0 0.00 0.0 0 4.0 10 90 M M 1 16 230
15 56 38 47 -8 18 0 0.00 0.0 0 3.9 8 80 M M 2 13 320
16 59 41 50 -5 15 0 0.00 0.0 0 4.3 14 70 M M 5 19 320
17 61 36 49 -6 16 0 0.00 0.0 0 3.5 10 50 M M 2 17 30
18 61 45 53 -2 12 0 0.00 0.0 0 3.5 17 170 M M 7 24 170
19 63 39 51 -4 14 0 0.00 0.0 0 3.2 8 290 M M 1 16 280
20 64 43 54 -1 11 0 0.00 0.0 0 3.6 8 300 M M 6 15 290
21 66 40 53 -2 12 0 0.00 0.0 0 2.7 8 80 M M 1 14 330
22 65 41 53 -2 12 0 0.00 0.0 0 4.3 10 80 M M 3 12 90
23 68 46 57 2 8 0 0.00 0.0 0 3.9 9 90 M M 4 14 280
24 71 44 58 3 7 0 0.00 0.0 0 4.0 9 100 M M 1 12 110
25 74 46 60 5 5 0 0.00 0.0 0 3.1 10 100 M M 2 8 13 100
26 74 46 60 5 5 0 0.00 0.0 0 3.1 14 140 M M 5 17 140
27 72 49 61 6 4 0 0.00 0.0 0 3.6 10 110 M M 8 14 120
28 63 52 58 3 7 0 0.58 0.0 0 6.8 20 340 M M 9 1 35 340
29 62 48 55 0 10 0 T M 0 4.8 12 290 M M 7 13 290
30 60 53 57 2 8 0 0.10 0.0 0 3.5 9 140 M M 9 18 15 360
31 67 49 58 3 7 0 0.00 0.0 0 5.4 10 130 M M 7 8 14 140
================================================================================
SM 2016 1425 287 0 2.01 0.0 129.2 M 158
================================================================================
AV 65.0 46.0 4.2 FASTST M M 5 MAX(MPH)
MISC ----> 28 270 # 35 270
================================================================================
NOTES:
# LAST OF SEVERAL OCCURRENCES
COLUMN 17 PEAK WIND IN M.P.H.
PRELIMINARY LOCAL CLIMATOLOGICAL DATA (WS FORM: F-6) , PAGE 2
STATION: PHOENIX AZ
MONTH: DECEMBER
YEAR: 2022
LATITUDE: 33 25 N
LONGITUDE: 112 1 W
[TEMPERATURE DATA] [PRECIPITATION DATA] SYMBOLS USED IN COLUMN 16
AVERAGE MONTHLY: 55.5 TOTAL FOR MONTH: 2.01 1 = FOG OR MIST
DPTR FM NORMAL: -0.3 DPTR FM NORMAL: 1.27 2 = FOG REDUCING VISIBILITY
HIGHEST: 74 ON 26,25 GRTST 24HR 1.17 ON 3- 4 TO 1/4 MILE OR LESS
LOWEST: 36 ON 17 3 = THUNDER
SNOW, ICE PELLETS, HAIL 4 = ICE PELLETS
TOTAL MONTH: 0.0 INCH 5 = HAIL
GRTST 24HR 0.0 6 = FREEZING RAIN OR DRIZZLE
GRTST DEPTH: 0 7 = DUSTSTORM OR SANDSTORM:
VSBY 1/2 MILE OR LESS
8 = SMOKE OR HAZE
[NO. OF DAYS WITH] [WEATHER - DAYS WITH] 9 = BLOWING SNOW
X = TORNADO
MAX 32 OR BELOW: 0 0.01 INCH OR MORE: 5
MAX 90 OR ABOVE: 0 0.10 INCH OR MORE: 5
MIN 32 OR BELOW: 0 0.50 INCH OR MORE: 2
MIN 0 OR BELOW: 0 1.00 INCH OR MORE: 0
[HDD (BASE 65) ]
TOTAL THIS MO. 287 CLEAR (SCALE 0-3) 10
DPTR FM NORMAL -1 PTCLDY (SCALE 4-7) 16
TOTAL FM JUL 1 439 CLOUDY (SCALE 8-10) 5
DPTR FM NORMAL 61
[CDD (BASE 65) ]
TOTAL THIS MO. 0
DPTR FM NORMAL -2 [PRESSURE DATA]
TOTAL FM JAN 1 5030 HIGHEST SLP 30.28 ON 24
DPTR FM NORMAL 266 LOWEST SLP 29.70 ON 12
[REMARKS]
#FINAL-12-22#