000
CXUS54 KBRO 030403
CF6PIL
PRELIMINARY LOCAL CLIMATOLOGICAL DATA (WS FORM: F-6)
STATION: BAYVIEW
MONTH: NOVEMBER
YEAR: 2023
LATITUDE: 26 10 N
LONGITUDE: 97 20 W
TEMPERATURE IN F: :PCPN: SNOW: WIND :SUNSHINE: SKY :PK WND
================================================================================
1 2 3 4 5 6A 6B 7 8 9 10 11 12 13 14 15 16 17 18
12Z AVG MX 2MIN
DY MAX MIN AVG DEP HDD CDD WTR SNW DPTH SPD SPD DIR MIN PSBL S-S WX SPD DR
================================================================================
1 69 52 61 -12 4 0 0.00 0.0 0 13.9 25 10 M M 2 36 360
2 75 53 64 -9 1 0 0.00 0.0 0 7.1 18 90 M M 6 23 90
3 81 61 71 -1 0 6 0.00 0.0 0 6.2 15 100 M M 4 19 90
4 83 59 71 -1 0 6 0.00 0.0 0 5.7 15 90 M M 1 19 110
5 84 59 72 0 0 7 0.00 0.0 0 6.2 14 90 M M 0 19 70
6 86 64 75 3 0 10 0.00 0.0 0 8.6 22 130 M M 1 29 130
7 85 63 74 3 0 9 0.00 0.0 0 10.7 23 140 M M 1 32 150
8 87 70 79 8 0 14 0.00 0.0 0 12.2 24 140 M M 2 31 140
9 84 76 80 9 0 15 0.29 0.0 0 10.9 22 150 M M 6 1 30 140
10 76 61 69 -2 0 4 1.48 0.0 0 11.7 22 330 M M 9 1 27 330
11 62 60 61 -9 4 0 1.07 0.0 0 14.0 21 320 M M 10 1 26 330
12 67 60 64 -6 1 0 1.26 0.0 0 14.7 26 360 M M 10 1 37 20
13 66 63 65 -5 0 0 0.25 0.0 0 17.0 23 340 M M 10 1 33 350
14 72 59 66 -4 0 1 T 0.0 0 11.0 20 320 M M 6 1 29 330
15 74 57 66 -3 0 1 0.00 0.0 0 7.6 18 20 M M 0 1 24 20
16 78 58 68 -1 0 3 0.00 0.0 0 6.1 13 60 M M 0 1 19 50
17 83 55 69 0 0 4 0.00 0.0 0 4.2 13 120 M M 1 12 16 110
18 81 61 71 2 0 6 0.00 0.0 0 4.1 14 50 M M 4 12 17 50
19 83 65 74 6 0 9 0.00 0.0 0 9.0 21 150 M M 3 1 28 180
20 85 70 78 10 0 13 0.00 0.0 0 9.8 24 180 M M 4 34 180
21 70 60 65 -3 0 0 0.00 0.0 0 15.4 29 360 M M 6 39 360
22 60 52 56 -12 9 0 0.08 0.0 0 7.2 17 340 M M 4 23 340
23 64 51 58 -10 7 0 0.15 0.0 0 4.6 10 260 M M 7 1 14 270
24 72 52 62 -5 3 0 T 0.0 0 5.0 10 350 M M 9 15 360
25 77 65 71 4 0 6 T 0.0 0 7.0 16 80 M M 10 23 80
26 71 59 65 -2 0 0 0.03 0.0 0 11.7 24 10 M M 9 18 36 10
27 62 54 58 -9 7 0 T 0.0 0 14.9 22 340 M M 10 28 340
28 68 56 62 -4 3 0 0.00 0.0 0 11.7 17 350 M M 10 22 360
29 72 59 66 0 0 1 0.74 0.0 0 8.1 15 150 M M 10 13 22 140
30 82 67 75 9 0 10 0.24 0.0 0 14.2 28 180 M M 5 1 41 180
================================================================================
SM 2259 1801 39 125 5.59 0.0 290.5 M 160
================================================================================
AV 75.3 60.0 9.7 FASTST M M 5 MAX(MPH)
MISC ----> 29 360 41 180
================================================================================
NOTES:
# LAST OF SEVERAL OCCURRENCES
COLUMN 17 PEAK WIND IN M.P.H.
PRELIMINARY LOCAL CLIMATOLOGICAL DATA (WS FORM: F-6) , PAGE 2
STATION: BAYVIEW
MONTH: NOVEMBER
YEAR: 2023
LATITUDE: 26 10 N
LONGITUDE: 97 20 W
[TEMPERATURE DATA] [PRECIPITATION DATA] SYMBOLS USED IN COLUMN 16
AVERAGE MONTHLY: 67.7 TOTAL FOR MONTH: 5.59 1 = FOG OR MIST
DPTR FM NORMAL: -1.7 DPTR FM NORMAL: 3.68 2 = FOG REDUCING VISIBILITY
HIGHEST: 87 ON 8 GRTST 24HR 2.30 ON 10-11 TO 1/4 MILE OR LESS
LOWEST: 51 ON 23 3 = THUNDER
SNOW, ICE PELLETS, HAIL 4 = ICE PELLETS
TOTAL MONTH: 0.0 INCH 5 = HAIL
GRTST 24HR 0.0 6 = FREEZING RAIN OR DRIZZLE
GRTST DEPTH: 0 7 = DUSTSTORM OR SANDSTORM:
VSBY 1/2 MILE OR LESS
8 = SMOKE OR HAZE
[NO. OF DAYS WITH] [WEATHER - DAYS WITH] 9 = BLOWING SNOW
X = TORNADO
MAX 32 OR BELOW: 0 0.01 INCH OR MORE: 10
MAX 90 OR ABOVE: 0 0.10 INCH OR MORE: 8
MIN 32 OR BELOW: 0 0.50 INCH OR MORE: 4
MIN 0 OR BELOW: 0 1.00 INCH OR MORE: 3
[HDD (BASE 65) ]
TOTAL THIS MO. 39 CLEAR (SCALE 0-3) 9
DPTR FM NORMAL -11 PTCLDY (SCALE 4-7) 11
TOTAL FM JUL 1 52 CLOUDY (SCALE 8-10) 10
DPTR FM NORMAL 0
[CDD (BASE 65) ]
TOTAL THIS MO. 125
DPTR FM NORMAL -55 [PRESSURE DATA]
TOTAL FM JAN 1 4626 HIGHEST SLP 30.41 ON 1
DPTR FM NORMAL 573 LOWEST SLP 29.63 ON 20
[REMARKS]
#FINAL-11-23#