000
CXUS51 KPBZ 011452
CLMPIT
CLIMATE REPORT
NATIONAL WEATHER SERVICE PITTSBURGH PA
952 AM EST THU FEB 01 2024
...................................
...THE PITTSBURGH PA CLIMATE SUMMARY FOR THE MONTH OF JANUARY 2024...
CLIMATE NORMAL PERIOD 1991 TO 2020
CLIMATE RECORD PERIOD 1871 TO 2024
WEATHER OBSERVED NORMAL DEPART LAST YEAR`S
VALUE DATE(S) VALUE FROM VALUE DATE(S)
NORMAL
................................................................
TEMPERATURE (F)
RECORD
HIGH 75 01/25/1950
01/22/1906
LOW -22 01/19/1994
HIGHEST 64 01/26 60 4 60 01/03
01/04
LOWEST 7 01/17 0 7 15 01/15
AVG. MAXIMUM 38.5 36.3 2.2 42.5
AVG. MINIMUM 27.5 21.4 6.1 31.2
MEAN 33.0 28.8 4.2 36.9
DAYS MAX >= 90 0 0.0 0.0 0
DAYS MAX <= 32 8 12.0 -4.0 3
DAYS MIN <= 32 18 25.4 -7.4 19
DAYS MIN <= 0 0 1.3 -1.3 0
PRECIPITATION (INCHES)
RECORD
MAXIMUM 7.15 1937
MINIMUM 0.77 1981
TOTALS 5.28 2.96 2.32 4.02
DAILY AVG. 0.17 0.10 0.07 0.13
DAYS >= .01 19 16.8 2.2 19
DAYS >= .10 8 7.0 1.0 11
DAYS >= .50 3 1.8 1.2 3
DAYS >= 1.00 2 0.3 1.7 0
GREATEST
24 HR. TOTAL 1.43 01/09 TO 01/09 0.78
SNOWFALL (INCHES)
RECORDS
TOTAL 40.2 1978
24 HR TOTAL 16.5 MM
TOTALS 9.9 13.3 -3.4 8.1
SINCE 7/1 11.6 23.8 -12.2 14.3
SNOWDEPTH AVG. 1 0
DAYS >= TRACE 21 12.2 8.8 14
DAYS >= 1.0 4 4.4 -0.4 4
GREATEST
24 HR TOTAL 2.9 01/19 TO 01/19 8.1
DEGREE DAYS
HEATING TOTAL 985 1120 -135 864
SINCE 7/1 2612 3230 -618 MM
COOLING TOTAL 0 0 0 0
SINCE 1/1 0 0 0 MM
................................................................
WIND (MPH)
AVERAGE WIND SPEED 8.2
HIGHEST WIND SPEED/DIRECTION 30/120 DATE 01/09
30/130 01/12
HIGHEST GUST SPEED/DIRECTION 54/250 DATE 01/13
SKY COVER
AVERAGE SKY COVER 0.90
AVERAGE RH (PERCENT) 72
WEATHER CONDITIONS. NUMBER OF DAYS WITH
THUNDERSTORM 0 MIXED PRECIP 0
HEAVY RAIN 0 RAIN 4
LIGHT RAIN 13 FREEZING RAIN 0
LT FREEZING RAIN 0 HAIL 0
HEAVY SNOW 0 SNOW 4
LIGHT SNOW 21 SLEET 1
FOG 15 FOG W/VIS <= 1/4 MILE 3
HAZE 3
- INDICATES NEGATIVE NUMBERS.
R INDICATES RECORD WAS SET OR TIED.
MM INDICATES DATA IS MISSING.
T INDICATES TRACE AMOUNT.
$$