000
CXUS51 KRLX 011454
CF6PKB
PRELIMINARY LOCAL CLIMATOLOGICAL DATA (WS FORM: F-6)
STATION: PARKERSBURG WV
MONTH: FEBRUARY
YEAR: 2022
LATITUDE: 39 20 N
LONGITUDE: 81 26 W
TEMPERATURE IN F: :PCPN: SNOW: WIND :SUNSHINE: SKY :PK WND
================================================================================
1 2 3 4 5 6A 6B 7 8 9 10 11 12 13 14 15 16 17 18
12Z AVG MX 2MIN
DY MAX MIN AVG DEP HDD CDD WTR SNW DPTH SPD SPD DIR MIN PSBL S-S WX SPD DR
================================================================================
1 52 18 35 3 30 0 0.00 M M 4.9 16 170 M M 1 18 21 180
2 50 39 45 13 20 0 0.13 M M 6.8 13 170 M M 5 1 18 160
3 45 32 39 6 26 0 1.96 M M 6.1 12 360 M M 10 16 16 340
4 32 22 27 -6 38 0 0.42 M M 6.5 14 320 M M 10 1468 19 320
5 23 11 17 -16 48 0 T M M 3.2 14 300 M M 8 18 20 310
6 39 6 23 -10 42 0 0.00 M M 2.1 8 160 M M 0 18 11 170
7 47 18 33 0 32 0 0.00 M M 4.3 14 300 M M 0 1 19 310
8 37 22 30 -3 35 0 0.00 M M 5.6 13 210 M M 5 8 17 260
9 52 31 42 8 23 0 0.02 M M 9.1 18 240 M M 4 27 210
10 51 27 39 5 26 0 0.00 M M 6.4 20 260 M M 3 28 270
11 65 25 45 11 20 0 0.00 M M 10.4 24 230 M M 3 8 41 230
12 47 29 38 4 27 0 0.03 M M 7.9 18 300 M M 9 1 25 270
13 31 21 26 -8 39 0 T M M 6.6 17 310 M M 10 8 21 310
14 27 15 21 -14 44 0 T M M 3.8 13 230 M M 6 8 17 240
15 44 12 28 -7 37 0 0.00 M M 2.3 9 140 M M 0 13 130
16 64 32 48 13 17 0 0.00 M M 11.8 26 200 M M 2 36 210
17 62 53 58 22 7 0 1.29 M M 11.1 41 310 M M 9 1 60 290
18 50 23 37 1 28 0 0.04 M M 9.2 31 300 M M 7 1 44 290
19 35 19 27 -9 38 0 T M M 10.7 26 300 M M 3 37 310
20 53 16 35 -1 30 0 0.00 M M 7.4 17 200 M M 0 23 190
21 67 39 53 17 12 0 0.00 M M 8.3 16 180 M M 1 23 210
22 66 50 58 21 7 0 M M M 10.9 28 200 M M 8 1 39 200
23 60 31 46 9 19 0 0.01 M M 8.0 20 310 M M 10 27 290
24 41 31 36 -1 29 0 0.37 M M 5.5 12 50 M M 10 1 16 110
25 43 29 36 -2 29 0 0.36 M M 10.9 23 270 M M 10 1 34 280
26 36 23 30 -8 35 0 0.00 M M 3.4 13 270 M M 7 1 15 270
27 50 21 36 -2 29 0 0.00 M M 6.7 22 290 M M 0 1 32 260
28 50 25 38 0 27 0 0.00 M M 2.2 9 190 M M 0 8 14 270
================================================================================
SM 1319 720 794 0 4.63 M 192.1 M 141
================================================================================
AV 47.1 25.7 6.9 FASTST M M 5 MAX(MPH)
MISC ----> 41 310 60 290
================================================================================
NOTES:
# LAST OF SEVERAL OCCURRENCES
COLUMN 17 PEAK WIND IN M.P.H.
PRELIMINARY LOCAL CLIMATOLOGICAL DATA (WS FORM: F-6) , PAGE 2
STATION: PARKERSBURG WV
MONTH: FEBRUARY
YEAR: 2022
LATITUDE: 39 20 N
LONGITUDE: 81 26 W
[TEMPERATURE DATA] [PRECIPITATION DATA] SYMBOLS USED IN COLUMN 16
AVERAGE MONTHLY: 36.4 TOTAL FOR MONTH: 4.63 1 = FOG OR MIST
DPTR FM NORMAL: 1.4 DPTR FM NORMAL: 1.52 2 = FOG REDUCING VISIBILITY
HIGHEST: 67 ON 21 GRTST 24HR 2.01 ON 3- 4 TO 1/4 MILE OR LESS
LOWEST: 6 ON 6 3 = THUNDER
SNOW, ICE PELLETS, HAIL 4 = ICE PELLETS
TOTAL MONTH: M 5 = HAIL
GRTST 24HR M ON M 6 = FREEZING RAIN OR DRIZZLE
GRTST DEPTH: M ON M 7 = DUSTSTORM OR SANDSTORM:
VSBY 1/2 MILE OR LESS
8 = SMOKE OR HAZE
[NO. OF DAYS WITH] [WEATHER - DAYS WITH] 9 = BLOWING SNOW
X = TORNADO
MAX 32 OR BELOW: 4 0.01 INCH OR MORE: 10
MAX 90 OR ABOVE: 0 0.10 INCH OR MORE: 6
MIN 32 OR BELOW: 24 0.50 INCH OR MORE: 2
MIN 0 OR BELOW: 0 1.00 INCH OR MORE: 2
[HDD (BASE 65) ]
TOTAL THIS MO. 794 CLEAR (SCALE 0-3) 12
DPTR FM NORMAL -45 PTCLDY (SCALE 4-7) 8
TOTAL FM JUL 1 3454 CLOUDY (SCALE 8-10) 8
DPTR FM NORMAL -290
[CDD (BASE 65) ]
TOTAL THIS MO. 0
DPTR FM NORMAL 0 [PRESSURE DATA]
TOTAL FM JAN 1 0 HIGHEST SLP 30.60 ON 15
DPTR FM NORMAL 0 LOWEST SLP 29.38 ON 17
[REMARKS]
#FINAL-02-22#